{"id":16103,"date":"2016-02-15T15:16:20","date_gmt":"2016-02-15T15:16:20","guid":{"rendered":"https:\/\/congresodietamediterranea.com\/informacion-general\/"},"modified":"2024-03-14T21:59:13","modified_gmt":"2024-03-14T21:59:13","slug":"informacio-general","status":"publish","type":"page","link":"https:\/\/congresodietamediterranea.com\/ca\/informacio-general\/","title":{"rendered":"INFORMACI\u00d3 GENERAL"},"content":{"rendered":"[vc_row type=&#8221;full_width_background&#8221; full_screen_row_position=&#8221;middle&#8221; scene_position=&#8221;center&#8221; text_color=&#8221;dark&#8221; text_align=&#8221;center&#8221; top_padding=&#8221;30&#8243; bottom_padding=&#8221;50&#8243; overlay_strength=&#8221;0.3&#8243; shape_divider_position=&#8221;bottom&#8221; bg_image_animation=&#8221;none&#8221; title_weight=&#8221;light&#8221; swatch=&#8221;swatch-red-white&#8221; width=&#8221;no-padded&#8221; background_image=&#8221;11476&#8243; background_position_vertical=&#8221;-59&#8243; overlay_colour=&#8221;#0c0c0c&#8221; overlay_opacity=&#8221;0.4&#8243; shape_type=&#8221;&#8221;][vc_column column_padding=&#8221;no-extra-padding&#8221; column_padding_position=&#8221;all&#8221; background_color_opacity=&#8221;1&#8243; background_hover_color_opacity=&#8221;1&#8243; column_link_target=&#8221;_self&#8221; column_shadow=&#8221;none&#8221; column_border_radius=&#8221;none&#8221; width=&#8221;1\/1&#8243; tablet_width_inherit=&#8221;default&#8221; tablet_text_alignment=&#8221;default&#8221; phone_text_alignment=&#8221;default&#8221; column_border_width=&#8221;none&#8221; column_border_style=&#8221;solid&#8221; bg_image_animation=&#8221;none&#8221; align=&#8221;center&#8221;][vc_column_text]\n<h2>EL XIV CONGR\u00c9S INTERNACIONAL SOBRE DIETA MEDITERR\u00c0NIA SE CELEBRAR\u00c0 EL 20 I 21 DE MAR\u00c7 DURANT EL 2024 A BARCELONA.<\/h2>\n[\/vc_column_text]<div class=\"divider-wrap\" data-alignment=\"default\"><div style=\"height: 40px;\" class=\"divider\"><\/div><\/div>[vc_column_text]\n<h3>LLOC:<\/h3>\n<p><strong>FIRA DE BARCELONA<\/strong><br \/>\n<strong>Recinte Firal Gran V\u00eda &#8211; M2<\/strong><br \/>\n<strong>ALIMENTARIA HUB<\/strong><br \/>\n<strong>Avinguda Juan Carlos I, 58<\/strong><br \/>\n<strong>08908 L&#8217;Hospitalet de Llobregat (Barcelona)<\/strong><br \/>\n<strong><a href=\"http:\/\/www.firabcn.es\">www.firabcn.es<\/a><\/strong>[\/vc_column_text][\/vc_column][\/vc_row][vc_row type=&#8221;full_width_background&#8221; full_screen_row_position=&#8221;middle&#8221; scene_position=&#8221;center&#8221; text_color=&#8221;dark&#8221; text_align=&#8221;center&#8221; bottom_padding=&#8221;100&#8243; overlay_strength=&#8221;0.3&#8243; shape_divider_position=&#8221;bottom&#8221; bg_image_animation=&#8221;none&#8221; top_decoration=&#8221;triangle&#8221; width=&#8221;no-padded&#8221; overlay_colour=&#8221;#2b7372&#8243; shape_type=&#8221;&#8221;][vc_column column_padding=&#8221;no-extra-padding&#8221; column_padding_position=&#8221;all&#8221; background_color_opacity=&#8221;1&#8243; background_hover_color_opacity=&#8221;1&#8243; column_link_target=&#8221;_self&#8221; column_shadow=&#8221;none&#8221; column_border_radius=&#8221;none&#8221; width=&#8221;1\/1&#8243; tablet_width_inherit=&#8221;default&#8221; tablet_text_alignment=&#8221;default&#8221; phone_text_alignment=&#8221;default&#8221; column_border_width=&#8221;none&#8221; column_border_style=&#8221;solid&#8221; bg_image_animation=&#8221;none&#8221; align=&#8221;center&#8221;][vc_column_text]\n<h3>COM ARRIBAR-HI<\/h3>\n<p><iframe loading=\"lazy\" style=\"border: 0;\" src=\"https:\/\/www.google.com\/maps\/embed?pb=!1m18!1m12!1m3!1d2994.8923425260373!2d2.125636515424781!3d41.35469367926725!2m3!1f0!2f0!3f0!3m2!1i1024!2i768!4f13.1!3m3!1m2!1s0x12a4a279649aa111%3A0xb0d0cc966887d153!2sFira%20Barcelona%20Gran%20Via!5e0!3m2!1ses!2ses!4v1645522874843!5m2!1ses!2ses\" width=\"400\" height=\"300\" allowfullscreen=\"allowfullscreen\"><\/iframe><br \/>\n[vc_column_text]\n<h3>IDIOMA<\/h3>\n<p>Els idiomes oficials del Congr\u00e9s seran l&#8217;espanyol i l&#8217;angl\u00e8s. Hi haur\u00e0 traducci\u00f3 simult\u00e0nia.<\/p>\n<h3><\/h3>\n<p>&nbsp;<\/p>\n<h3>CERTIFICAT D&#8217;ASSISTNCIA<\/h3>\n<p>Un cop finalitzat el Congr\u00e9s i omplerta l&#8217;enquesta de valoraci\u00f3 s&#8217;emetran els certificats.[\/vc_column_text][\/vc_column][\/vc_row]\n","protected":false},"excerpt":{"rendered":"<p>[vc_row type=&#8221;full_width_background&#8221; full_screen_row_position=&#8221;middle&#8221; scene_position=&#8221;center&#8221; text_color=&#8221;dark&#8221; text_align=&#8221;center&#8221; top_padding=&#8221;30&#8243; bottom_padding=&#8221;50&#8243; overlay_strength=&#8221;0.3&#8243; shape_divider_position=&#8221;bottom&#8221; bg_image_animation=&#8221;none&#8221; title_weight=&#8221;light&#8221; swatch=&#8221;swatch-red-white&#8221; width=&#8221;no-padded&#8221; background_image=&#8221;11476&#8243; background_position_vertical=&#8221;-59&#8243; overlay_colour=&#8221;#0c0c0c&#8221; overlay_opacity=&#8221;0.4&#8243; shape_type=&#8221;&#8221;][vc_column column_padding=&#8221;no-extra-padding&#8221; column_padding_position=&#8221;all&#8221; background_color_opacity=&#8221;1&#8243; background_hover_color_opacity=&#8221;1&#8243; column_link_target=&#8221;_self&#8221; column_shadow=&#8221;none&#8221; column_border_radius=&#8221;none&#8221; width=&#8221;1\/1&#8243; tablet_width_inherit=&#8221;default&#8221; tablet_text_alignment=&#8221;default&#8221; phone_text_alignment=&#8221;default&#8221;&#8230;<\/p>\n","protected":false},"author":2,"featured_media":0,"parent":0,"menu_order":0,"comment_status":"closed","ping_status":"closed","template":"","meta":[],"_links":{"self":[{"href":"https:\/\/congresodietamediterranea.com\/ca\/wp-json\/wp\/v2\/pages\/16103\/"}],"collection":[{"href":"https:\/\/congresodietamediterranea.com\/ca\/wp-json\/wp\/v2\/pages\/"}],"about":[{"href":"https:\/\/congresodietamediterranea.com\/ca\/wp-json\/wp\/v2\/types\/page\/"}],"author":[{"embeddable":true,"href":"https:\/\/congresodietamediterranea.com\/ca\/wp-json\/wp\/v2\/users\/2\/"}],"replies":[{"embeddable":true,"href":"https:\/\/congresodietamediterranea.com\/ca\/wp-json\/wp\/v2\/comments\/?post=16103"}],"version-history":[{"count":2,"href":"https:\/\/congresodietamediterranea.com\/ca\/wp-json\/wp\/v2\/pages\/16103\/revisions\/"}],"predecessor-version":[{"id":16346,"href":"https:\/\/congresodietamediterranea.com\/ca\/wp-json\/wp\/v2\/pages\/16103\/revisions\/16346\/"}],"wp:attachment":[{"href":"https:\/\/congresodietamediterranea.com\/ca\/wp-json\/wp\/v2\/media\/?parent=16103"}],"curies":[{"name":"wp","href":"https:\/\/api.w.org\/{rel}","templated":true}]}}

INFORMACIÓ GENERAL

[vc_row type=&#8221;full_width_background&#8221; full_screen_row_position=&#8221;middle&#8221; scene_position=&#8221;center&#8221; text_color=&#8221;dark&#8221; text_align=&#8221;center&#8221; top_padding=&#8221;30&#8243; bottom_padding=&#8221;50&#8243; overlay_strength=&#8221;0.3&#8243; shape_divider_position=&#8221;bottom&#8221; bg_image_animation=&#8221;none&#8221; title_weight=&#8221;light&#8221; swatch=&#8221;swatch-red-white&#8221; width=&#8221;no-padded&#8221; background_image=&#8221;11476&#8243; background_position_vertical=&#8221;-59&#8243; overlay_colour=&#8221;#0c0c0c&#8221; overlay_opacity=&#8221;0.4&#8243; shape_type=&#8221;&#8221;][vc_column column_padding=&#8221;no-extra-padding&#8221; column_padding_position=&#8221;all&#8221; background_color_opacity=&#8221;1&#8243; background_hover_color_opacity=&#8221;1&#8243; column_link_target=&#8221;_self&#8221; column_shadow=&#8221;none&#8221; column_border_radius=&#8221;none&#8221; width=&#8221;1/1&#8243; tablet_width_inherit=&#8221;default&#8221; tablet_text_alignment=&#8221;default&#8221; phone_text_alignment=&#8221;default&#8221; column_border_width=&#8221;none&#8221; column_border_style=&#8221;solid&#8221; bg_image_animation=&#8221;none&#8221; align=&#8221;center&#8221;][vc_column_text]
<h2>EL XIV CONGRÉS INTERNACIONAL SOBRE DIETA MEDITERRÀNIA SE CELEBRARÀ EL 20 I 21 DE MARÇ DURANT EL 2024 A BARCELONA.</h2>
[/vc_column_text]<div class="divider-wrap" data-alignment="default"><div style="height: 40px;" class="divider"></div></div>[vc_column_text]
<h3>LLOC:</h3>
<p><strong>FIRA DE BARCELONA</strong><br />
<strong>Recinte Firal Gran Vía &#8211; M2</strong><br />
<strong>ALIMENTARIA HUB</strong><br />
<strong>Avinguda Juan Carlos I, 58</strong><br />
<strong>08908 L&#8217;Hospitalet de Llobregat (Barcelona)</strong><br />
<strong><a href="http://www.firabcn.es">www.firabcn.es</a></strong>[/vc_column_text][/vc_column][/vc_row][vc_row type=&#8221;full_width_background&#8221; full_screen_row_position=&#8221;middle&#8221; scene_position=&#8221;center&#8221; text_color=&#8221;dark&#8221; text_align=&#8221;center&#8221; bottom_padding=&#8221;100&#8243; overlay_strength=&#8221;0.3&#8243; shape_divider_position=&#8221;bottom&#8221; bg_image_animation=&#8221;none&#8221; top_decoration=&#8221;triangle&#8221; width=&#8221;no-padded&#8221; overlay_colour=&#8221;#2b7372&#8243; shape_type=&#8221;&#8221;][vc_column column_padding=&#8221;no-extra-padding&#8221; column_padding_position=&#8221;all&#8221; background_color_opacity=&#8221;1&#8243; background_hover_color_opacity=&#8221;1&#8243; column_link_target=&#8221;_self&#8221; column_shadow=&#8221;none&#8221; column_border_radius=&#8221;none&#8221; width=&#8221;1/1&#8243; tablet_width_inherit=&#8221;default&#8221; tablet_text_alignment=&#8221;default&#8221; phone_text_alignment=&#8221;default&#8221; column_border_width=&#8221;none&#8221; column_border_style=&#8221;solid&#8221; bg_image_animation=&#8221;none&#8221; align=&#8221;center&#8221;][vc_column_text]
<h3>COM ARRIBAR-HI</h3>
<p><iframe loading="lazy" style="border: 0;" src="https://www.google.com/maps/embed?pb=!1m18!1m12!1m3!1d2994.8923425260373!2d2.125636515424781!3d41.35469367926725!2m3!1f0!2f0!3f0!3m2!1i1024!2i768!4f13.1!3m3!1m2!1s0x12a4a279649aa111%3A0xb0d0cc966887d153!2sFira%20Barcelona%20Gran%20Via!5e0!3m2!1ses!2ses!4v1645522874843!5m2!1ses!2ses" width="400" height="300" allowfullscreen="allowfullscreen"></iframe><br />
[vc_column_text]
<h3>IDIOMA</h3>
<p>Els idiomes oficials del Congrés seran l&#8217;espanyol i l&#8217;anglès. Hi haurà traducció simultània.</p>
<h3></h3>
<p>&nbsp;</p>
<h3>CERTIFICAT D&#8217;ASSISTNCIA</h3>
<p>Un cop finalitzat el Congrés i omplerta l&#8217;enquesta de valoració s&#8217;emetran els certificats.[/vc_column_text][/vc_column][/vc_row]
