{"id":16356,"date":"2024-02-23T10:32:53","date_gmt":"2024-02-23T10:32:53","guid":{"rendered":"https:\/\/congresodietamediterranea.com\/ponents\/antonia-trichopoulou\/"},"modified":"2024-03-14T22:44:30","modified_gmt":"2024-03-14T22:44:30","slug":"antonia-trichopoulou","status":"publish","type":"page","link":"https:\/\/congresodietamediterranea.com\/ca\/ponents\/antonia-trichopoulou\/","title":{"rendered":"ANTONIA TRICHOPOULOU"},"content":{"rendered":"[vc_row type=&#8221;in_container&#8221; full_screen_row_position=&#8221;middle&#8221; scene_position=&#8221;center&#8221; text_color=&#8221;dark&#8221; text_align=&#8221;left&#8221; overlay_strength=&#8221;0.3&#8243; shape_divider_position=&#8221;bottom&#8221; bg_image_animation=&#8221;none&#8221;][vc_column column_padding=&#8221;no-extra-padding&#8221; column_padding_position=&#8221;all&#8221; background_color_opacity=&#8221;1&#8243; background_hover_color_opacity=&#8221;1&#8243; column_link_target=&#8221;_self&#8221; column_shadow=&#8221;none&#8221; column_border_radius=&#8221;none&#8221; width=&#8221;1\/4&#8243; tablet_width_inherit=&#8221;default&#8221; tablet_text_alignment=&#8221;default&#8221; phone_text_alignment=&#8221;default&#8221; column_border_width=&#8221;none&#8221; column_border_style=&#8221;solid&#8221; bg_image_animation=&#8221;none&#8221;]<div class=\"img-with-aniamtion-wrap center\" data-max-width=\"100%\" data-border-radius=\"20px\"><div class=\"inner\"><img data-shadow=\"none\" data-shadow-direction=\"middle\" class=\"img-with-animation skip-lazy \" data-delay=\"0\" height=\"1000\" width=\"1000\"  data-animation=\"fade-in\" src=\"https:\/\/congresodietamediterranea.com\/wp-content\/uploads\/2024\/02\/Trichopoulou_Antonia.png\" srcset=\"https:\/\/congresodietamediterranea.com\/wp-content\/uploads\/2024\/02\/Trichopoulou_Antonia.png 1000w, https:\/\/congresodietamediterranea.com\/wp-content\/uploads\/2024\/02\/Trichopoulou_Antonia-300x300.png 300w, https:\/\/congresodietamediterranea.com\/wp-content\/uploads\/2024\/02\/Trichopoulou_Antonia-150x150.png 150w, https:\/\/congresodietamediterranea.com\/wp-content\/uploads\/2024\/02\/Trichopoulou_Antonia-768x768.png 768w, https:\/\/congresodietamediterranea.com\/wp-content\/uploads\/2024\/02\/Trichopoulou_Antonia-100x100.png 100w, https:\/\/congresodietamediterranea.com\/wp-content\/uploads\/2024\/02\/Trichopoulou_Antonia-140x140.png 140w, https:\/\/congresodietamediterranea.com\/wp-content\/uploads\/2024\/02\/Trichopoulou_Antonia-500x500.png 500w, https:\/\/congresodietamediterranea.com\/wp-content\/uploads\/2024\/02\/Trichopoulou_Antonia-350x350.png 350w, https:\/\/congresodietamediterranea.com\/wp-content\/uploads\/2024\/02\/Trichopoulou_Antonia-800x800.png 800w, https:\/\/congresodietamediterranea.com\/wp-content\/uploads\/2024\/02\/Trichopoulou_Antonia-375x375.png 375w, https:\/\/congresodietamediterranea.com\/wp-content\/uploads\/2024\/02\/Trichopoulou_Antonia-600x600.png 600w\" sizes=\"100vw\" alt=\"\" \/><\/div><\/div>[\/vc_column][vc_column column_padding=&#8221;no-extra-padding&#8221; column_padding_position=&#8221;all&#8221; background_color_opacity=&#8221;1&#8243; background_hover_color_opacity=&#8221;1&#8243; column_link_target=&#8221;_self&#8221; column_shadow=&#8221;none&#8221; column_border_radius=&#8221;none&#8221; width=&#8221;3\/4&#8243; tablet_width_inherit=&#8221;default&#8221; tablet_text_alignment=&#8221;default&#8221; phone_text_alignment=&#8221;default&#8221; column_border_width=&#8221;none&#8221; column_border_style=&#8221;solid&#8221; bg_image_animation=&#8221;none&#8221;][vc_column_text]Antonia Trichopoulou M.D., Membre de l&#8217;Acad\u00e8mia d&#8217;Atenes, directora del Centre de Recerca i Educaci\u00f3 en Salut P\u00fablica de l&#8217;Acad\u00e8mia d&#8217;Atenes, Professora adjunta en la Universitat de Yale i Professora em\u00e8rita de la Facultat de Medicina de la Universitat d&#8217;Atenes. Va ser directora del Centre Col\u00b7laborador de Nutrici\u00f3 de l&#8217;Organitzaci\u00f3 Mundial de la Salut (#OMS) durant m\u00e9s de vint anys en la Facultat de Medicina de la Universitat d&#8217;Atenes i a l&#8217;Escola de Salut P\u00fablica d&#8217;Atenes, Gr\u00e8cia.<\/p>\n<p>El seu treball cient\u00edfic se centra en la salut p\u00fablica i l&#8217;epidemiologia nutricional, posant \u00e8mfasi en els efectes sobre la salut de la Dieta Mediterr\u00e0nia i els aliments tradicionals.<\/p>\n<p>En 2011, va rebre el premi de la Federaci\u00f3 de Societats Europees de Nutrici\u00f3 (FENS) per la seva \u00abdestacada carrera com a nutricionista\u00bb. Nomenada en la llista de Thomson Reuters 2014 \u00abMents cient\u00edfiques m\u00e9s influents del m\u00f3n\u00bb i guardonada com a investigadora altament citada per Clarivate Analytics en 2018 i 2021, \u00e9s reconeguda a Gr\u00e8cia i a l&#8217;estranger, culminant amb la condecoraci\u00f3 de la Creu d&#8217;Or d&#8217;Honor pel seu treball en medicina preventiva i nutrici\u00f3 per part del president de la Rep\u00fablica Grega.[\/vc_column_text][\/vc_column][\/vc_row]\n","protected":false},"excerpt":{"rendered":"<p>[vc_row type=&#8221;in_container&#8221; full_screen_row_position=&#8221;middle&#8221; scene_position=&#8221;center&#8221; text_color=&#8221;dark&#8221; text_align=&#8221;left&#8221; overlay_strength=&#8221;0.3&#8243; shape_divider_position=&#8221;bottom&#8221; bg_image_animation=&#8221;none&#8221;][vc_column column_padding=&#8221;no-extra-padding&#8221; column_padding_position=&#8221;all&#8221; background_color_opacity=&#8221;1&#8243; background_hover_color_opacity=&#8221;1&#8243; column_link_target=&#8221;_self&#8221; column_shadow=&#8221;none&#8221; column_border_radius=&#8221;none&#8221; width=&#8221;1\/4&#8243; tablet_width_inherit=&#8221;default&#8221; tablet_text_alignment=&#8221;default&#8221; phone_text_alignment=&#8221;default&#8221; column_border_width=&#8221;none&#8221; column_border_style=&#8221;solid&#8221; bg_image_animation=&#8221;none&#8221;][\/vc_column][vc_column column_padding=&#8221;no-extra-padding&#8221; column_padding_position=&#8221;all&#8221; background_color_opacity=&#8221;1&#8243; background_hover_color_opacity=&#8221;1&#8243; column_link_target=&#8221;_self&#8221; column_shadow=&#8221;none&#8221; column_border_radius=&#8221;none&#8221;&#8230;<\/p>\n","protected":false},"author":9192195,"featured_media":0,"parent":16153,"menu_order":0,"comment_status":"closed","ping_status":"closed","template":"","meta":[],"_links":{"self":[{"href":"https:\/\/congresodietamediterranea.com\/ca\/wp-json\/wp\/v2\/pages\/16356\/"}],"collection":[{"href":"https:\/\/congresodietamediterranea.com\/ca\/wp-json\/wp\/v2\/pages\/"}],"about":[{"href":"https:\/\/congresodietamediterranea.com\/ca\/wp-json\/wp\/v2\/types\/page\/"}],"author":[{"embeddable":true,"href":"https:\/\/congresodietamediterranea.com\/ca\/wp-json\/wp\/v2\/users\/9192195\/"}],"replies":[{"embeddable":true,"href":"https:\/\/congresodietamediterranea.com\/ca\/wp-json\/wp\/v2\/comments\/?post=16356"}],"version-history":[{"count":2,"href":"https:\/\/congresodietamediterranea.com\/ca\/wp-json\/wp\/v2\/pages\/16356\/revisions\/"}],"predecessor-version":[{"id":16430,"href":"https:\/\/congresodietamediterranea.com\/ca\/wp-json\/wp\/v2\/pages\/16356\/revisions\/16430\/"}],"up":[{"embeddable":true,"href":"https:\/\/congresodietamediterranea.com\/ca\/wp-json\/wp\/v2\/pages\/16153\/"}],"wp:attachment":[{"href":"https:\/\/congresodietamediterranea.com\/ca\/wp-json\/wp\/v2\/media\/?parent=16356"}],"curies":[{"name":"wp","href":"https:\/\/api.w.org\/{rel}","templated":true}]}}

[vc_row type=&#8221;in_container&#8221; full_screen_row_position=&#8221;middle&#8221; scene_position=&#8221;center&#8221; text_color=&#8221;dark&#8221; text_align=&#8221;left&#8221; overlay_strength=&#8221;0.3&#8243; shape_divider_position=&#8221;bottom&#8221; bg_image_animation=&#8221;none&#8221;][vc_column column_padding=&#8221;no-extra-padding&#8221; column_padding_position=&#8221;all&#8221; background_color_opacity=&#8221;1&#8243; background_hover_color_opacity=&#8221;1&#8243; column_link_target=&#8221;_self&#8221; column_shadow=&#8221;none&#8221; column_border_radius=&#8221;none&#8221; width=&#8221;1/4&#8243; tablet_width_inherit=&#8221;default&#8221; tablet_text_alignment=&#8221;default&#8221; phone_text_alignment=&#8221;default&#8221; column_border_width=&#8221;none&#8221; column_border_style=&#8221;solid&#8221; bg_image_animation=&#8221;none&#8221;]<div class="img-with-aniamtion-wrap center" data-max-width="100%" data-border-radius="20px"><div class="inner"><img data-shadow="none" data-shadow-direction="middle" class="img-with-animation skip-lazy " data-delay="0" height="1000" width="1000"  data-animation="fade-in" src="https://congresodietamediterranea.com/wp-content/uploads/2024/02/Trichopoulou_Antonia.png" srcset="https://congresodietamediterranea.com/wp-content/uploads/2024/02/Trichopoulou_Antonia.png 1000w, https://congresodietamediterranea.com/wp-content/uploads/2024/02/Trichopoulou_Antonia-300x300.png 300w, https://congresodietamediterranea.com/wp-content/uploads/2024/02/Trichopoulou_Antonia-150x150.png 150w, https://congresodietamediterranea.com/wp-content/uploads/2024/02/Trichopoulou_Antonia-768x768.png 768w, https://congresodietamediterranea.com/wp-content/uploads/2024/02/Trichopoulou_Antonia-100x100.png 100w, https://congresodietamediterranea.com/wp-content/uploads/2024/02/Trichopoulou_Antonia-140x140.png 140w, https://congresodietamediterranea.com/wp-content/uploads/2024/02/Trichopoulou_Antonia-500x500.png 500w, https://congresodietamediterranea.com/wp-content/uploads/2024/02/Trichopoulou_Antonia-350x350.png 350w, https://congresodietamediterranea.com/wp-content/uploads/2024/02/Trichopoulou_Antonia-800x800.png 800w, https://congresodietamediterranea.com/wp-content/uploads/2024/02/Trichopoulou_Antonia-375x375.png 375w, https://congresodietamediterranea.com/wp-content/uploads/2024/02/Trichopoulou_Antonia-600x600.png 600w" sizes="100vw" alt="" /></div></div>[/vc_column][vc_column column_padding=&#8221;no-extra-padding&#8221; column_padding_position=&#8221;all&#8221; background_color_opacity=&#8221;1&#8243; background_hover_color_opacity=&#8221;1&#8243; column_link_target=&#8221;_self&#8221; column_shadow=&#8221;none&#8221; column_border_radius=&#8221;none&#8221; width=&#8221;3/4&#8243; tablet_width_inherit=&#8221;default&#8221; tablet_text_alignment=&#8221;default&#8221; phone_text_alignment=&#8221;default&#8221; column_border_width=&#8221;none&#8221; column_border_style=&#8221;solid&#8221; bg_image_animation=&#8221;none&#8221;][vc_column_text]Antonia Trichopoulou M.D., Membre de l&#8217;Acadèmia d&#8217;Atenes, directora del Centre de Recerca i Educació en Salut Pública de l&#8217;Acadèmia d&#8217;Atenes, Professora adjunta en la Universitat de Yale i Professora emèrita de la Facultat de Medicina de la Universitat d&#8217;Atenes. Va ser directora del Centre Col·laborador de Nutrició de l&#8217;Organització Mundial de la Salut (#OMS) durant més de vint anys en la Facultat de Medicina de la Universitat d&#8217;Atenes i a l&#8217;Escola de Salut Pública d&#8217;Atenes, Grècia.</p>
<p>El seu treball científic se centra en la salut pública i l&#8217;epidemiologia nutricional, posant èmfasi en els efectes sobre la salut de la Dieta Mediterrània i els aliments tradicionals.</p>
<p>En 2011, va rebre el premi de la Federació de Societats Europees de Nutrició (FENS) per la seva «destacada carrera com a nutricionista». Nomenada en la llista de Thomson Reuters 2014 «Ments científiques més influents del món» i guardonada com a investigadora altament citada per Clarivate Analytics en 2018 i 2021, és reconeguda a Grècia i a l&#8217;estranger, culminant amb la condecoració de la Creu d&#8217;Or d&#8217;Honor pel seu treball en medicina preventiva i nutrició per part del president de la República Grega.[/vc_column_text][/vc_column][/vc_row]
