{"id":16358,"date":"2024-02-23T12:32:25","date_gmt":"2024-02-23T12:32:25","guid":{"rendered":"https:\/\/congresodietamediterranea.com\/ponents\/carlos-alberto-gonzalez\/"},"modified":"2024-03-14T23:07:50","modified_gmt":"2024-03-14T23:07:50","slug":"carlos-alberto-gonzalez","status":"publish","type":"page","link":"https:\/\/congresodietamediterranea.com\/ca\/ponents\/carlos-alberto-gonzalez\/","title":{"rendered":"Carlos Alberto Gonz\u00e1lez"},"content":{"rendered":"[vc_row type=&#8221;in_container&#8221; full_screen_row_position=&#8221;middle&#8221; scene_position=&#8221;center&#8221; text_color=&#8221;dark&#8221; text_align=&#8221;left&#8221; overlay_strength=&#8221;0.3&#8243; shape_divider_position=&#8221;bottom&#8221; bg_image_animation=&#8221;none&#8221;][vc_column column_padding=&#8221;no-extra-padding&#8221; column_padding_position=&#8221;all&#8221; background_color_opacity=&#8221;1&#8243; background_hover_color_opacity=&#8221;1&#8243; column_link_target=&#8221;_self&#8221; column_shadow=&#8221;none&#8221; column_border_radius=&#8221;none&#8221; width=&#8221;1\/4&#8243; tablet_width_inherit=&#8221;default&#8221; tablet_text_alignment=&#8221;default&#8221; phone_text_alignment=&#8221;default&#8221; column_border_width=&#8221;none&#8221; column_border_style=&#8221;solid&#8221; bg_image_animation=&#8221;none&#8221;]<div class=\"img-with-aniamtion-wrap center\" data-max-width=\"100%\" data-border-radius=\"20px\"><div class=\"inner\"><img data-shadow=\"none\" data-shadow-direction=\"middle\" class=\"img-with-animation skip-lazy \" data-delay=\"0\" height=\"1000\" width=\"1000\"  data-animation=\"fade-in\" src=\"https:\/\/congresodietamediterranea.com\/wp-content\/uploads\/2024\/02\/Gonzalez_Carlos-A.png\" srcset=\"https:\/\/congresodietamediterranea.com\/wp-content\/uploads\/2024\/02\/Gonzalez_Carlos-A.png 1000w, https:\/\/congresodietamediterranea.com\/wp-content\/uploads\/2024\/02\/Gonzalez_Carlos-A-300x300.png 300w, https:\/\/congresodietamediterranea.com\/wp-content\/uploads\/2024\/02\/Gonzalez_Carlos-A-150x150.png 150w, https:\/\/congresodietamediterranea.com\/wp-content\/uploads\/2024\/02\/Gonzalez_Carlos-A-768x768.png 768w, https:\/\/congresodietamediterranea.com\/wp-content\/uploads\/2024\/02\/Gonzalez_Carlos-A-100x100.png 100w, https:\/\/congresodietamediterranea.com\/wp-content\/uploads\/2024\/02\/Gonzalez_Carlos-A-140x140.png 140w, https:\/\/congresodietamediterranea.com\/wp-content\/uploads\/2024\/02\/Gonzalez_Carlos-A-500x500.png 500w, https:\/\/congresodietamediterranea.com\/wp-content\/uploads\/2024\/02\/Gonzalez_Carlos-A-350x350.png 350w, https:\/\/congresodietamediterranea.com\/wp-content\/uploads\/2024\/02\/Gonzalez_Carlos-A-800x800.png 800w, https:\/\/congresodietamediterranea.com\/wp-content\/uploads\/2024\/02\/Gonzalez_Carlos-A-375x375.png 375w, https:\/\/congresodietamediterranea.com\/wp-content\/uploads\/2024\/02\/Gonzalez_Carlos-A-600x600.png 600w\" sizes=\"100vw\" alt=\"\" \/><\/div><\/div>[\/vc_column][vc_column column_padding=&#8221;no-extra-padding&#8221; column_padding_position=&#8221;all&#8221; background_color_opacity=&#8221;1&#8243; background_hover_color_opacity=&#8221;1&#8243; column_link_target=&#8221;_self&#8221; column_shadow=&#8221;none&#8221; column_border_radius=&#8221;none&#8221; width=&#8221;3\/4&#8243; tablet_width_inherit=&#8221;default&#8221; tablet_text_alignment=&#8221;default&#8221; phone_text_alignment=&#8221;default&#8221; column_border_width=&#8221;none&#8221; column_border_style=&#8221;solid&#8221; bg_image_animation=&#8221;none&#8221;][vc_column_text]Metge epidemi\u00f2leg. M\u00e0ster en Salut P\u00fablica i Doctor en Medicina.<\/p>\n<p>Investigador Em\u00e8rit i excap de la Unitat de Nutrici\u00f3, Ambient i C\u00e0ncer. Institut Catal\u00e0 d\u00b4Oncologia (ICO). Va ser Coordinador de l&#8217;Estudi Prospectiu Europeu sobre Nutrici\u00f3 i C\u00e0ncer (EPIC) a Espanya, promogut per l&#8217;Ag\u00e8ncia de Recerca del C\u00e0ncer (IARC-OMS) amb participaci\u00f3 de 10 pa\u00efsos europeus, en una cohort de 500 mil individus. Coautor de m\u00e9s de 350 publicacions cient\u00edfiques a revistes internacionals en temes de nutrici\u00f3, c\u00e0ncer i malalties cr\u00f2niques, i de diversos llibres. Entre ells, \u201cNutrici\u00f3 i C\u00e0ncer: all\u00f2 que la ci\u00e8ncia ens ensenya\u201d (Editorial M\u00e8dica Panamericana, 2016) i el recent sobre \u201cEmerg\u00e8ncia clim\u00e0tica, alimentaci\u00f3 i vida saludable\u201d. (Editorial Ic\u00e0ria 2020). Ha estat president de la Societat Catalana de Salut P\u00fablica de l\u00b4Acad\u00e8mia de Ci\u00e8ncies M\u00e8diques de Catalunya i Balears. Va rebre diversos premis a la seva traject\u00f2ria professional, entre ells el de la Fundaci\u00f3 Cient\u00edfica Danone i de l&#8217;Institut d&#8217;Estudis Catalans (IEC-CCNIEC). Ex Professor de Prevenci\u00f3 del C\u00e0ncer, M\u00e0ster Salut P\u00fablica, UPF\/UAB (Barcelona) i Professor del M\u00e0ster de Nutrici\u00f3 i Salut de la UOC[\/vc_column_text][\/vc_column][\/vc_row][vc_row type=&#8221;in_container&#8221; full_screen_row_position=&#8221;middle&#8221; scene_position=&#8221;center&#8221; text_color=&#8221;dark&#8221; text_align=&#8221;left&#8221; overlay_strength=&#8221;0.3&#8243; shape_divider_position=&#8221;bottom&#8221; bg_image_animation=&#8221;none&#8221;][vc_column column_padding=&#8221;no-extra-padding&#8221; column_padding_position=&#8221;all&#8221; background_color_opacity=&#8221;1&#8243; background_hover_color_opacity=&#8221;1&#8243; column_link_target=&#8221;_self&#8221; column_shadow=&#8221;none&#8221; column_border_radius=&#8221;none&#8221; width=&#8221;1\/1&#8243; tablet_width_inherit=&#8221;default&#8221; tablet_text_alignment=&#8221;default&#8221; phone_text_alignment=&#8221;default&#8221; column_border_width=&#8221;none&#8221; column_border_style=&#8221;solid&#8221; bg_image_animation=&#8221;none&#8221;][\/vc_column][\/vc_row]\n","protected":false},"excerpt":{"rendered":"<p>[vc_row type=&#8221;in_container&#8221; full_screen_row_position=&#8221;middle&#8221; scene_position=&#8221;center&#8221; text_color=&#8221;dark&#8221; text_align=&#8221;left&#8221; overlay_strength=&#8221;0.3&#8243; shape_divider_position=&#8221;bottom&#8221; bg_image_animation=&#8221;none&#8221;][vc_column column_padding=&#8221;no-extra-padding&#8221; column_padding_position=&#8221;all&#8221; background_color_opacity=&#8221;1&#8243; background_hover_color_opacity=&#8221;1&#8243; column_link_target=&#8221;_self&#8221; column_shadow=&#8221;none&#8221; column_border_radius=&#8221;none&#8221; width=&#8221;1\/4&#8243; tablet_width_inherit=&#8221;default&#8221; tablet_text_alignment=&#8221;default&#8221; phone_text_alignment=&#8221;default&#8221; column_border_width=&#8221;none&#8221; column_border_style=&#8221;solid&#8221; bg_image_animation=&#8221;none&#8221;][\/vc_column][vc_column column_padding=&#8221;no-extra-padding&#8221; column_padding_position=&#8221;all&#8221; background_color_opacity=&#8221;1&#8243; background_hover_color_opacity=&#8221;1&#8243; column_link_target=&#8221;_self&#8221; column_shadow=&#8221;none&#8221; column_border_radius=&#8221;none&#8221;&#8230;<\/p>\n","protected":false},"author":9192195,"featured_media":0,"parent":16153,"menu_order":0,"comment_status":"closed","ping_status":"closed","template":"","meta":[],"_links":{"self":[{"href":"https:\/\/congresodietamediterranea.com\/ca\/wp-json\/wp\/v2\/pages\/16358\/"}],"collection":[{"href":"https:\/\/congresodietamediterranea.com\/ca\/wp-json\/wp\/v2\/pages\/"}],"about":[{"href":"https:\/\/congresodietamediterranea.com\/ca\/wp-json\/wp\/v2\/types\/page\/"}],"author":[{"embeddable":true,"href":"https:\/\/congresodietamediterranea.com\/ca\/wp-json\/wp\/v2\/users\/9192195\/"}],"replies":[{"embeddable":true,"href":"https:\/\/congresodietamediterranea.com\/ca\/wp-json\/wp\/v2\/comments\/?post=16358"}],"version-history":[{"count":1,"href":"https:\/\/congresodietamediterranea.com\/ca\/wp-json\/wp\/v2\/pages\/16358\/revisions\/"}],"predecessor-version":[{"id":16450,"href":"https:\/\/congresodietamediterranea.com\/ca\/wp-json\/wp\/v2\/pages\/16358\/revisions\/16450\/"}],"up":[{"embeddable":true,"href":"https:\/\/congresodietamediterranea.com\/ca\/wp-json\/wp\/v2\/pages\/16153\/"}],"wp:attachment":[{"href":"https:\/\/congresodietamediterranea.com\/ca\/wp-json\/wp\/v2\/media\/?parent=16358"}],"curies":[{"name":"wp","href":"https:\/\/api.w.org\/{rel}","templated":true}]}}

Carlos Alberto González

[vc_row type=&#8221;in_container&#8221; full_screen_row_position=&#8221;middle&#8221; scene_position=&#8221;center&#8221; text_color=&#8221;dark&#8221; text_align=&#8221;left&#8221; overlay_strength=&#8221;0.3&#8243; shape_divider_position=&#8221;bottom&#8221; bg_image_animation=&#8221;none&#8221;][vc_column column_padding=&#8221;no-extra-padding&#8221; column_padding_position=&#8221;all&#8221; background_color_opacity=&#8221;1&#8243; background_hover_color_opacity=&#8221;1&#8243; column_link_target=&#8221;_self&#8221; column_shadow=&#8221;none&#8221; column_border_radius=&#8221;none&#8221; width=&#8221;1/4&#8243; tablet_width_inherit=&#8221;default&#8221; tablet_text_alignment=&#8221;default&#8221; phone_text_alignment=&#8221;default&#8221; column_border_width=&#8221;none&#8221; column_border_style=&#8221;solid&#8221; bg_image_animation=&#8221;none&#8221;]<div class="img-with-aniamtion-wrap center" data-max-width="100%" data-border-radius="20px"><div class="inner"><img data-shadow="none" data-shadow-direction="middle" class="img-with-animation skip-lazy " data-delay="0" height="1000" width="1000"  data-animation="fade-in" src="https://congresodietamediterranea.com/wp-content/uploads/2024/02/Gonzalez_Carlos-A.png" srcset="https://congresodietamediterranea.com/wp-content/uploads/2024/02/Gonzalez_Carlos-A.png 1000w, https://congresodietamediterranea.com/wp-content/uploads/2024/02/Gonzalez_Carlos-A-300x300.png 300w, https://congresodietamediterranea.com/wp-content/uploads/2024/02/Gonzalez_Carlos-A-150x150.png 150w, https://congresodietamediterranea.com/wp-content/uploads/2024/02/Gonzalez_Carlos-A-768x768.png 768w, https://congresodietamediterranea.com/wp-content/uploads/2024/02/Gonzalez_Carlos-A-100x100.png 100w, https://congresodietamediterranea.com/wp-content/uploads/2024/02/Gonzalez_Carlos-A-140x140.png 140w, https://congresodietamediterranea.com/wp-content/uploads/2024/02/Gonzalez_Carlos-A-500x500.png 500w, https://congresodietamediterranea.com/wp-content/uploads/2024/02/Gonzalez_Carlos-A-350x350.png 350w, https://congresodietamediterranea.com/wp-content/uploads/2024/02/Gonzalez_Carlos-A-800x800.png 800w, https://congresodietamediterranea.com/wp-content/uploads/2024/02/Gonzalez_Carlos-A-375x375.png 375w, https://congresodietamediterranea.com/wp-content/uploads/2024/02/Gonzalez_Carlos-A-600x600.png 600w" sizes="100vw" alt="" /></div></div>[/vc_column][vc_column column_padding=&#8221;no-extra-padding&#8221; column_padding_position=&#8221;all&#8221; background_color_opacity=&#8221;1&#8243; background_hover_color_opacity=&#8221;1&#8243; column_link_target=&#8221;_self&#8221; column_shadow=&#8221;none&#8221; column_border_radius=&#8221;none&#8221; width=&#8221;3/4&#8243; tablet_width_inherit=&#8221;default&#8221; tablet_text_alignment=&#8221;default&#8221; phone_text_alignment=&#8221;default&#8221; column_border_width=&#8221;none&#8221; column_border_style=&#8221;solid&#8221; bg_image_animation=&#8221;none&#8221;][vc_column_text]Metge epidemiòleg. Màster en Salut Pública i Doctor en Medicina.</p>
<p>Investigador Emèrit i excap de la Unitat de Nutrició, Ambient i Càncer. Institut Català d´Oncologia (ICO). Va ser Coordinador de l&#8217;Estudi Prospectiu Europeu sobre Nutrició i Càncer (EPIC) a Espanya, promogut per l&#8217;Agència de Recerca del Càncer (IARC-OMS) amb participació de 10 països europeus, en una cohort de 500 mil individus. Coautor de més de 350 publicacions científiques a revistes internacionals en temes de nutrició, càncer i malalties cròniques, i de diversos llibres. Entre ells, “Nutrició i Càncer: allò que la ciència ens ensenya” (Editorial Mèdica Panamericana, 2016) i el recent sobre “Emergència climàtica, alimentació i vida saludable”. (Editorial Icària 2020). Ha estat president de la Societat Catalana de Salut Pública de l´Acadèmia de Ciències Mèdiques de Catalunya i Balears. Va rebre diversos premis a la seva trajectòria professional, entre ells el de la Fundació Científica Danone i de l&#8217;Institut d&#8217;Estudis Catalans (IEC-CCNIEC). Ex Professor de Prevenció del Càncer, Màster Salut Pública, UPF/UAB (Barcelona) i Professor del Màster de Nutrició i Salut de la UOC[/vc_column_text][/vc_column][/vc_row][vc_row type=&#8221;in_container&#8221; full_screen_row_position=&#8221;middle&#8221; scene_position=&#8221;center&#8221; text_color=&#8221;dark&#8221; text_align=&#8221;left&#8221; overlay_strength=&#8221;0.3&#8243; shape_divider_position=&#8221;bottom&#8221; bg_image_animation=&#8221;none&#8221;][vc_column column_padding=&#8221;no-extra-padding&#8221; column_padding_position=&#8221;all&#8221; background_color_opacity=&#8221;1&#8243; background_hover_color_opacity=&#8221;1&#8243; column_link_target=&#8221;_self&#8221; column_shadow=&#8221;none&#8221; column_border_radius=&#8221;none&#8221; width=&#8221;1/1&#8243; tablet_width_inherit=&#8221;default&#8221; tablet_text_alignment=&#8221;default&#8221; phone_text_alignment=&#8221;default&#8221; column_border_width=&#8221;none&#8221; column_border_style=&#8221;solid&#8221; bg_image_animation=&#8221;none&#8221;][/vc_column][/vc_row]
