{"id":16360,"date":"2024-02-27T12:19:50","date_gmt":"2024-02-27T12:19:50","guid":{"rendered":"https:\/\/congresodietamediterranea.com\/ponents\/carme-gasull\/"},"modified":"2024-03-14T23:24:02","modified_gmt":"2024-03-14T23:24:02","slug":"carme-gasull","status":"publish","type":"page","link":"https:\/\/congresodietamediterranea.com\/ca\/ponents\/carme-gasull\/","title":{"rendered":"Carme Gasull"},"content":{"rendered":"[vc_row type=&#8221;in_container&#8221; full_screen_row_position=&#8221;middle&#8221; scene_position=&#8221;center&#8221; text_color=&#8221;dark&#8221; text_align=&#8221;left&#8221; overlay_strength=&#8221;0.3&#8243; shape_divider_position=&#8221;bottom&#8221; bg_image_animation=&#8221;none&#8221;][vc_column column_padding=&#8221;no-extra-padding&#8221; column_padding_position=&#8221;all&#8221; background_color_opacity=&#8221;1&#8243; background_hover_color_opacity=&#8221;1&#8243; column_link_target=&#8221;_self&#8221; column_shadow=&#8221;none&#8221; column_border_radius=&#8221;none&#8221; width=&#8221;1\/4&#8243; tablet_width_inherit=&#8221;default&#8221; tablet_text_alignment=&#8221;default&#8221; phone_text_alignment=&#8221;default&#8221; column_border_width=&#8221;none&#8221; column_border_style=&#8221;solid&#8221; bg_image_animation=&#8221;none&#8221;]<div class=\"img-with-aniamtion-wrap center\" data-max-width=\"100%\" data-border-radius=\"20px\"><div class=\"inner\"><img data-shadow=\"none\" data-shadow-direction=\"middle\" class=\"img-with-animation skip-lazy \" data-delay=\"0\" height=\"1000\" width=\"1000\"  data-animation=\"fade-in\" src=\"https:\/\/congresodietamediterranea.com\/wp-content\/uploads\/2024\/02\/Gasull_Carme.png\" srcset=\"https:\/\/congresodietamediterranea.com\/wp-content\/uploads\/2024\/02\/Gasull_Carme.png 1000w, https:\/\/congresodietamediterranea.com\/wp-content\/uploads\/2024\/02\/Gasull_Carme-300x300.png 300w, https:\/\/congresodietamediterranea.com\/wp-content\/uploads\/2024\/02\/Gasull_Carme-150x150.png 150w, https:\/\/congresodietamediterranea.com\/wp-content\/uploads\/2024\/02\/Gasull_Carme-768x768.png 768w, https:\/\/congresodietamediterranea.com\/wp-content\/uploads\/2024\/02\/Gasull_Carme-100x100.png 100w, https:\/\/congresodietamediterranea.com\/wp-content\/uploads\/2024\/02\/Gasull_Carme-140x140.png 140w, https:\/\/congresodietamediterranea.com\/wp-content\/uploads\/2024\/02\/Gasull_Carme-500x500.png 500w, https:\/\/congresodietamediterranea.com\/wp-content\/uploads\/2024\/02\/Gasull_Carme-350x350.png 350w, https:\/\/congresodietamediterranea.com\/wp-content\/uploads\/2024\/02\/Gasull_Carme-800x800.png 800w, https:\/\/congresodietamediterranea.com\/wp-content\/uploads\/2024\/02\/Gasull_Carme-375x375.png 375w, https:\/\/congresodietamediterranea.com\/wp-content\/uploads\/2024\/02\/Gasull_Carme-600x600.png 600w\" sizes=\"100vw\" alt=\"\" \/><\/div><\/div>[\/vc_column][vc_column column_padding=&#8221;no-extra-padding&#8221; column_padding_position=&#8221;all&#8221; background_color_opacity=&#8221;1&#8243; background_hover_color_opacity=&#8221;1&#8243; column_link_target=&#8221;_self&#8221; column_shadow=&#8221;none&#8221; column_border_radius=&#8221;none&#8221; width=&#8221;3\/4&#8243; tablet_width_inherit=&#8221;default&#8221; tablet_text_alignment=&#8221;default&#8221; phone_text_alignment=&#8221;default&#8221; column_border_width=&#8221;none&#8221; column_border_style=&#8221;solid&#8221; bg_image_animation=&#8221;none&#8221;][vc_column_text]Llicenciada en Ci\u00e8ncies de la Informaci\u00f3 per la Universitat Aut\u00f2noma de Barcelona (UAB), col\u00b7labora en diversos mitjans de tem\u00e0tica gastroalimentaria, entre ells, la revista \u2018CUINA\u2019 i el programa \u2018Un restaurant can\u00edbal a Berl\u00edn\u2019 de Catalunya R\u00e0dio. Cofundadora del portal Gastronomistas.com, exerceix habitualment de moderadora i presentadora en xerrades, pon\u00e8ncies i demostracions culin\u00e0ries en fires, jornades i congressos del sector. \u00c9s autora dels llibres \u2018Catalunya en el paladar\u2019 (Austral Mitjana, 2004), \u2018Petita hist\u00f2ria de la Festa de la Ratafia\u2019 (Editorial Mediterr\u00e0nia, 2016), \u2018El Safr\u00e0. Com preparar-el 10 vegades\u2019 (Sd Edicions, 2018) i dels quaderns \u2018Temps de MercatsI\u2019 (IMMB, 2021, 2022 i 2023). Aix\u00ed mateix, \u00e9s coautora de \u2018Enganxat\u2019 (Llibres C\u00fapula, 2023), el relat sobre el dur cam\u00ed al qual s&#8217;ha enfrontat el xef Ra\u00fcl Balam Ruscalleda a causa de la seva addicci\u00f3 a les drogues, i ha participat en la redacci\u00f3 de \u2018Nikkei\u2019 (2019) i \u2018C\u00f2ctels, cocteleria i bartenders\u2019 (2019), volums de la col\u00b7lecci\u00f3 Sapiens de la Bullipedia.[\/vc_column_text][\/vc_column][\/vc_row]\n","protected":false},"excerpt":{"rendered":"<p>[vc_row type=&#8221;in_container&#8221; full_screen_row_position=&#8221;middle&#8221; scene_position=&#8221;center&#8221; text_color=&#8221;dark&#8221; text_align=&#8221;left&#8221; overlay_strength=&#8221;0.3&#8243; shape_divider_position=&#8221;bottom&#8221; bg_image_animation=&#8221;none&#8221;][vc_column column_padding=&#8221;no-extra-padding&#8221; column_padding_position=&#8221;all&#8221; background_color_opacity=&#8221;1&#8243; background_hover_color_opacity=&#8221;1&#8243; column_link_target=&#8221;_self&#8221; column_shadow=&#8221;none&#8221; column_border_radius=&#8221;none&#8221; width=&#8221;1\/4&#8243; tablet_width_inherit=&#8221;default&#8221; tablet_text_alignment=&#8221;default&#8221; phone_text_alignment=&#8221;default&#8221; column_border_width=&#8221;none&#8221; column_border_style=&#8221;solid&#8221; bg_image_animation=&#8221;none&#8221;][\/vc_column][vc_column column_padding=&#8221;no-extra-padding&#8221; column_padding_position=&#8221;all&#8221; background_color_opacity=&#8221;1&#8243; background_hover_color_opacity=&#8221;1&#8243; column_link_target=&#8221;_self&#8221; column_shadow=&#8221;none&#8221; column_border_radius=&#8221;none&#8221;&#8230;<\/p>\n","protected":false},"author":9192195,"featured_media":0,"parent":16153,"menu_order":0,"comment_status":"closed","ping_status":"closed","template":"","meta":[],"_links":{"self":[{"href":"https:\/\/congresodietamediterranea.com\/ca\/wp-json\/wp\/v2\/pages\/16360\/"}],"collection":[{"href":"https:\/\/congresodietamediterranea.com\/ca\/wp-json\/wp\/v2\/pages\/"}],"about":[{"href":"https:\/\/congresodietamediterranea.com\/ca\/wp-json\/wp\/v2\/types\/page\/"}],"author":[{"embeddable":true,"href":"https:\/\/congresodietamediterranea.com\/ca\/wp-json\/wp\/v2\/users\/9192195\/"}],"replies":[{"embeddable":true,"href":"https:\/\/congresodietamediterranea.com\/ca\/wp-json\/wp\/v2\/comments\/?post=16360"}],"version-history":[{"count":1,"href":"https:\/\/congresodietamediterranea.com\/ca\/wp-json\/wp\/v2\/pages\/16360\/revisions\/"}],"predecessor-version":[{"id":16468,"href":"https:\/\/congresodietamediterranea.com\/ca\/wp-json\/wp\/v2\/pages\/16360\/revisions\/16468\/"}],"up":[{"embeddable":true,"href":"https:\/\/congresodietamediterranea.com\/ca\/wp-json\/wp\/v2\/pages\/16153\/"}],"wp:attachment":[{"href":"https:\/\/congresodietamediterranea.com\/ca\/wp-json\/wp\/v2\/media\/?parent=16360"}],"curies":[{"name":"wp","href":"https:\/\/api.w.org\/{rel}","templated":true}]}}

[vc_row type=&#8221;in_container&#8221; full_screen_row_position=&#8221;middle&#8221; scene_position=&#8221;center&#8221; text_color=&#8221;dark&#8221; text_align=&#8221;left&#8221; overlay_strength=&#8221;0.3&#8243; shape_divider_position=&#8221;bottom&#8221; bg_image_animation=&#8221;none&#8221;][vc_column column_padding=&#8221;no-extra-padding&#8221; column_padding_position=&#8221;all&#8221; background_color_opacity=&#8221;1&#8243; background_hover_color_opacity=&#8221;1&#8243; column_link_target=&#8221;_self&#8221; column_shadow=&#8221;none&#8221; column_border_radius=&#8221;none&#8221; width=&#8221;1/4&#8243; tablet_width_inherit=&#8221;default&#8221; tablet_text_alignment=&#8221;default&#8221; phone_text_alignment=&#8221;default&#8221; column_border_width=&#8221;none&#8221; column_border_style=&#8221;solid&#8221; bg_image_animation=&#8221;none&#8221;]<div class="img-with-aniamtion-wrap center" data-max-width="100%" data-border-radius="20px"><div class="inner"><img data-shadow="none" data-shadow-direction="middle" class="img-with-animation skip-lazy " data-delay="0" height="1000" width="1000"  data-animation="fade-in" src="https://congresodietamediterranea.com/wp-content/uploads/2024/02/Gasull_Carme.png" srcset="https://congresodietamediterranea.com/wp-content/uploads/2024/02/Gasull_Carme.png 1000w, https://congresodietamediterranea.com/wp-content/uploads/2024/02/Gasull_Carme-300x300.png 300w, https://congresodietamediterranea.com/wp-content/uploads/2024/02/Gasull_Carme-150x150.png 150w, https://congresodietamediterranea.com/wp-content/uploads/2024/02/Gasull_Carme-768x768.png 768w, https://congresodietamediterranea.com/wp-content/uploads/2024/02/Gasull_Carme-100x100.png 100w, https://congresodietamediterranea.com/wp-content/uploads/2024/02/Gasull_Carme-140x140.png 140w, https://congresodietamediterranea.com/wp-content/uploads/2024/02/Gasull_Carme-500x500.png 500w, https://congresodietamediterranea.com/wp-content/uploads/2024/02/Gasull_Carme-350x350.png 350w, https://congresodietamediterranea.com/wp-content/uploads/2024/02/Gasull_Carme-800x800.png 800w, https://congresodietamediterranea.com/wp-content/uploads/2024/02/Gasull_Carme-375x375.png 375w, https://congresodietamediterranea.com/wp-content/uploads/2024/02/Gasull_Carme-600x600.png 600w" sizes="100vw" alt="" /></div></div>[/vc_column][vc_column column_padding=&#8221;no-extra-padding&#8221; column_padding_position=&#8221;all&#8221; background_color_opacity=&#8221;1&#8243; background_hover_color_opacity=&#8221;1&#8243; column_link_target=&#8221;_self&#8221; column_shadow=&#8221;none&#8221; column_border_radius=&#8221;none&#8221; width=&#8221;3/4&#8243; tablet_width_inherit=&#8221;default&#8221; tablet_text_alignment=&#8221;default&#8221; phone_text_alignment=&#8221;default&#8221; column_border_width=&#8221;none&#8221; column_border_style=&#8221;solid&#8221; bg_image_animation=&#8221;none&#8221;][vc_column_text]Llicenciada en Ciències de la Informació per la Universitat Autònoma de Barcelona (UAB), col·labora en diversos mitjans de temàtica gastroalimentaria, entre ells, la revista ‘CUINA’ i el programa ‘Un restaurant caníbal a Berlín’ de Catalunya Ràdio. Cofundadora del portal Gastronomistas.com, exerceix habitualment de moderadora i presentadora en xerrades, ponències i demostracions culinàries en fires, jornades i congressos del sector. És autora dels llibres ‘Catalunya en el paladar’ (Austral Mitjana, 2004), ‘Petita història de la Festa de la Ratafia’ (Editorial Mediterrània, 2016), ‘El Safrà. Com preparar-el 10 vegades’ (Sd Edicions, 2018) i dels quaderns ‘Temps de MercatsI’ (IMMB, 2021, 2022 i 2023). Així mateix, és coautora de ‘Enganxat’ (Llibres Cúpula, 2023), el relat sobre el dur camí al qual s&#8217;ha enfrontat el xef Raül Balam Ruscalleda a causa de la seva addicció a les drogues, i ha participat en la redacció de ‘Nikkei’ (2019) i ‘Còctels, cocteleria i bartenders’ (2019), volums de la col·lecció Sapiens de la Bullipedia.[/vc_column_text][/vc_column][/vc_row]
