{"id":16362,"date":"2024-03-08T12:37:56","date_gmt":"2024-03-08T12:37:56","guid":{"rendered":"https:\/\/congresodietamediterranea.com\/ponents\/carmen-cabrera-lucio-villegas\/"},"modified":"2024-03-14T23:12:13","modified_gmt":"2024-03-14T23:12:13","slug":"carmen-cabrera-lucio-villegas","status":"publish","type":"page","link":"https:\/\/congresodietamediterranea.com\/ca\/ponents\/carmen-cabrera-lucio-villegas\/","title":{"rendered":"Carmen Cabrera Lucio-Villegas"},"content":{"rendered":"[vc_row type=&#8221;in_container&#8221; full_screen_row_position=&#8221;middle&#8221; scene_position=&#8221;center&#8221; text_color=&#8221;dark&#8221; text_align=&#8221;left&#8221; overlay_strength=&#8221;0.3&#8243; shape_divider_position=&#8221;bottom&#8221; bg_image_animation=&#8221;none&#8221;][vc_column column_padding=&#8221;no-extra-padding&#8221; column_padding_position=&#8221;all&#8221; background_color_opacity=&#8221;1&#8243; background_hover_color_opacity=&#8221;1&#8243; column_link_target=&#8221;_self&#8221; column_shadow=&#8221;none&#8221; column_border_radius=&#8221;none&#8221; width=&#8221;1\/4&#8243; tablet_width_inherit=&#8221;default&#8221; tablet_text_alignment=&#8221;default&#8221; phone_text_alignment=&#8221;default&#8221; column_border_width=&#8221;none&#8221; column_border_style=&#8221;solid&#8221; bg_image_animation=&#8221;none&#8221;]<div class=\"img-with-aniamtion-wrap center\" data-max-width=\"100%\" data-border-radius=\"20px\"><div class=\"inner\"><img data-shadow=\"none\" data-shadow-direction=\"middle\" class=\"img-with-animation skip-lazy \" data-delay=\"0\" height=\"1000\" width=\"1000\"  data-animation=\"fade-in\" src=\"https:\/\/congresodietamediterranea.com\/wp-content\/uploads\/2024\/03\/Cabrera_Carmen.png\" srcset=\"https:\/\/congresodietamediterranea.com\/wp-content\/uploads\/2024\/03\/Cabrera_Carmen.png 1000w, https:\/\/congresodietamediterranea.com\/wp-content\/uploads\/2024\/03\/Cabrera_Carmen-300x300.png 300w, https:\/\/congresodietamediterranea.com\/wp-content\/uploads\/2024\/03\/Cabrera_Carmen-150x150.png 150w, https:\/\/congresodietamediterranea.com\/wp-content\/uploads\/2024\/03\/Cabrera_Carmen-768x768.png 768w, https:\/\/congresodietamediterranea.com\/wp-content\/uploads\/2024\/03\/Cabrera_Carmen-100x100.png 100w, https:\/\/congresodietamediterranea.com\/wp-content\/uploads\/2024\/03\/Cabrera_Carmen-140x140.png 140w, https:\/\/congresodietamediterranea.com\/wp-content\/uploads\/2024\/03\/Cabrera_Carmen-500x500.png 500w, https:\/\/congresodietamediterranea.com\/wp-content\/uploads\/2024\/03\/Cabrera_Carmen-350x350.png 350w, https:\/\/congresodietamediterranea.com\/wp-content\/uploads\/2024\/03\/Cabrera_Carmen-800x800.png 800w, https:\/\/congresodietamediterranea.com\/wp-content\/uploads\/2024\/03\/Cabrera_Carmen-375x375.png 375w, https:\/\/congresodietamediterranea.com\/wp-content\/uploads\/2024\/03\/Cabrera_Carmen-600x600.png 600w\" sizes=\"100vw\" alt=\"\" \/><\/div><\/div>[\/vc_column][vc_column column_padding=&#8221;no-extra-padding&#8221; column_padding_position=&#8221;all&#8221; background_color_opacity=&#8221;1&#8243; background_hover_color_opacity=&#8221;1&#8243; column_link_target=&#8221;_self&#8221; column_shadow=&#8221;none&#8221; column_border_radius=&#8221;none&#8221; width=&#8221;3\/4&#8243; tablet_width_inherit=&#8221;default&#8221; tablet_text_alignment=&#8221;default&#8221; phone_text_alignment=&#8221;default&#8221; column_border_width=&#8221;none&#8221; column_border_style=&#8221;solid&#8221; bg_image_animation=&#8221;none&#8221;][vc_column_text]Subdirectora Adjunta de la S.G. de Gesti\u00f3 i Coordinaci\u00f3 dels B\u00e9ns Culturals des de l&#8217;octubre del 2022.<\/p>\n<p>&nbsp;<\/p>\n<p>Llicenciada en Dret, pertany al cos facultatiu de Conservadors de Museus des de l&#8217;any 2006. Ha ocupat c\u00e0rrecs al Ministeri de Cultura com a consellera t\u00e8cnica a l&#8217;antiga Subdirecci\u00f3 General de Promoci\u00f3 de les Belles Arts, a l&#8217;ICAA (Institut de la cinematografia i les arts audiovisuals) i al Museu Nacional Centre d&#8217;Art Reina Sofia. Des del desembre del 2020 fins a l&#8217;octubre del 2022, ha treballat com a cap de l&#8217;\u00e0rea de convencions UNESCO a la S.G. de Gesti\u00f3 i Coordinaci\u00f3 dels B\u00e9ns Culturals. Actualment, com a Subdirectora adjunta d&#8217;aquesta subdirecci\u00f3, duu a terme funcions de car\u00e0cter transversal i de coordinaci\u00f3 i suport a les diferents \u00e0rees de la subdirecci\u00f3 (R\u00e8gim jur\u00eddic, convencions UNESCO, altres patrimonis, servei econ\u00f2mic i r\u00e8gim intern).[\/vc_column_text][\/vc_column][\/vc_row]\n","protected":false},"excerpt":{"rendered":"<p>[vc_row type=&#8221;in_container&#8221; full_screen_row_position=&#8221;middle&#8221; scene_position=&#8221;center&#8221; text_color=&#8221;dark&#8221; text_align=&#8221;left&#8221; overlay_strength=&#8221;0.3&#8243; shape_divider_position=&#8221;bottom&#8221; bg_image_animation=&#8221;none&#8221;][vc_column column_padding=&#8221;no-extra-padding&#8221; column_padding_position=&#8221;all&#8221; background_color_opacity=&#8221;1&#8243; background_hover_color_opacity=&#8221;1&#8243; column_link_target=&#8221;_self&#8221; column_shadow=&#8221;none&#8221; column_border_radius=&#8221;none&#8221; width=&#8221;1\/4&#8243; tablet_width_inherit=&#8221;default&#8221; tablet_text_alignment=&#8221;default&#8221; phone_text_alignment=&#8221;default&#8221; column_border_width=&#8221;none&#8221; column_border_style=&#8221;solid&#8221; bg_image_animation=&#8221;none&#8221;][\/vc_column][vc_column column_padding=&#8221;no-extra-padding&#8221; column_padding_position=&#8221;all&#8221; background_color_opacity=&#8221;1&#8243; background_hover_color_opacity=&#8221;1&#8243; column_link_target=&#8221;_self&#8221; column_shadow=&#8221;none&#8221; column_border_radius=&#8221;none&#8221;&#8230;<\/p>\n","protected":false},"author":9192195,"featured_media":0,"parent":16153,"menu_order":0,"comment_status":"closed","ping_status":"closed","template":"","meta":[],"_links":{"self":[{"href":"https:\/\/congresodietamediterranea.com\/ca\/wp-json\/wp\/v2\/pages\/16362\/"}],"collection":[{"href":"https:\/\/congresodietamediterranea.com\/ca\/wp-json\/wp\/v2\/pages\/"}],"about":[{"href":"https:\/\/congresodietamediterranea.com\/ca\/wp-json\/wp\/v2\/types\/page\/"}],"author":[{"embeddable":true,"href":"https:\/\/congresodietamediterranea.com\/ca\/wp-json\/wp\/v2\/users\/9192195\/"}],"replies":[{"embeddable":true,"href":"https:\/\/congresodietamediterranea.com\/ca\/wp-json\/wp\/v2\/comments\/?post=16362"}],"version-history":[{"count":2,"href":"https:\/\/congresodietamediterranea.com\/ca\/wp-json\/wp\/v2\/pages\/16362\/revisions\/"}],"predecessor-version":[{"id":16454,"href":"https:\/\/congresodietamediterranea.com\/ca\/wp-json\/wp\/v2\/pages\/16362\/revisions\/16454\/"}],"up":[{"embeddable":true,"href":"https:\/\/congresodietamediterranea.com\/ca\/wp-json\/wp\/v2\/pages\/16153\/"}],"wp:attachment":[{"href":"https:\/\/congresodietamediterranea.com\/ca\/wp-json\/wp\/v2\/media\/?parent=16362"}],"curies":[{"name":"wp","href":"https:\/\/api.w.org\/{rel}","templated":true}]}}

[vc_row type=&#8221;in_container&#8221; full_screen_row_position=&#8221;middle&#8221; scene_position=&#8221;center&#8221; text_color=&#8221;dark&#8221; text_align=&#8221;left&#8221; overlay_strength=&#8221;0.3&#8243; shape_divider_position=&#8221;bottom&#8221; bg_image_animation=&#8221;none&#8221;][vc_column column_padding=&#8221;no-extra-padding&#8221; column_padding_position=&#8221;all&#8221; background_color_opacity=&#8221;1&#8243; background_hover_color_opacity=&#8221;1&#8243; column_link_target=&#8221;_self&#8221; column_shadow=&#8221;none&#8221; column_border_radius=&#8221;none&#8221; width=&#8221;1/4&#8243; tablet_width_inherit=&#8221;default&#8221; tablet_text_alignment=&#8221;default&#8221; phone_text_alignment=&#8221;default&#8221; column_border_width=&#8221;none&#8221; column_border_style=&#8221;solid&#8221; bg_image_animation=&#8221;none&#8221;]<div class="img-with-aniamtion-wrap center" data-max-width="100%" data-border-radius="20px"><div class="inner"><img data-shadow="none" data-shadow-direction="middle" class="img-with-animation skip-lazy " data-delay="0" height="1000" width="1000"  data-animation="fade-in" src="https://congresodietamediterranea.com/wp-content/uploads/2024/03/Cabrera_Carmen.png" srcset="https://congresodietamediterranea.com/wp-content/uploads/2024/03/Cabrera_Carmen.png 1000w, https://congresodietamediterranea.com/wp-content/uploads/2024/03/Cabrera_Carmen-300x300.png 300w, https://congresodietamediterranea.com/wp-content/uploads/2024/03/Cabrera_Carmen-150x150.png 150w, https://congresodietamediterranea.com/wp-content/uploads/2024/03/Cabrera_Carmen-768x768.png 768w, https://congresodietamediterranea.com/wp-content/uploads/2024/03/Cabrera_Carmen-100x100.png 100w, https://congresodietamediterranea.com/wp-content/uploads/2024/03/Cabrera_Carmen-140x140.png 140w, https://congresodietamediterranea.com/wp-content/uploads/2024/03/Cabrera_Carmen-500x500.png 500w, https://congresodietamediterranea.com/wp-content/uploads/2024/03/Cabrera_Carmen-350x350.png 350w, https://congresodietamediterranea.com/wp-content/uploads/2024/03/Cabrera_Carmen-800x800.png 800w, https://congresodietamediterranea.com/wp-content/uploads/2024/03/Cabrera_Carmen-375x375.png 375w, https://congresodietamediterranea.com/wp-content/uploads/2024/03/Cabrera_Carmen-600x600.png 600w" sizes="100vw" alt="" /></div></div>[/vc_column][vc_column column_padding=&#8221;no-extra-padding&#8221; column_padding_position=&#8221;all&#8221; background_color_opacity=&#8221;1&#8243; background_hover_color_opacity=&#8221;1&#8243; column_link_target=&#8221;_self&#8221; column_shadow=&#8221;none&#8221; column_border_radius=&#8221;none&#8221; width=&#8221;3/4&#8243; tablet_width_inherit=&#8221;default&#8221; tablet_text_alignment=&#8221;default&#8221; phone_text_alignment=&#8221;default&#8221; column_border_width=&#8221;none&#8221; column_border_style=&#8221;solid&#8221; bg_image_animation=&#8221;none&#8221;][vc_column_text]Subdirectora Adjunta de la S.G. de Gestió i Coordinació dels Béns Culturals des de l&#8217;octubre del 2022.</p>
<p>&nbsp;</p>
<p>Llicenciada en Dret, pertany al cos facultatiu de Conservadors de Museus des de l&#8217;any 2006. Ha ocupat càrrecs al Ministeri de Cultura com a consellera tècnica a l&#8217;antiga Subdirecció General de Promoció de les Belles Arts, a l&#8217;ICAA (Institut de la cinematografia i les arts audiovisuals) i al Museu Nacional Centre d&#8217;Art Reina Sofia. Des del desembre del 2020 fins a l&#8217;octubre del 2022, ha treballat com a cap de l&#8217;àrea de convencions UNESCO a la S.G. de Gestió i Coordinació dels Béns Culturals. Actualment, com a Subdirectora adjunta d&#8217;aquesta subdirecció, duu a terme funcions de caràcter transversal i de coordinació i suport a les diferents àrees de la subdirecció (Règim jurídic, convencions UNESCO, altres patrimonis, servei econòmic i règim intern).[/vc_column_text][/vc_column][/vc_row]
