{"id":16366,"date":"2024-03-13T08:54:25","date_gmt":"2024-03-13T08:54:25","guid":{"rendered":"https:\/\/congresodietamediterranea.com\/ponents\/cristina-saez\/"},"modified":"2024-03-15T00:55:58","modified_gmt":"2024-03-15T00:55:58","slug":"cristina-saez","status":"publish","type":"page","link":"https:\/\/congresodietamediterranea.com\/ca\/ponents\/cristina-saez\/","title":{"rendered":"Cristina S\u00e1ez"},"content":{"rendered":"[vc_row type=&#8221;in_container&#8221; full_screen_row_position=&#8221;middle&#8221; scene_position=&#8221;center&#8221; text_color=&#8221;dark&#8221; text_align=&#8221;left&#8221; overlay_strength=&#8221;0.3&#8243; shape_divider_position=&#8221;bottom&#8221; bg_image_animation=&#8221;none&#8221;][vc_column column_padding=&#8221;no-extra-padding&#8221; column_padding_position=&#8221;all&#8221; background_color_opacity=&#8221;1&#8243; background_hover_color_opacity=&#8221;1&#8243; column_link_target=&#8221;_self&#8221; column_shadow=&#8221;none&#8221; column_border_radius=&#8221;none&#8221; width=&#8221;1\/4&#8243; tablet_width_inherit=&#8221;default&#8221; tablet_text_alignment=&#8221;default&#8221; phone_text_alignment=&#8221;default&#8221; column_border_width=&#8221;none&#8221; column_border_style=&#8221;solid&#8221; bg_image_animation=&#8221;none&#8221;]<div class=\"img-with-aniamtion-wrap center\" data-max-width=\"100%\" data-border-radius=\"20px\"><div class=\"inner\"><img data-shadow=\"none\" data-shadow-direction=\"middle\" class=\"img-with-animation skip-lazy \" data-delay=\"0\" height=\"1000\" width=\"1000\"  data-animation=\"fade-in\" src=\"https:\/\/congresodietamediterranea.com\/wp-content\/uploads\/2024\/03\/Saez_Cristina.png\" srcset=\"https:\/\/congresodietamediterranea.com\/wp-content\/uploads\/2024\/03\/Saez_Cristina.png 1000w, https:\/\/congresodietamediterranea.com\/wp-content\/uploads\/2024\/03\/Saez_Cristina-300x300.png 300w, https:\/\/congresodietamediterranea.com\/wp-content\/uploads\/2024\/03\/Saez_Cristina-150x150.png 150w, https:\/\/congresodietamediterranea.com\/wp-content\/uploads\/2024\/03\/Saez_Cristina-768x768.png 768w, https:\/\/congresodietamediterranea.com\/wp-content\/uploads\/2024\/03\/Saez_Cristina-100x100.png 100w, https:\/\/congresodietamediterranea.com\/wp-content\/uploads\/2024\/03\/Saez_Cristina-140x140.png 140w, https:\/\/congresodietamediterranea.com\/wp-content\/uploads\/2024\/03\/Saez_Cristina-500x500.png 500w, https:\/\/congresodietamediterranea.com\/wp-content\/uploads\/2024\/03\/Saez_Cristina-350x350.png 350w, https:\/\/congresodietamediterranea.com\/wp-content\/uploads\/2024\/03\/Saez_Cristina-800x800.png 800w, https:\/\/congresodietamediterranea.com\/wp-content\/uploads\/2024\/03\/Saez_Cristina-375x375.png 375w, https:\/\/congresodietamediterranea.com\/wp-content\/uploads\/2024\/03\/Saez_Cristina-600x600.png 600w\" sizes=\"100vw\" alt=\"\" \/><\/div><\/div>[\/vc_column][vc_column column_padding=&#8221;no-extra-padding&#8221; column_padding_position=&#8221;all&#8221; background_color_opacity=&#8221;1&#8243; background_hover_color_opacity=&#8221;1&#8243; column_link_target=&#8221;_self&#8221; column_shadow=&#8221;none&#8221; column_border_radius=&#8221;none&#8221; width=&#8221;3\/4&#8243; tablet_width_inherit=&#8221;default&#8221; tablet_text_alignment=&#8221;default&#8221; phone_text_alignment=&#8221;default&#8221; column_border_width=&#8221;none&#8221; column_border_style=&#8221;solid&#8221; bg_image_animation=&#8221;none&#8221;][vc_column_text]Cristina S\u00e1ez Torres \u00e9s periodista especialitzada en ci\u00e8ncia i salut. Escriu de forma regular per a mitjans com La Vanguardia i l&#8217;ag\u00e8ncia p\u00fablica de not\u00edcies de ci\u00e8ncia Sinc. Col\u00b7labora en revistes com National Geographic, universitats i centres de recerca, i institucions com el Centre de Cultura Contempor\u00e0nia de Barcelona o el Museu de Ci\u00e8ncies Naturals de Barcelona, per a qui comissaria cursos, redacta articles o modera jornades. Actualment, treballa per a TV3. Va ser guionista del programa de televisi\u00f3 &#8216;Redes&#8217;, de TVE, dirigit per Eduard Punset. Al costat de la Fundaci\u00f3 Al\u00edcia, ha escrit el llibre &#8220;La ci\u00e8ncia de la microbiota. Com alimentar els teus bacteris intestinals i cuidar la teva salut cuinant&#8221; (C\u00fapula, 2022). El seu treball ha estat reconegut amb diversos guardons, com els Premis de periodisme de salut Concha Garc\u00eda Campoy, Boehringer Ingelheim i Accenture.[\/vc_column_text][\/vc_column][\/vc_row]\n","protected":false},"excerpt":{"rendered":"<p>[vc_row type=&#8221;in_container&#8221; full_screen_row_position=&#8221;middle&#8221; scene_position=&#8221;center&#8221; text_color=&#8221;dark&#8221; text_align=&#8221;left&#8221; overlay_strength=&#8221;0.3&#8243; shape_divider_position=&#8221;bottom&#8221; bg_image_animation=&#8221;none&#8221;][vc_column column_padding=&#8221;no-extra-padding&#8221; column_padding_position=&#8221;all&#8221; background_color_opacity=&#8221;1&#8243; background_hover_color_opacity=&#8221;1&#8243; column_link_target=&#8221;_self&#8221; column_shadow=&#8221;none&#8221; column_border_radius=&#8221;none&#8221; width=&#8221;1\/4&#8243; tablet_width_inherit=&#8221;default&#8221; tablet_text_alignment=&#8221;default&#8221; phone_text_alignment=&#8221;default&#8221; column_border_width=&#8221;none&#8221; column_border_style=&#8221;solid&#8221; bg_image_animation=&#8221;none&#8221;][\/vc_column][vc_column column_padding=&#8221;no-extra-padding&#8221; column_padding_position=&#8221;all&#8221; background_color_opacity=&#8221;1&#8243; background_hover_color_opacity=&#8221;1&#8243; column_link_target=&#8221;_self&#8221; column_shadow=&#8221;none&#8221; column_border_radius=&#8221;none&#8221;&#8230;<\/p>\n","protected":false},"author":9192195,"featured_media":0,"parent":16153,"menu_order":0,"comment_status":"closed","ping_status":"closed","template":"","meta":[],"_links":{"self":[{"href":"https:\/\/congresodietamediterranea.com\/ca\/wp-json\/wp\/v2\/pages\/16366\/"}],"collection":[{"href":"https:\/\/congresodietamediterranea.com\/ca\/wp-json\/wp\/v2\/pages\/"}],"about":[{"href":"https:\/\/congresodietamediterranea.com\/ca\/wp-json\/wp\/v2\/types\/page\/"}],"author":[{"embeddable":true,"href":"https:\/\/congresodietamediterranea.com\/ca\/wp-json\/wp\/v2\/users\/9192195\/"}],"replies":[{"embeddable":true,"href":"https:\/\/congresodietamediterranea.com\/ca\/wp-json\/wp\/v2\/comments\/?post=16366"}],"version-history":[{"count":2,"href":"https:\/\/congresodietamediterranea.com\/ca\/wp-json\/wp\/v2\/pages\/16366\/revisions\/"}],"predecessor-version":[{"id":16518,"href":"https:\/\/congresodietamediterranea.com\/ca\/wp-json\/wp\/v2\/pages\/16366\/revisions\/16518\/"}],"up":[{"embeddable":true,"href":"https:\/\/congresodietamediterranea.com\/ca\/wp-json\/wp\/v2\/pages\/16153\/"}],"wp:attachment":[{"href":"https:\/\/congresodietamediterranea.com\/ca\/wp-json\/wp\/v2\/media\/?parent=16366"}],"curies":[{"name":"wp","href":"https:\/\/api.w.org\/{rel}","templated":true}]}}

Cristina Sáez

[vc_row type=&#8221;in_container&#8221; full_screen_row_position=&#8221;middle&#8221; scene_position=&#8221;center&#8221; text_color=&#8221;dark&#8221; text_align=&#8221;left&#8221; overlay_strength=&#8221;0.3&#8243; shape_divider_position=&#8221;bottom&#8221; bg_image_animation=&#8221;none&#8221;][vc_column column_padding=&#8221;no-extra-padding&#8221; column_padding_position=&#8221;all&#8221; background_color_opacity=&#8221;1&#8243; background_hover_color_opacity=&#8221;1&#8243; column_link_target=&#8221;_self&#8221; column_shadow=&#8221;none&#8221; column_border_radius=&#8221;none&#8221; width=&#8221;1/4&#8243; tablet_width_inherit=&#8221;default&#8221; tablet_text_alignment=&#8221;default&#8221; phone_text_alignment=&#8221;default&#8221; column_border_width=&#8221;none&#8221; column_border_style=&#8221;solid&#8221; bg_image_animation=&#8221;none&#8221;]<div class="img-with-aniamtion-wrap center" data-max-width="100%" data-border-radius="20px"><div class="inner"><img data-shadow="none" data-shadow-direction="middle" class="img-with-animation skip-lazy " data-delay="0" height="1000" width="1000"  data-animation="fade-in" src="https://congresodietamediterranea.com/wp-content/uploads/2024/03/Saez_Cristina.png" srcset="https://congresodietamediterranea.com/wp-content/uploads/2024/03/Saez_Cristina.png 1000w, https://congresodietamediterranea.com/wp-content/uploads/2024/03/Saez_Cristina-300x300.png 300w, https://congresodietamediterranea.com/wp-content/uploads/2024/03/Saez_Cristina-150x150.png 150w, https://congresodietamediterranea.com/wp-content/uploads/2024/03/Saez_Cristina-768x768.png 768w, https://congresodietamediterranea.com/wp-content/uploads/2024/03/Saez_Cristina-100x100.png 100w, https://congresodietamediterranea.com/wp-content/uploads/2024/03/Saez_Cristina-140x140.png 140w, https://congresodietamediterranea.com/wp-content/uploads/2024/03/Saez_Cristina-500x500.png 500w, https://congresodietamediterranea.com/wp-content/uploads/2024/03/Saez_Cristina-350x350.png 350w, https://congresodietamediterranea.com/wp-content/uploads/2024/03/Saez_Cristina-800x800.png 800w, https://congresodietamediterranea.com/wp-content/uploads/2024/03/Saez_Cristina-375x375.png 375w, https://congresodietamediterranea.com/wp-content/uploads/2024/03/Saez_Cristina-600x600.png 600w" sizes="100vw" alt="" /></div></div>[/vc_column][vc_column column_padding=&#8221;no-extra-padding&#8221; column_padding_position=&#8221;all&#8221; background_color_opacity=&#8221;1&#8243; background_hover_color_opacity=&#8221;1&#8243; column_link_target=&#8221;_self&#8221; column_shadow=&#8221;none&#8221; column_border_radius=&#8221;none&#8221; width=&#8221;3/4&#8243; tablet_width_inherit=&#8221;default&#8221; tablet_text_alignment=&#8221;default&#8221; phone_text_alignment=&#8221;default&#8221; column_border_width=&#8221;none&#8221; column_border_style=&#8221;solid&#8221; bg_image_animation=&#8221;none&#8221;][vc_column_text]Cristina Sáez Torres és periodista especialitzada en ciència i salut. Escriu de forma regular per a mitjans com La Vanguardia i l&#8217;agència pública de notícies de ciència Sinc. Col·labora en revistes com National Geographic, universitats i centres de recerca, i institucions com el Centre de Cultura Contemporània de Barcelona o el Museu de Ciències Naturals de Barcelona, per a qui comissaria cursos, redacta articles o modera jornades. Actualment, treballa per a TV3. Va ser guionista del programa de televisió &#8216;Redes&#8217;, de TVE, dirigit per Eduard Punset. Al costat de la Fundació Alícia, ha escrit el llibre &#8220;La ciència de la microbiota. Com alimentar els teus bacteris intestinals i cuidar la teva salut cuinant&#8221; (Cúpula, 2022). El seu treball ha estat reconegut amb diversos guardons, com els Premis de periodisme de salut Concha García Campoy, Boehringer Ingelheim i Accenture.[/vc_column_text][/vc_column][/vc_row]
