{"id":16370,"date":"2024-02-23T10:25:29","date_gmt":"2024-02-23T10:25:29","guid":{"rendered":"https:\/\/congresodietamediterranea.com\/ponents\/fernando-rodriguez-artalejo\/"},"modified":"2024-03-14T22:33:45","modified_gmt":"2024-03-14T22:33:45","slug":"fernando-rodriguez-artalejo","status":"publish","type":"page","link":"https:\/\/congresodietamediterranea.com\/ca\/ponents\/fernando-rodriguez-artalejo\/","title":{"rendered":"Fernando Rodr\u00edguez Artalejo"},"content":{"rendered":"[vc_row type=&#8221;in_container&#8221; full_screen_row_position=&#8221;middle&#8221; scene_position=&#8221;center&#8221; text_color=&#8221;dark&#8221; text_align=&#8221;left&#8221; overlay_strength=&#8221;0.3&#8243; shape_divider_position=&#8221;bottom&#8221; bg_image_animation=&#8221;none&#8221;][vc_column column_padding=&#8221;no-extra-padding&#8221; column_padding_position=&#8221;all&#8221; background_color_opacity=&#8221;1&#8243; background_hover_color_opacity=&#8221;1&#8243; column_link_target=&#8221;_self&#8221; column_shadow=&#8221;none&#8221; column_border_radius=&#8221;none&#8221; width=&#8221;1\/4&#8243; tablet_width_inherit=&#8221;default&#8221; tablet_text_alignment=&#8221;default&#8221; phone_text_alignment=&#8221;default&#8221; column_border_width=&#8221;none&#8221; column_border_style=&#8221;solid&#8221; bg_image_animation=&#8221;none&#8221;]<div class=\"img-with-aniamtion-wrap center\" data-max-width=\"100%\" data-border-radius=\"20px\"><div class=\"inner\"><img data-shadow=\"none\" data-shadow-direction=\"middle\" class=\"img-with-animation skip-lazy \" data-delay=\"0\" height=\"1000\" width=\"1000\"  data-animation=\"fade-in\" src=\"https:\/\/congresodietamediterranea.com\/wp-content\/uploads\/2024\/02\/Rodriguez-Artalejo_Fernando.png\" srcset=\"https:\/\/congresodietamediterranea.com\/wp-content\/uploads\/2024\/02\/Rodriguez-Artalejo_Fernando.png 1000w, https:\/\/congresodietamediterranea.com\/wp-content\/uploads\/2024\/02\/Rodriguez-Artalejo_Fernando-300x300.png 300w, https:\/\/congresodietamediterranea.com\/wp-content\/uploads\/2024\/02\/Rodriguez-Artalejo_Fernando-150x150.png 150w, https:\/\/congresodietamediterranea.com\/wp-content\/uploads\/2024\/02\/Rodriguez-Artalejo_Fernando-768x768.png 768w, https:\/\/congresodietamediterranea.com\/wp-content\/uploads\/2024\/02\/Rodriguez-Artalejo_Fernando-100x100.png 100w, https:\/\/congresodietamediterranea.com\/wp-content\/uploads\/2024\/02\/Rodriguez-Artalejo_Fernando-140x140.png 140w, https:\/\/congresodietamediterranea.com\/wp-content\/uploads\/2024\/02\/Rodriguez-Artalejo_Fernando-500x500.png 500w, https:\/\/congresodietamediterranea.com\/wp-content\/uploads\/2024\/02\/Rodriguez-Artalejo_Fernando-350x350.png 350w, https:\/\/congresodietamediterranea.com\/wp-content\/uploads\/2024\/02\/Rodriguez-Artalejo_Fernando-800x800.png 800w, https:\/\/congresodietamediterranea.com\/wp-content\/uploads\/2024\/02\/Rodriguez-Artalejo_Fernando-375x375.png 375w, https:\/\/congresodietamediterranea.com\/wp-content\/uploads\/2024\/02\/Rodriguez-Artalejo_Fernando-600x600.png 600w\" sizes=\"100vw\" alt=\"\" \/><\/div><\/div>[\/vc_column][vc_column column_padding=&#8221;no-extra-padding&#8221; column_padding_position=&#8221;all&#8221; background_color_opacity=&#8221;1&#8243; background_hover_color_opacity=&#8221;1&#8243; column_link_target=&#8221;_self&#8221; column_shadow=&#8221;none&#8221; column_border_radius=&#8221;none&#8221; width=&#8221;3\/4&#8243; tablet_width_inherit=&#8221;default&#8221; tablet_text_alignment=&#8221;default&#8221; phone_text_alignment=&#8221;default&#8221; column_border_width=&#8221;none&#8221; column_border_style=&#8221;solid&#8221; bg_image_animation=&#8221;none&#8221;][vc_column_text]Fernando Rodr\u00edguez Artalejo \u00e9s Catedr\u00e0tic i Director del Departament de Medicina Preventiva i Salut P\u00fablica de la Universitat Aut\u00f2noma de Madrid, Director Cient\u00edfic del CIBER d&#8217;Epidemiologia i Salut p\u00fablica, i coordinador del Grup d&#8217;Epidemiologia Cardiovascular i Nutricional en el IMDEA d&#8217;Alimentaci\u00f3 a Madrid. Ha investigat la hist\u00f2ria natural de les malalties cardiovasculars (ECV), l&#8217;obesitat, la fragilitat i la discapacitat en persones majors, i ha contribu\u00eft a identificar alguns dels seus determinants diet\u00e8tics. La seva recerca ha servit de suport a les Estrat\u00e8gies Nacionals de Prevenci\u00f3 i Control de la ECV, l&#8217;Estrat\u00e8gia NAOS i l&#8217;Estrat\u00e8gia de Prevenci\u00f3 de la Fragilitat i les Caigudes en els adults majors. Tamb\u00e9 \u00e9s investigador principal de les cohorts S\u00e8niors-ENRICA-1 i 2. Ha estat membre del Comit\u00e8 Assessor Europeu de Recerca en Salut de la #OMS-EURO (2015-2019), del Comit\u00e8 Cient\u00edfic de AESAN (2004-2008), i del Comit\u00e8 Cient\u00edfic Internacional de Nutri-Score (2020-actualitat). Tamb\u00e9 ha presidit el comit\u00e8 cient\u00edfic de la Advantage Joint Action de la Uni\u00f3 Europea (2028-019), i ha Presidit l&#8217;Observatori de la Nutrici\u00f3 i Estudi de l&#8217;Obesitat del Ministeri de Consum (2019-2023). En 2010 va rebre el premi a la traject\u00f2ria cient\u00edfica en recerca nutricional \u201cDr. Carles Mart\u00ed Henneberg\u201d.[\/vc_column_text][\/vc_column][\/vc_row]\n","protected":false},"excerpt":{"rendered":"<p>[vc_row type=&#8221;in_container&#8221; full_screen_row_position=&#8221;middle&#8221; scene_position=&#8221;center&#8221; text_color=&#8221;dark&#8221; text_align=&#8221;left&#8221; overlay_strength=&#8221;0.3&#8243; shape_divider_position=&#8221;bottom&#8221; bg_image_animation=&#8221;none&#8221;][vc_column column_padding=&#8221;no-extra-padding&#8221; column_padding_position=&#8221;all&#8221; background_color_opacity=&#8221;1&#8243; background_hover_color_opacity=&#8221;1&#8243; column_link_target=&#8221;_self&#8221; column_shadow=&#8221;none&#8221; column_border_radius=&#8221;none&#8221; width=&#8221;1\/4&#8243; tablet_width_inherit=&#8221;default&#8221; tablet_text_alignment=&#8221;default&#8221; phone_text_alignment=&#8221;default&#8221; column_border_width=&#8221;none&#8221; column_border_style=&#8221;solid&#8221; bg_image_animation=&#8221;none&#8221;][\/vc_column][vc_column column_padding=&#8221;no-extra-padding&#8221; column_padding_position=&#8221;all&#8221; background_color_opacity=&#8221;1&#8243; background_hover_color_opacity=&#8221;1&#8243; column_link_target=&#8221;_self&#8221; column_shadow=&#8221;none&#8221; column_border_radius=&#8221;none&#8221;&#8230;<\/p>\n","protected":false},"author":9192195,"featured_media":0,"parent":16153,"menu_order":0,"comment_status":"closed","ping_status":"closed","template":"","meta":[],"_links":{"self":[{"href":"https:\/\/congresodietamediterranea.com\/ca\/wp-json\/wp\/v2\/pages\/16370\/"}],"collection":[{"href":"https:\/\/congresodietamediterranea.com\/ca\/wp-json\/wp\/v2\/pages\/"}],"about":[{"href":"https:\/\/congresodietamediterranea.com\/ca\/wp-json\/wp\/v2\/types\/page\/"}],"author":[{"embeddable":true,"href":"https:\/\/congresodietamediterranea.com\/ca\/wp-json\/wp\/v2\/users\/9192195\/"}],"replies":[{"embeddable":true,"href":"https:\/\/congresodietamediterranea.com\/ca\/wp-json\/wp\/v2\/comments\/?post=16370"}],"version-history":[{"count":1,"href":"https:\/\/congresodietamediterranea.com\/ca\/wp-json\/wp\/v2\/pages\/16370\/revisions\/"}],"predecessor-version":[{"id":16422,"href":"https:\/\/congresodietamediterranea.com\/ca\/wp-json\/wp\/v2\/pages\/16370\/revisions\/16422\/"}],"up":[{"embeddable":true,"href":"https:\/\/congresodietamediterranea.com\/ca\/wp-json\/wp\/v2\/pages\/16153\/"}],"wp:attachment":[{"href":"https:\/\/congresodietamediterranea.com\/ca\/wp-json\/wp\/v2\/media\/?parent=16370"}],"curies":[{"name":"wp","href":"https:\/\/api.w.org\/{rel}","templated":true}]}}

Fernando Rodríguez Artalejo

[vc_row type=&#8221;in_container&#8221; full_screen_row_position=&#8221;middle&#8221; scene_position=&#8221;center&#8221; text_color=&#8221;dark&#8221; text_align=&#8221;left&#8221; overlay_strength=&#8221;0.3&#8243; shape_divider_position=&#8221;bottom&#8221; bg_image_animation=&#8221;none&#8221;][vc_column column_padding=&#8221;no-extra-padding&#8221; column_padding_position=&#8221;all&#8221; background_color_opacity=&#8221;1&#8243; background_hover_color_opacity=&#8221;1&#8243; column_link_target=&#8221;_self&#8221; column_shadow=&#8221;none&#8221; column_border_radius=&#8221;none&#8221; width=&#8221;1/4&#8243; tablet_width_inherit=&#8221;default&#8221; tablet_text_alignment=&#8221;default&#8221; phone_text_alignment=&#8221;default&#8221; column_border_width=&#8221;none&#8221; column_border_style=&#8221;solid&#8221; bg_image_animation=&#8221;none&#8221;]<div class="img-with-aniamtion-wrap center" data-max-width="100%" data-border-radius="20px"><div class="inner"><img data-shadow="none" data-shadow-direction="middle" class="img-with-animation skip-lazy " data-delay="0" height="1000" width="1000"  data-animation="fade-in" src="https://congresodietamediterranea.com/wp-content/uploads/2024/02/Rodriguez-Artalejo_Fernando.png" srcset="https://congresodietamediterranea.com/wp-content/uploads/2024/02/Rodriguez-Artalejo_Fernando.png 1000w, https://congresodietamediterranea.com/wp-content/uploads/2024/02/Rodriguez-Artalejo_Fernando-300x300.png 300w, https://congresodietamediterranea.com/wp-content/uploads/2024/02/Rodriguez-Artalejo_Fernando-150x150.png 150w, https://congresodietamediterranea.com/wp-content/uploads/2024/02/Rodriguez-Artalejo_Fernando-768x768.png 768w, https://congresodietamediterranea.com/wp-content/uploads/2024/02/Rodriguez-Artalejo_Fernando-100x100.png 100w, https://congresodietamediterranea.com/wp-content/uploads/2024/02/Rodriguez-Artalejo_Fernando-140x140.png 140w, https://congresodietamediterranea.com/wp-content/uploads/2024/02/Rodriguez-Artalejo_Fernando-500x500.png 500w, https://congresodietamediterranea.com/wp-content/uploads/2024/02/Rodriguez-Artalejo_Fernando-350x350.png 350w, https://congresodietamediterranea.com/wp-content/uploads/2024/02/Rodriguez-Artalejo_Fernando-800x800.png 800w, https://congresodietamediterranea.com/wp-content/uploads/2024/02/Rodriguez-Artalejo_Fernando-375x375.png 375w, https://congresodietamediterranea.com/wp-content/uploads/2024/02/Rodriguez-Artalejo_Fernando-600x600.png 600w" sizes="100vw" alt="" /></div></div>[/vc_column][vc_column column_padding=&#8221;no-extra-padding&#8221; column_padding_position=&#8221;all&#8221; background_color_opacity=&#8221;1&#8243; background_hover_color_opacity=&#8221;1&#8243; column_link_target=&#8221;_self&#8221; column_shadow=&#8221;none&#8221; column_border_radius=&#8221;none&#8221; width=&#8221;3/4&#8243; tablet_width_inherit=&#8221;default&#8221; tablet_text_alignment=&#8221;default&#8221; phone_text_alignment=&#8221;default&#8221; column_border_width=&#8221;none&#8221; column_border_style=&#8221;solid&#8221; bg_image_animation=&#8221;none&#8221;][vc_column_text]Fernando Rodríguez Artalejo és Catedràtic i Director del Departament de Medicina Preventiva i Salut Pública de la Universitat Autònoma de Madrid, Director Científic del CIBER d&#8217;Epidemiologia i Salut pública, i coordinador del Grup d&#8217;Epidemiologia Cardiovascular i Nutricional en el IMDEA d&#8217;Alimentació a Madrid. Ha investigat la història natural de les malalties cardiovasculars (ECV), l&#8217;obesitat, la fragilitat i la discapacitat en persones majors, i ha contribuït a identificar alguns dels seus determinants dietètics. La seva recerca ha servit de suport a les Estratègies Nacionals de Prevenció i Control de la ECV, l&#8217;Estratègia NAOS i l&#8217;Estratègia de Prevenció de la Fragilitat i les Caigudes en els adults majors. També és investigador principal de les cohorts Sèniors-ENRICA-1 i 2. Ha estat membre del Comitè Assessor Europeu de Recerca en Salut de la #OMS-EURO (2015-2019), del Comitè Científic de AESAN (2004-2008), i del Comitè Científic Internacional de Nutri-Score (2020-actualitat). També ha presidit el comitè científic de la Advantage Joint Action de la Unió Europea (2028-019), i ha Presidit l&#8217;Observatori de la Nutrició i Estudi de l&#8217;Obesitat del Ministeri de Consum (2019-2023). En 2010 va rebre el premi a la trajectòria científica en recerca nutricional “Dr. Carles Martí Henneberg”.[/vc_column_text][/vc_column][/vc_row]
