{"id":16376,"date":"2024-02-23T10:36:04","date_gmt":"2024-02-23T10:36:04","guid":{"rendered":"https:\/\/congresodietamediterranea.com\/ponents\/gregorio-varela\/"},"modified":"2024-03-14T22:46:37","modified_gmt":"2024-03-14T22:46:37","slug":"gregorio-varela","status":"publish","type":"page","link":"https:\/\/congresodietamediterranea.com\/ca\/ponents\/gregorio-varela\/","title":{"rendered":"Gregorio Varela"},"content":{"rendered":"[vc_row type=&#8221;in_container&#8221; full_screen_row_position=&#8221;middle&#8221; scene_position=&#8221;center&#8221; text_color=&#8221;dark&#8221; text_align=&#8221;left&#8221; overlay_strength=&#8221;0.3&#8243; shape_divider_position=&#8221;bottom&#8221; bg_image_animation=&#8221;none&#8221;][vc_column column_padding=&#8221;no-extra-padding&#8221; column_padding_position=&#8221;all&#8221; background_color_opacity=&#8221;1&#8243; background_hover_color_opacity=&#8221;1&#8243; column_link_target=&#8221;_self&#8221; column_shadow=&#8221;none&#8221; column_border_radius=&#8221;none&#8221; width=&#8221;1\/4&#8243; tablet_width_inherit=&#8221;default&#8221; tablet_text_alignment=&#8221;default&#8221; phone_text_alignment=&#8221;default&#8221; column_border_width=&#8221;none&#8221; column_border_style=&#8221;solid&#8221; bg_image_animation=&#8221;none&#8221;]<div class=\"img-with-aniamtion-wrap center\" data-max-width=\"100%\" data-border-radius=\"20px\"><div class=\"inner\"><img data-shadow=\"none\" data-shadow-direction=\"middle\" class=\"img-with-animation skip-lazy \" data-delay=\"0\" height=\"1000\" width=\"1000\"  data-animation=\"fade-in\" src=\"https:\/\/congresodietamediterranea.com\/wp-content\/uploads\/2024\/03\/Varela_Gregorio.png\" srcset=\"https:\/\/congresodietamediterranea.com\/wp-content\/uploads\/2024\/03\/Varela_Gregorio.png 1000w, https:\/\/congresodietamediterranea.com\/wp-content\/uploads\/2024\/03\/Varela_Gregorio-300x300.png 300w, https:\/\/congresodietamediterranea.com\/wp-content\/uploads\/2024\/03\/Varela_Gregorio-150x150.png 150w, https:\/\/congresodietamediterranea.com\/wp-content\/uploads\/2024\/03\/Varela_Gregorio-768x768.png 768w, https:\/\/congresodietamediterranea.com\/wp-content\/uploads\/2024\/03\/Varela_Gregorio-100x100.png 100w, https:\/\/congresodietamediterranea.com\/wp-content\/uploads\/2024\/03\/Varela_Gregorio-140x140.png 140w, https:\/\/congresodietamediterranea.com\/wp-content\/uploads\/2024\/03\/Varela_Gregorio-500x500.png 500w, https:\/\/congresodietamediterranea.com\/wp-content\/uploads\/2024\/03\/Varela_Gregorio-350x350.png 350w, https:\/\/congresodietamediterranea.com\/wp-content\/uploads\/2024\/03\/Varela_Gregorio-800x800.png 800w, https:\/\/congresodietamediterranea.com\/wp-content\/uploads\/2024\/03\/Varela_Gregorio-375x375.png 375w, https:\/\/congresodietamediterranea.com\/wp-content\/uploads\/2024\/03\/Varela_Gregorio-600x600.png 600w\" sizes=\"100vw\" alt=\"\" \/><\/div><\/div>[\/vc_column][vc_column column_padding=&#8221;no-extra-padding&#8221; column_padding_position=&#8221;all&#8221; background_color_opacity=&#8221;1&#8243; background_hover_color_opacity=&#8221;1&#8243; column_link_target=&#8221;_self&#8221; column_shadow=&#8221;none&#8221; column_border_radius=&#8221;none&#8221; width=&#8221;3\/4&#8243; tablet_width_inherit=&#8221;default&#8221; tablet_text_alignment=&#8221;default&#8221; phone_text_alignment=&#8221;default&#8221; column_border_width=&#8221;none&#8221; column_border_style=&#8221;solid&#8221; bg_image_animation=&#8221;none&#8221;][vc_column_text]Catedr\u00e0tic de Nutrici\u00f3 i Bromatologia de la Facultat de Farm\u00e0cia de la Universitat Sant Pau-CEU a Madrid, i Director de l&#8217;Institut Universitari CEU \u201cAlimentaci\u00f3 i Societat\u201d. Responsable del Grup d&#8217;Excel\u00b7l\u00e8ncia en Recerca \u201cNutrici\u00f3 per a la Vida\u201d, i President de la Federaci\u00f3 Espanyola de Societats de Nutrici\u00f3, Alimentaci\u00f3 i Diet\u00e8tica (FESNAD). Acad\u00e8mic de N\u00famero de la Reial Acad\u00e8mia Europea de Doctors, i de la Reial Acad\u00e8mia de Gastronomia, i Acad\u00e8mic Corresponent de la Reial Acad\u00e8mia de Farm\u00e0cia de Gal\u00edcia, i membre fundador de l&#8217;Acad\u00e8mia Espanyola de la Nutrici\u00f3 i Ci\u00e8ncies de l&#8217;Alimentaci\u00f3. Ha publicat m\u00e9s de 250 articles cient\u00edfics indexats, m\u00e9s de 50 cap\u00edtols de llibres, i \u00e9s editor de 15 llibres. Entre altres, compta amb les\u00a0 distincions:\u00a0 Encomana Orde Alfons X El Savi; Premi Internacional HIP\u00d3CRATES de Recerca M\u00e8dica sobre Nutrici\u00f3\u00a0 Humana; Premi Dr. Mara\u00f1\u00f3n a la Millor Labor Cient\u00edfica en el Camp de l&#8217;Alimentaci\u00f3; o el Gran Premi de la Ci\u00e8ncia de l&#8217;Alimentaci\u00f3 (Acad\u00e8mia Internacional de Gastronomia).President del Comit\u00e8 Cient\u00edfic de l&#8217;Ag\u00e8ncia Salut i Dieta Mediterr\u00e0nia, Membre del Patronat i del Consell Cient\u00edfic de\u00a0 IMDEA-Food (Comunitat de Madrid), i del Comit\u00e8 de Nutrici\u00f3 de la Fundaci\u00f3 Espanyola del Cor.[\/vc_column_text][\/vc_column][\/vc_row]\n","protected":false},"excerpt":{"rendered":"<p>[vc_row type=&#8221;in_container&#8221; full_screen_row_position=&#8221;middle&#8221; scene_position=&#8221;center&#8221; text_color=&#8221;dark&#8221; text_align=&#8221;left&#8221; overlay_strength=&#8221;0.3&#8243; shape_divider_position=&#8221;bottom&#8221; bg_image_animation=&#8221;none&#8221;][vc_column column_padding=&#8221;no-extra-padding&#8221; column_padding_position=&#8221;all&#8221; background_color_opacity=&#8221;1&#8243; background_hover_color_opacity=&#8221;1&#8243; column_link_target=&#8221;_self&#8221; column_shadow=&#8221;none&#8221; column_border_radius=&#8221;none&#8221; width=&#8221;1\/4&#8243; tablet_width_inherit=&#8221;default&#8221; tablet_text_alignment=&#8221;default&#8221; phone_text_alignment=&#8221;default&#8221; column_border_width=&#8221;none&#8221; column_border_style=&#8221;solid&#8221; bg_image_animation=&#8221;none&#8221;][\/vc_column][vc_column column_padding=&#8221;no-extra-padding&#8221; column_padding_position=&#8221;all&#8221; background_color_opacity=&#8221;1&#8243; background_hover_color_opacity=&#8221;1&#8243; column_link_target=&#8221;_self&#8221; column_shadow=&#8221;none&#8221; column_border_radius=&#8221;none&#8221;&#8230;<\/p>\n","protected":false},"author":9192195,"featured_media":0,"parent":16153,"menu_order":0,"comment_status":"closed","ping_status":"closed","template":"","meta":[],"_links":{"self":[{"href":"https:\/\/congresodietamediterranea.com\/ca\/wp-json\/wp\/v2\/pages\/16376\/"}],"collection":[{"href":"https:\/\/congresodietamediterranea.com\/ca\/wp-json\/wp\/v2\/pages\/"}],"about":[{"href":"https:\/\/congresodietamediterranea.com\/ca\/wp-json\/wp\/v2\/types\/page\/"}],"author":[{"embeddable":true,"href":"https:\/\/congresodietamediterranea.com\/ca\/wp-json\/wp\/v2\/users\/9192195\/"}],"replies":[{"embeddable":true,"href":"https:\/\/congresodietamediterranea.com\/ca\/wp-json\/wp\/v2\/comments\/?post=16376"}],"version-history":[{"count":1,"href":"https:\/\/congresodietamediterranea.com\/ca\/wp-json\/wp\/v2\/pages\/16376\/revisions\/"}],"predecessor-version":[{"id":16432,"href":"https:\/\/congresodietamediterranea.com\/ca\/wp-json\/wp\/v2\/pages\/16376\/revisions\/16432\/"}],"up":[{"embeddable":true,"href":"https:\/\/congresodietamediterranea.com\/ca\/wp-json\/wp\/v2\/pages\/16153\/"}],"wp:attachment":[{"href":"https:\/\/congresodietamediterranea.com\/ca\/wp-json\/wp\/v2\/media\/?parent=16376"}],"curies":[{"name":"wp","href":"https:\/\/api.w.org\/{rel}","templated":true}]}}

[vc_row type=&#8221;in_container&#8221; full_screen_row_position=&#8221;middle&#8221; scene_position=&#8221;center&#8221; text_color=&#8221;dark&#8221; text_align=&#8221;left&#8221; overlay_strength=&#8221;0.3&#8243; shape_divider_position=&#8221;bottom&#8221; bg_image_animation=&#8221;none&#8221;][vc_column column_padding=&#8221;no-extra-padding&#8221; column_padding_position=&#8221;all&#8221; background_color_opacity=&#8221;1&#8243; background_hover_color_opacity=&#8221;1&#8243; column_link_target=&#8221;_self&#8221; column_shadow=&#8221;none&#8221; column_border_radius=&#8221;none&#8221; width=&#8221;1/4&#8243; tablet_width_inherit=&#8221;default&#8221; tablet_text_alignment=&#8221;default&#8221; phone_text_alignment=&#8221;default&#8221; column_border_width=&#8221;none&#8221; column_border_style=&#8221;solid&#8221; bg_image_animation=&#8221;none&#8221;]<div class="img-with-aniamtion-wrap center" data-max-width="100%" data-border-radius="20px"><div class="inner"><img data-shadow="none" data-shadow-direction="middle" class="img-with-animation skip-lazy " data-delay="0" height="1000" width="1000"  data-animation="fade-in" src="https://congresodietamediterranea.com/wp-content/uploads/2024/03/Varela_Gregorio.png" srcset="https://congresodietamediterranea.com/wp-content/uploads/2024/03/Varela_Gregorio.png 1000w, https://congresodietamediterranea.com/wp-content/uploads/2024/03/Varela_Gregorio-300x300.png 300w, https://congresodietamediterranea.com/wp-content/uploads/2024/03/Varela_Gregorio-150x150.png 150w, https://congresodietamediterranea.com/wp-content/uploads/2024/03/Varela_Gregorio-768x768.png 768w, https://congresodietamediterranea.com/wp-content/uploads/2024/03/Varela_Gregorio-100x100.png 100w, https://congresodietamediterranea.com/wp-content/uploads/2024/03/Varela_Gregorio-140x140.png 140w, https://congresodietamediterranea.com/wp-content/uploads/2024/03/Varela_Gregorio-500x500.png 500w, https://congresodietamediterranea.com/wp-content/uploads/2024/03/Varela_Gregorio-350x350.png 350w, https://congresodietamediterranea.com/wp-content/uploads/2024/03/Varela_Gregorio-800x800.png 800w, https://congresodietamediterranea.com/wp-content/uploads/2024/03/Varela_Gregorio-375x375.png 375w, https://congresodietamediterranea.com/wp-content/uploads/2024/03/Varela_Gregorio-600x600.png 600w" sizes="100vw" alt="" /></div></div>[/vc_column][vc_column column_padding=&#8221;no-extra-padding&#8221; column_padding_position=&#8221;all&#8221; background_color_opacity=&#8221;1&#8243; background_hover_color_opacity=&#8221;1&#8243; column_link_target=&#8221;_self&#8221; column_shadow=&#8221;none&#8221; column_border_radius=&#8221;none&#8221; width=&#8221;3/4&#8243; tablet_width_inherit=&#8221;default&#8221; tablet_text_alignment=&#8221;default&#8221; phone_text_alignment=&#8221;default&#8221; column_border_width=&#8221;none&#8221; column_border_style=&#8221;solid&#8221; bg_image_animation=&#8221;none&#8221;][vc_column_text]Catedràtic de Nutrició i Bromatologia de la Facultat de Farmàcia de la Universitat Sant Pau-CEU a Madrid, i Director de l&#8217;Institut Universitari CEU “Alimentació i Societat”. Responsable del Grup d&#8217;Excel·lència en Recerca “Nutrició per a la Vida”, i President de la Federació Espanyola de Societats de Nutrició, Alimentació i Dietètica (FESNAD). Acadèmic de Número de la Reial Acadèmia Europea de Doctors, i de la Reial Acadèmia de Gastronomia, i Acadèmic Corresponent de la Reial Acadèmia de Farmàcia de Galícia, i membre fundador de l&#8217;Acadèmia Espanyola de la Nutrició i Ciències de l&#8217;Alimentació. Ha publicat més de 250 articles científics indexats, més de 50 capítols de llibres, i és editor de 15 llibres. Entre altres, compta amb les  distincions:  Encomana Orde Alfons X El Savi; Premi Internacional HIPÓCRATES de Recerca Mèdica sobre Nutrició  Humana; Premi Dr. Marañón a la Millor Labor Científica en el Camp de l&#8217;Alimentació; o el Gran Premi de la Ciència de l&#8217;Alimentació (Acadèmia Internacional de Gastronomia).President del Comitè Científic de l&#8217;Agència Salut i Dieta Mediterrània, Membre del Patronat i del Consell Científic de  IMDEA-Food (Comunitat de Madrid), i del Comitè de Nutrició de la Fundació Espanyola del Cor.[/vc_column_text][/vc_column][/vc_row]
