{"id":16378,"date":"2024-02-23T12:50:37","date_gmt":"2024-02-23T12:50:37","guid":{"rendered":"https:\/\/congresodietamediterranea.com\/ponents\/iolanda-bustos\/"},"modified":"2024-03-14T23:24:26","modified_gmt":"2024-03-14T23:24:26","slug":"iolanda-bustos","status":"publish","type":"page","link":"https:\/\/congresodietamediterranea.com\/ca\/ponents\/iolanda-bustos\/","title":{"rendered":"Iolanda Bustos"},"content":{"rendered":"[vc_row type=&#8221;in_container&#8221; full_screen_row_position=&#8221;middle&#8221; scene_position=&#8221;center&#8221; text_color=&#8221;dark&#8221; text_align=&#8221;left&#8221; overlay_strength=&#8221;0.3&#8243; shape_divider_position=&#8221;bottom&#8221; bg_image_animation=&#8221;none&#8221;][vc_column column_padding=&#8221;no-extra-padding&#8221; column_padding_position=&#8221;all&#8221; background_color_opacity=&#8221;1&#8243; background_hover_color_opacity=&#8221;1&#8243; column_link_target=&#8221;_self&#8221; column_shadow=&#8221;none&#8221; column_border_radius=&#8221;none&#8221; width=&#8221;1\/4&#8243; tablet_width_inherit=&#8221;default&#8221; tablet_text_alignment=&#8221;default&#8221; phone_text_alignment=&#8221;default&#8221; column_border_width=&#8221;none&#8221; column_border_style=&#8221;solid&#8221; bg_image_animation=&#8221;none&#8221;]<div class=\"img-with-aniamtion-wrap center\" data-max-width=\"100%\" data-border-radius=\"20px\"><div class=\"inner\"><img data-shadow=\"none\" data-shadow-direction=\"middle\" class=\"img-with-animation skip-lazy \" data-delay=\"0\" height=\"1000\" width=\"1000\"  data-animation=\"fade-in\" src=\"https:\/\/congresodietamediterranea.com\/wp-content\/uploads\/2024\/02\/Bustos_Iolanda.png\" srcset=\"https:\/\/congresodietamediterranea.com\/wp-content\/uploads\/2024\/02\/Bustos_Iolanda.png 1000w, https:\/\/congresodietamediterranea.com\/wp-content\/uploads\/2024\/02\/Bustos_Iolanda-300x300.png 300w, https:\/\/congresodietamediterranea.com\/wp-content\/uploads\/2024\/02\/Bustos_Iolanda-150x150.png 150w, https:\/\/congresodietamediterranea.com\/wp-content\/uploads\/2024\/02\/Bustos_Iolanda-768x768.png 768w, https:\/\/congresodietamediterranea.com\/wp-content\/uploads\/2024\/02\/Bustos_Iolanda-100x100.png 100w, https:\/\/congresodietamediterranea.com\/wp-content\/uploads\/2024\/02\/Bustos_Iolanda-140x140.png 140w, https:\/\/congresodietamediterranea.com\/wp-content\/uploads\/2024\/02\/Bustos_Iolanda-500x500.png 500w, https:\/\/congresodietamediterranea.com\/wp-content\/uploads\/2024\/02\/Bustos_Iolanda-350x350.png 350w, https:\/\/congresodietamediterranea.com\/wp-content\/uploads\/2024\/02\/Bustos_Iolanda-800x800.png 800w, https:\/\/congresodietamediterranea.com\/wp-content\/uploads\/2024\/02\/Bustos_Iolanda-375x375.png 375w, https:\/\/congresodietamediterranea.com\/wp-content\/uploads\/2024\/02\/Bustos_Iolanda-600x600.png 600w\" sizes=\"100vw\" alt=\"\" \/><\/div><\/div>[\/vc_column][vc_column column_padding=&#8221;no-extra-padding&#8221; column_padding_position=&#8221;all&#8221; background_color_opacity=&#8221;1&#8243; background_hover_color_opacity=&#8221;1&#8243; column_link_target=&#8221;_self&#8221; column_shadow=&#8221;none&#8221; column_border_radius=&#8221;none&#8221; width=&#8221;3\/4&#8243; tablet_width_inherit=&#8221;default&#8221; tablet_text_alignment=&#8221;default&#8221; phone_text_alignment=&#8221;default&#8221; column_border_width=&#8221;none&#8221; column_border_style=&#8221;solid&#8221; bg_image_animation=&#8221;none&#8221;][vc_column_text]Iolanda Bustos, nascuda al Baix Empord\u00e0, ha desenvolupat la seva traject\u00f2ria personal i professional entorn de la naturalesa, el camp i la cuina. Coneguda popularment com #LaChefdelasFlores, \u00e9s una experta en plantes silvestres comestibles. El seu treball reflecteix la seva passi\u00f3 per la naturalesa, els productes locals i el territori, convidant a tots, grans i petits, a assaborir el paisatge i aix\u00ed conrear un major amor per la terra i els seus tresors naturals.<\/p>\n<p>&nbsp;<\/p>\n<p>Actualment \u00e9s una cuinera sense restaurant, treballa com a freelance i xef privada. \u00c9s autora dels llibres \u00abCuina fresca i Natural\u00bb i \u00abLa millor cuina amb flors, plantis i fruits silvestres\u00ab. El seu \u00faltim llibre es titula \u201cCuinar amb Flores\u201d i actualment est\u00e0 immersa en un nou projecte editorial sobre boscos comestibles. Ha creat el mural de tast bot\u00e0nic per a vins i aoves, incorporant nous descriptors organol\u00e8ptics al m\u00f3n del vi i els olis. A m\u00e9s de cuinera, \u00e9s formadora i escriptora, \u00e9s una conferenciant que col\u00b7labora regularment en diversos mitjans de comunicaci\u00f3, on divulga els usos de les flors, herbes, arrels i fruits que es poden trobar en boscos, camps i platges. Les seves receptes irradien vida i sensibilitat, sent una oda a la naturalesa i un comprom\u00eds honest i sincer amb la cultura i tradicions del territori i la dieta mediterr\u00e0nia.<\/p>\n<p>Compromesa amb projectes socials de sostenibilitat, cap a la igualtat i el medi ambient. Promou la visibilitat i divulgaci\u00f3 del talent rural femen\u00ed en el camp i en la cuina professional.<\/p>\n<p>Actualment, combina l&#8217;escriptura amb el seu projecte de gastronomia d&#8217;experi\u00e8ncies en contacte amb la naturalesa. \u00c9s assessora i consultora per a la creaci\u00f3 de productes agroalimentaris bot\u00e0nics. Treballa com somelier de aoves. Cuina, marida i promou els valors del paisatge en cellers, masies i paratges on la naturalesa, els olis, el vi i el menjar s\u00f3n protagonistes.<\/p>\n<p>&nbsp;<\/p>\n<p>Pots seguir-la en diferents xarxes socials com @iolandabustos o fer-li consultes en el seu correu bustosiolanda@gmail.com, o visitar la seva p\u00e0gina web www.iolandabustos.com.[\/vc_column_text][\/vc_column][\/vc_row]\n","protected":false},"excerpt":{"rendered":"<p>[vc_row type=&#8221;in_container&#8221; full_screen_row_position=&#8221;middle&#8221; scene_position=&#8221;center&#8221; text_color=&#8221;dark&#8221; text_align=&#8221;left&#8221; overlay_strength=&#8221;0.3&#8243; shape_divider_position=&#8221;bottom&#8221; bg_image_animation=&#8221;none&#8221;][vc_column column_padding=&#8221;no-extra-padding&#8221; column_padding_position=&#8221;all&#8221; background_color_opacity=&#8221;1&#8243; background_hover_color_opacity=&#8221;1&#8243; column_link_target=&#8221;_self&#8221; column_shadow=&#8221;none&#8221; column_border_radius=&#8221;none&#8221; width=&#8221;1\/4&#8243; tablet_width_inherit=&#8221;default&#8221; tablet_text_alignment=&#8221;default&#8221; phone_text_alignment=&#8221;default&#8221; column_border_width=&#8221;none&#8221; column_border_style=&#8221;solid&#8221; bg_image_animation=&#8221;none&#8221;][\/vc_column][vc_column column_padding=&#8221;no-extra-padding&#8221; column_padding_position=&#8221;all&#8221; background_color_opacity=&#8221;1&#8243; background_hover_color_opacity=&#8221;1&#8243; column_link_target=&#8221;_self&#8221; column_shadow=&#8221;none&#8221; column_border_radius=&#8221;none&#8221;&#8230;<\/p>\n","protected":false},"author":9192195,"featured_media":0,"parent":16153,"menu_order":0,"comment_status":"closed","ping_status":"closed","template":"","meta":[],"_links":{"self":[{"href":"https:\/\/congresodietamediterranea.com\/ca\/wp-json\/wp\/v2\/pages\/16378\/"}],"collection":[{"href":"https:\/\/congresodietamediterranea.com\/ca\/wp-json\/wp\/v2\/pages\/"}],"about":[{"href":"https:\/\/congresodietamediterranea.com\/ca\/wp-json\/wp\/v2\/types\/page\/"}],"author":[{"embeddable":true,"href":"https:\/\/congresodietamediterranea.com\/ca\/wp-json\/wp\/v2\/users\/9192195\/"}],"replies":[{"embeddable":true,"href":"https:\/\/congresodietamediterranea.com\/ca\/wp-json\/wp\/v2\/comments\/?post=16378"}],"version-history":[{"count":1,"href":"https:\/\/congresodietamediterranea.com\/ca\/wp-json\/wp\/v2\/pages\/16378\/revisions\/"}],"predecessor-version":[{"id":16469,"href":"https:\/\/congresodietamediterranea.com\/ca\/wp-json\/wp\/v2\/pages\/16378\/revisions\/16469\/"}],"up":[{"embeddable":true,"href":"https:\/\/congresodietamediterranea.com\/ca\/wp-json\/wp\/v2\/pages\/16153\/"}],"wp:attachment":[{"href":"https:\/\/congresodietamediterranea.com\/ca\/wp-json\/wp\/v2\/media\/?parent=16378"}],"curies":[{"name":"wp","href":"https:\/\/api.w.org\/{rel}","templated":true}]}}

[vc_row type=&#8221;in_container&#8221; full_screen_row_position=&#8221;middle&#8221; scene_position=&#8221;center&#8221; text_color=&#8221;dark&#8221; text_align=&#8221;left&#8221; overlay_strength=&#8221;0.3&#8243; shape_divider_position=&#8221;bottom&#8221; bg_image_animation=&#8221;none&#8221;][vc_column column_padding=&#8221;no-extra-padding&#8221; column_padding_position=&#8221;all&#8221; background_color_opacity=&#8221;1&#8243; background_hover_color_opacity=&#8221;1&#8243; column_link_target=&#8221;_self&#8221; column_shadow=&#8221;none&#8221; column_border_radius=&#8221;none&#8221; width=&#8221;1/4&#8243; tablet_width_inherit=&#8221;default&#8221; tablet_text_alignment=&#8221;default&#8221; phone_text_alignment=&#8221;default&#8221; column_border_width=&#8221;none&#8221; column_border_style=&#8221;solid&#8221; bg_image_animation=&#8221;none&#8221;]<div class="img-with-aniamtion-wrap center" data-max-width="100%" data-border-radius="20px"><div class="inner"><img data-shadow="none" data-shadow-direction="middle" class="img-with-animation skip-lazy " data-delay="0" height="1000" width="1000"  data-animation="fade-in" src="https://congresodietamediterranea.com/wp-content/uploads/2024/02/Bustos_Iolanda.png" srcset="https://congresodietamediterranea.com/wp-content/uploads/2024/02/Bustos_Iolanda.png 1000w, https://congresodietamediterranea.com/wp-content/uploads/2024/02/Bustos_Iolanda-300x300.png 300w, https://congresodietamediterranea.com/wp-content/uploads/2024/02/Bustos_Iolanda-150x150.png 150w, https://congresodietamediterranea.com/wp-content/uploads/2024/02/Bustos_Iolanda-768x768.png 768w, https://congresodietamediterranea.com/wp-content/uploads/2024/02/Bustos_Iolanda-100x100.png 100w, https://congresodietamediterranea.com/wp-content/uploads/2024/02/Bustos_Iolanda-140x140.png 140w, https://congresodietamediterranea.com/wp-content/uploads/2024/02/Bustos_Iolanda-500x500.png 500w, https://congresodietamediterranea.com/wp-content/uploads/2024/02/Bustos_Iolanda-350x350.png 350w, https://congresodietamediterranea.com/wp-content/uploads/2024/02/Bustos_Iolanda-800x800.png 800w, https://congresodietamediterranea.com/wp-content/uploads/2024/02/Bustos_Iolanda-375x375.png 375w, https://congresodietamediterranea.com/wp-content/uploads/2024/02/Bustos_Iolanda-600x600.png 600w" sizes="100vw" alt="" /></div></div>[/vc_column][vc_column column_padding=&#8221;no-extra-padding&#8221; column_padding_position=&#8221;all&#8221; background_color_opacity=&#8221;1&#8243; background_hover_color_opacity=&#8221;1&#8243; column_link_target=&#8221;_self&#8221; column_shadow=&#8221;none&#8221; column_border_radius=&#8221;none&#8221; width=&#8221;3/4&#8243; tablet_width_inherit=&#8221;default&#8221; tablet_text_alignment=&#8221;default&#8221; phone_text_alignment=&#8221;default&#8221; column_border_width=&#8221;none&#8221; column_border_style=&#8221;solid&#8221; bg_image_animation=&#8221;none&#8221;][vc_column_text]Iolanda Bustos, nascuda al Baix Empordà, ha desenvolupat la seva trajectòria personal i professional entorn de la naturalesa, el camp i la cuina. Coneguda popularment com #LaChefdelasFlores, és una experta en plantes silvestres comestibles. El seu treball reflecteix la seva passió per la naturalesa, els productes locals i el territori, convidant a tots, grans i petits, a assaborir el paisatge i així conrear un major amor per la terra i els seus tresors naturals.</p>
<p>&nbsp;</p>
<p>Actualment és una cuinera sense restaurant, treballa com a freelance i xef privada. És autora dels llibres «Cuina fresca i Natural» i «La millor cuina amb flors, plantis i fruits silvestres«. El seu últim llibre es titula “Cuinar amb Flores” i actualment està immersa en un nou projecte editorial sobre boscos comestibles. Ha creat el mural de tast botànic per a vins i aoves, incorporant nous descriptors organolèptics al món del vi i els olis. A més de cuinera, és formadora i escriptora, és una conferenciant que col·labora regularment en diversos mitjans de comunicació, on divulga els usos de les flors, herbes, arrels i fruits que es poden trobar en boscos, camps i platges. Les seves receptes irradien vida i sensibilitat, sent una oda a la naturalesa i un compromís honest i sincer amb la cultura i tradicions del territori i la dieta mediterrània.</p>
<p>Compromesa amb projectes socials de sostenibilitat, cap a la igualtat i el medi ambient. Promou la visibilitat i divulgació del talent rural femení en el camp i en la cuina professional.</p>
<p>Actualment, combina l&#8217;escriptura amb el seu projecte de gastronomia d&#8217;experiències en contacte amb la naturalesa. És assessora i consultora per a la creació de productes agroalimentaris botànics. Treballa com somelier de aoves. Cuina, marida i promou els valors del paisatge en cellers, masies i paratges on la naturalesa, els olis, el vi i el menjar són protagonistes.</p>
<p>&nbsp;</p>
<p>Pots seguir-la en diferents xarxes socials com @iolandabustos o fer-li consultes en el seu correu bustosiolanda@gmail.com, o visitar la seva pàgina web www.iolandabustos.com.[/vc_column_text][/vc_column][/vc_row]
