{"id":16380,"date":"2024-02-23T12:46:18","date_gmt":"2024-02-23T12:46:18","guid":{"rendered":"https:\/\/congresodietamediterranea.com\/ponents\/javier-fontecha\/"},"modified":"2024-03-14T23:23:26","modified_gmt":"2024-03-14T23:23:26","slug":"javier-fontecha","status":"publish","type":"page","link":"https:\/\/congresodietamediterranea.com\/ca\/ponents\/javier-fontecha\/","title":{"rendered":"Javier Fontecha"},"content":{"rendered":"[vc_row type=&#8221;in_container&#8221; full_screen_row_position=&#8221;middle&#8221; scene_position=&#8221;center&#8221; text_color=&#8221;dark&#8221; text_align=&#8221;left&#8221; overlay_strength=&#8221;0.3&#8243; shape_divider_position=&#8221;bottom&#8221; bg_image_animation=&#8221;none&#8221;][vc_column column_padding=&#8221;no-extra-padding&#8221; column_padding_position=&#8221;all&#8221; background_color_opacity=&#8221;1&#8243; background_hover_color_opacity=&#8221;1&#8243; column_link_target=&#8221;_self&#8221; column_shadow=&#8221;none&#8221; column_border_radius=&#8221;none&#8221; width=&#8221;1\/4&#8243; tablet_width_inherit=&#8221;default&#8221; tablet_text_alignment=&#8221;default&#8221; phone_text_alignment=&#8221;default&#8221; column_border_width=&#8221;none&#8221; column_border_style=&#8221;solid&#8221; bg_image_animation=&#8221;none&#8221;]<div class=\"img-with-aniamtion-wrap center\" data-max-width=\"100%\" data-border-radius=\"20px\"><div class=\"inner\"><img data-shadow=\"none\" data-shadow-direction=\"middle\" class=\"img-with-animation skip-lazy \" data-delay=\"0\" height=\"1000\" width=\"1000\"  data-animation=\"fade-in\" src=\"https:\/\/congresodietamediterranea.com\/wp-content\/uploads\/2024\/02\/Fontecha_Javier.png\" srcset=\"https:\/\/congresodietamediterranea.com\/wp-content\/uploads\/2024\/02\/Fontecha_Javier.png 1000w, https:\/\/congresodietamediterranea.com\/wp-content\/uploads\/2024\/02\/Fontecha_Javier-300x300.png 300w, https:\/\/congresodietamediterranea.com\/wp-content\/uploads\/2024\/02\/Fontecha_Javier-150x150.png 150w, https:\/\/congresodietamediterranea.com\/wp-content\/uploads\/2024\/02\/Fontecha_Javier-768x768.png 768w, https:\/\/congresodietamediterranea.com\/wp-content\/uploads\/2024\/02\/Fontecha_Javier-100x100.png 100w, https:\/\/congresodietamediterranea.com\/wp-content\/uploads\/2024\/02\/Fontecha_Javier-140x140.png 140w, https:\/\/congresodietamediterranea.com\/wp-content\/uploads\/2024\/02\/Fontecha_Javier-500x500.png 500w, https:\/\/congresodietamediterranea.com\/wp-content\/uploads\/2024\/02\/Fontecha_Javier-350x350.png 350w, https:\/\/congresodietamediterranea.com\/wp-content\/uploads\/2024\/02\/Fontecha_Javier-800x800.png 800w, https:\/\/congresodietamediterranea.com\/wp-content\/uploads\/2024\/02\/Fontecha_Javier-375x375.png 375w, https:\/\/congresodietamediterranea.com\/wp-content\/uploads\/2024\/02\/Fontecha_Javier-600x600.png 600w\" sizes=\"100vw\" alt=\"\" \/><\/div><\/div>[\/vc_column][vc_column column_padding=&#8221;no-extra-padding&#8221; column_padding_position=&#8221;all&#8221; background_color_opacity=&#8221;1&#8243; background_hover_color_opacity=&#8221;1&#8243; column_link_target=&#8221;_self&#8221; column_shadow=&#8221;none&#8221; column_border_radius=&#8221;none&#8221; width=&#8221;3\/4&#8243; tablet_width_inherit=&#8221;default&#8221; tablet_text_alignment=&#8221;default&#8221; phone_text_alignment=&#8221;default&#8221; column_border_width=&#8221;none&#8221; column_border_style=&#8221;solid&#8221; bg_image_animation=&#8221;none&#8221;][vc_column_text]\u2013 Doctor en Ci\u00e8ncies (Especialitat Bioqu\u00edmica) per la Universitat Aut\u00f2noma de Madrid. (Premi extraordinari a la Tesi Doctoral).<\/p>\n<p>-Actualment: Investigador Cient\u00edfic del Consell Superior de Recerques Cient\u00edfiques (#CSIC) en l&#8217;Institut de Recerca en Ci\u00e8ncies de l&#8217;Alimentaci\u00f3 (CIAL). Madrid.<\/p>\n<p>\u2013 Departament \u201cBioactividad i An\u00e0lisi dels Aliments\u201d<\/p>\n<p>\u2013 Cap del Grup de recerca: \u201cBiomarcadores lip\u00eddics en alimentaci\u00f3 i salut\u201d.<\/p>\n<p>L\u00ednies de Recerca: \u2013 Millora nutricional de la fracci\u00f3 lip\u00eddica d&#8217;aliments i la seva relaci\u00f3 amb la salut humana (especialment en l\u00edpids lactis bioactivos).<\/p>\n<p>\u2013Contribucions cient\u00edfiques:<\/p>\n<p>\u2013 M\u00e9s de 140 Publicacions cient\u00edfiques d&#8217;alt impacte JRC i 33 Cap\u00edtols de llibre (3 com a Editor).<\/p>\n<p>\u2013 9 Tesis Doctorals dirigides (4 m\u00e9s en marxa).<\/p>\n<p>\u2013 Investigador principal de nombrosos projectes de Recerca Nacionals o accions Internacionals<\/p>\n<p>-Responsable d&#8217;un elevat nombre de contractes d&#8217;I+D amb Empreses<\/p>\n<p>-4 Patents registrades<\/p>\n<p>-Estades en Centres estrangers:<\/p>\n<p>\u2013 Predoctoral: Univ. College Cork (Cork, IRL)<\/p>\n<p>\u2013 Post-Doctoral: North Carolina State Univ. (Raleigh, NC USA)<\/p>\n<p>\u2013 Investigador (Univ. Calif\u00f2rnia Sant Diego, USA)<\/p>\n<p>\u2013 Investigador (Dublin Institute of Technology, Dublin, IRL)<\/p>\n<p>\u2013 Investigador (Dundee Univ., Scotland #UK).<\/p>\n<p>\u2013 Investigador (Ohio State University, USA).<\/p>\n<p>-Altres activitats cient\u00edfiques<\/p>\n<p>-Pertany a 2 grups d&#8217;Experts en la IDF (International Dairy Federation)<\/p>\n<p>-Recensor habitual de diversos articles cient\u00edfics internacionals SCI.<\/p>\n<p>-Experi\u00e8ncia en gesti\u00f3 com a avaluador de projectes per a diverses ag\u00e8ncies nacionals i internacionals.<\/p>\n<p>-Pertany a la Junta Directiva de l&#8217;Associaci\u00f3 Fulbright Espa\u00f1a[\/vc_column_text][\/vc_column][\/vc_row]\n","protected":false},"excerpt":{"rendered":"<p>[vc_row type=&#8221;in_container&#8221; full_screen_row_position=&#8221;middle&#8221; scene_position=&#8221;center&#8221; text_color=&#8221;dark&#8221; text_align=&#8221;left&#8221; overlay_strength=&#8221;0.3&#8243; shape_divider_position=&#8221;bottom&#8221; bg_image_animation=&#8221;none&#8221;][vc_column column_padding=&#8221;no-extra-padding&#8221; column_padding_position=&#8221;all&#8221; background_color_opacity=&#8221;1&#8243; background_hover_color_opacity=&#8221;1&#8243; column_link_target=&#8221;_self&#8221; column_shadow=&#8221;none&#8221; column_border_radius=&#8221;none&#8221; width=&#8221;1\/4&#8243; tablet_width_inherit=&#8221;default&#8221; tablet_text_alignment=&#8221;default&#8221; phone_text_alignment=&#8221;default&#8221; column_border_width=&#8221;none&#8221; column_border_style=&#8221;solid&#8221; bg_image_animation=&#8221;none&#8221;][\/vc_column][vc_column column_padding=&#8221;no-extra-padding&#8221; column_padding_position=&#8221;all&#8221; background_color_opacity=&#8221;1&#8243; background_hover_color_opacity=&#8221;1&#8243; column_link_target=&#8221;_self&#8221; column_shadow=&#8221;none&#8221; column_border_radius=&#8221;none&#8221;&#8230;<\/p>\n","protected":false},"author":9192195,"featured_media":0,"parent":16153,"menu_order":0,"comment_status":"closed","ping_status":"closed","template":"","meta":[],"_links":{"self":[{"href":"https:\/\/congresodietamediterranea.com\/ca\/wp-json\/wp\/v2\/pages\/16380\/"}],"collection":[{"href":"https:\/\/congresodietamediterranea.com\/ca\/wp-json\/wp\/v2\/pages\/"}],"about":[{"href":"https:\/\/congresodietamediterranea.com\/ca\/wp-json\/wp\/v2\/types\/page\/"}],"author":[{"embeddable":true,"href":"https:\/\/congresodietamediterranea.com\/ca\/wp-json\/wp\/v2\/users\/9192195\/"}],"replies":[{"embeddable":true,"href":"https:\/\/congresodietamediterranea.com\/ca\/wp-json\/wp\/v2\/comments\/?post=16380"}],"version-history":[{"count":1,"href":"https:\/\/congresodietamediterranea.com\/ca\/wp-json\/wp\/v2\/pages\/16380\/revisions\/"}],"predecessor-version":[{"id":16465,"href":"https:\/\/congresodietamediterranea.com\/ca\/wp-json\/wp\/v2\/pages\/16380\/revisions\/16465\/"}],"up":[{"embeddable":true,"href":"https:\/\/congresodietamediterranea.com\/ca\/wp-json\/wp\/v2\/pages\/16153\/"}],"wp:attachment":[{"href":"https:\/\/congresodietamediterranea.com\/ca\/wp-json\/wp\/v2\/media\/?parent=16380"}],"curies":[{"name":"wp","href":"https:\/\/api.w.org\/{rel}","templated":true}]}}

[vc_row type=&#8221;in_container&#8221; full_screen_row_position=&#8221;middle&#8221; scene_position=&#8221;center&#8221; text_color=&#8221;dark&#8221; text_align=&#8221;left&#8221; overlay_strength=&#8221;0.3&#8243; shape_divider_position=&#8221;bottom&#8221; bg_image_animation=&#8221;none&#8221;][vc_column column_padding=&#8221;no-extra-padding&#8221; column_padding_position=&#8221;all&#8221; background_color_opacity=&#8221;1&#8243; background_hover_color_opacity=&#8221;1&#8243; column_link_target=&#8221;_self&#8221; column_shadow=&#8221;none&#8221; column_border_radius=&#8221;none&#8221; width=&#8221;1/4&#8243; tablet_width_inherit=&#8221;default&#8221; tablet_text_alignment=&#8221;default&#8221; phone_text_alignment=&#8221;default&#8221; column_border_width=&#8221;none&#8221; column_border_style=&#8221;solid&#8221; bg_image_animation=&#8221;none&#8221;]<div class="img-with-aniamtion-wrap center" data-max-width="100%" data-border-radius="20px"><div class="inner"><img data-shadow="none" data-shadow-direction="middle" class="img-with-animation skip-lazy " data-delay="0" height="1000" width="1000"  data-animation="fade-in" src="https://congresodietamediterranea.com/wp-content/uploads/2024/02/Fontecha_Javier.png" srcset="https://congresodietamediterranea.com/wp-content/uploads/2024/02/Fontecha_Javier.png 1000w, https://congresodietamediterranea.com/wp-content/uploads/2024/02/Fontecha_Javier-300x300.png 300w, https://congresodietamediterranea.com/wp-content/uploads/2024/02/Fontecha_Javier-150x150.png 150w, https://congresodietamediterranea.com/wp-content/uploads/2024/02/Fontecha_Javier-768x768.png 768w, https://congresodietamediterranea.com/wp-content/uploads/2024/02/Fontecha_Javier-100x100.png 100w, https://congresodietamediterranea.com/wp-content/uploads/2024/02/Fontecha_Javier-140x140.png 140w, https://congresodietamediterranea.com/wp-content/uploads/2024/02/Fontecha_Javier-500x500.png 500w, https://congresodietamediterranea.com/wp-content/uploads/2024/02/Fontecha_Javier-350x350.png 350w, https://congresodietamediterranea.com/wp-content/uploads/2024/02/Fontecha_Javier-800x800.png 800w, https://congresodietamediterranea.com/wp-content/uploads/2024/02/Fontecha_Javier-375x375.png 375w, https://congresodietamediterranea.com/wp-content/uploads/2024/02/Fontecha_Javier-600x600.png 600w" sizes="100vw" alt="" /></div></div>[/vc_column][vc_column column_padding=&#8221;no-extra-padding&#8221; column_padding_position=&#8221;all&#8221; background_color_opacity=&#8221;1&#8243; background_hover_color_opacity=&#8221;1&#8243; column_link_target=&#8221;_self&#8221; column_shadow=&#8221;none&#8221; column_border_radius=&#8221;none&#8221; width=&#8221;3/4&#8243; tablet_width_inherit=&#8221;default&#8221; tablet_text_alignment=&#8221;default&#8221; phone_text_alignment=&#8221;default&#8221; column_border_width=&#8221;none&#8221; column_border_style=&#8221;solid&#8221; bg_image_animation=&#8221;none&#8221;][vc_column_text]– Doctor en Ciències (Especialitat Bioquímica) per la Universitat Autònoma de Madrid. (Premi extraordinari a la Tesi Doctoral).</p>
<p>-Actualment: Investigador Científic del Consell Superior de Recerques Científiques (#CSIC) en l&#8217;Institut de Recerca en Ciències de l&#8217;Alimentació (CIAL). Madrid.</p>
<p>– Departament “Bioactividad i Anàlisi dels Aliments”</p>
<p>– Cap del Grup de recerca: “Biomarcadores lipídics en alimentació i salut”.</p>
<p>Línies de Recerca: – Millora nutricional de la fracció lipídica d&#8217;aliments i la seva relació amb la salut humana (especialment en lípids lactis bioactivos).</p>
<p>–Contribucions científiques:</p>
<p>– Més de 140 Publicacions científiques d&#8217;alt impacte JRC i 33 Capítols de llibre (3 com a Editor).</p>
<p>– 9 Tesis Doctorals dirigides (4 més en marxa).</p>
<p>– Investigador principal de nombrosos projectes de Recerca Nacionals o accions Internacionals</p>
<p>-Responsable d&#8217;un elevat nombre de contractes d&#8217;I+D amb Empreses</p>
<p>-4 Patents registrades</p>
<p>-Estades en Centres estrangers:</p>
<p>– Predoctoral: Univ. College Cork (Cork, IRL)</p>
<p>– Post-Doctoral: North Carolina State Univ. (Raleigh, NC USA)</p>
<p>– Investigador (Univ. Califòrnia Sant Diego, USA)</p>
<p>– Investigador (Dublin Institute of Technology, Dublin, IRL)</p>
<p>– Investigador (Dundee Univ., Scotland #UK).</p>
<p>– Investigador (Ohio State University, USA).</p>
<p>-Altres activitats científiques</p>
<p>-Pertany a 2 grups d&#8217;Experts en la IDF (International Dairy Federation)</p>
<p>-Recensor habitual de diversos articles científics internacionals SCI.</p>
<p>-Experiència en gestió com a avaluador de projectes per a diverses agències nacionals i internacionals.</p>
<p>-Pertany a la Junta Directiva de l&#8217;Associació Fulbright España[/vc_column_text][/vc_column][/vc_row]
