{"id":16387,"date":"2024-03-13T08:56:31","date_gmt":"2024-03-13T08:56:31","guid":{"rendered":"https:\/\/congresodietamediterranea.com\/ponents\/jose-miguel-herrero\/"},"modified":"2024-03-14T23:04:59","modified_gmt":"2024-03-14T23:04:59","slug":"jose-miguel-herrero","status":"publish","type":"page","link":"https:\/\/congresodietamediterranea.com\/ca\/ponents\/jose-miguel-herrero\/","title":{"rendered":"Jos\u00e9 Miguel Herrero"},"content":{"rendered":"[vc_row type=&#8221;in_container&#8221; full_screen_row_position=&#8221;middle&#8221; scene_position=&#8221;center&#8221; text_color=&#8221;dark&#8221; text_align=&#8221;left&#8221; overlay_strength=&#8221;0.3&#8243; shape_divider_position=&#8221;bottom&#8221; bg_image_animation=&#8221;none&#8221;][vc_column column_padding=&#8221;no-extra-padding&#8221; column_padding_position=&#8221;all&#8221; background_color_opacity=&#8221;1&#8243; background_hover_color_opacity=&#8221;1&#8243; column_link_target=&#8221;_self&#8221; column_shadow=&#8221;none&#8221; column_border_radius=&#8221;none&#8221; width=&#8221;1\/4&#8243; tablet_width_inherit=&#8221;default&#8221; tablet_text_alignment=&#8221;default&#8221; phone_text_alignment=&#8221;default&#8221; column_border_width=&#8221;none&#8221; column_border_style=&#8221;solid&#8221; bg_image_animation=&#8221;none&#8221;]<div class=\"img-with-aniamtion-wrap center\" data-max-width=\"100%\" data-border-radius=\"20px\"><div class=\"inner\"><img data-shadow=\"none\" data-shadow-direction=\"middle\" class=\"img-with-animation skip-lazy \" data-delay=\"0\" height=\"1000\" width=\"1000\"  data-animation=\"fade-in\" src=\"https:\/\/congresodietamediterranea.com\/wp-content\/uploads\/2024\/03\/Herrero_Jose-Miguel.png\" srcset=\"https:\/\/congresodietamediterranea.com\/wp-content\/uploads\/2024\/03\/Herrero_Jose-Miguel.png 1000w, https:\/\/congresodietamediterranea.com\/wp-content\/uploads\/2024\/03\/Herrero_Jose-Miguel-300x300.png 300w, https:\/\/congresodietamediterranea.com\/wp-content\/uploads\/2024\/03\/Herrero_Jose-Miguel-150x150.png 150w, https:\/\/congresodietamediterranea.com\/wp-content\/uploads\/2024\/03\/Herrero_Jose-Miguel-768x768.png 768w, https:\/\/congresodietamediterranea.com\/wp-content\/uploads\/2024\/03\/Herrero_Jose-Miguel-100x100.png 100w, https:\/\/congresodietamediterranea.com\/wp-content\/uploads\/2024\/03\/Herrero_Jose-Miguel-140x140.png 140w, https:\/\/congresodietamediterranea.com\/wp-content\/uploads\/2024\/03\/Herrero_Jose-Miguel-500x500.png 500w, https:\/\/congresodietamediterranea.com\/wp-content\/uploads\/2024\/03\/Herrero_Jose-Miguel-350x350.png 350w, https:\/\/congresodietamediterranea.com\/wp-content\/uploads\/2024\/03\/Herrero_Jose-Miguel-800x800.png 800w, https:\/\/congresodietamediterranea.com\/wp-content\/uploads\/2024\/03\/Herrero_Jose-Miguel-375x375.png 375w, https:\/\/congresodietamediterranea.com\/wp-content\/uploads\/2024\/03\/Herrero_Jose-Miguel-600x600.png 600w\" sizes=\"100vw\" alt=\"\" \/><\/div><\/div>[\/vc_column][vc_column column_padding=&#8221;no-extra-padding&#8221; column_padding_position=&#8221;all&#8221; background_color_opacity=&#8221;1&#8243; background_hover_color_opacity=&#8221;1&#8243; column_link_target=&#8221;_self&#8221; column_shadow=&#8221;none&#8221; column_border_radius=&#8221;none&#8221; width=&#8221;3\/4&#8243; tablet_width_inherit=&#8221;default&#8221; tablet_text_alignment=&#8221;default&#8221; phone_text_alignment=&#8221;default&#8221; column_border_width=&#8221;none&#8221; column_border_style=&#8221;solid&#8221; bg_image_animation=&#8221;none&#8221;][vc_column_text]<strong>Formaci\u00f3 acad\u00e8mica<\/strong><\/p>\n<p>1991-98: Enginyer Agr\u00f2nom. Especialitat en Economia Agr\u00e0ria. Universidad Polit\u00e9cnica de Madrid<\/p>\n<p>&nbsp;<\/p>\n<p>1998-99: M\u00e0ster en Comer\u00e7 Exterior (800 hores). C\u00e1mara Oficial de Comercio e Industria de Valladolid.<\/p>\n<p>&nbsp;<\/p>\n<p>2002-03: Expert Universitari en &#8220;An\u00e0lisi de dades en investigaci\u00f3 social i de mercats&#8221; (250 hores). Universidad Complutense de Madrid<\/p>\n<p>&nbsp;<\/p>\n<p>2009-2010: Curs d&#8217;iniciaci\u00f3 a la recerca (postgrau) en M\u00e0rqueting. Facultat de Ci\u00e8ncies Econ\u00f2miques i Empresarials. Universidad Complutense de Madrid..<\/p>\n<p>&nbsp;<\/p>\n<p><strong>Experi\u00e8ncia professional<\/strong><\/p>\n<p>Desembre 2023. Reial Decret 1155\/2023, de 19 de desembre, pel qual es disposa el cessament del senyor Jos\u00e9 Miguel Herrero Velasco com a Director General de la Ind\u00fastria Aliment\u00e0ria.<\/p>\n<p>Juny 2018 &#8211; Desembre 2023. Director General de la Ind\u00fastria Aliment\u00e0ria. Ministerio de Agricultura, Pesca y Alimentaci\u00f3n.<\/p>\n<p>Gener 2014 \u2013 Juny 2018. Director Ag\u00e8ncia d&#8217; Informaci\u00f3 i Control Alimentaris. Ministerio de Agricultura, Alimentaci\u00f3n y Medio Ambiente. MAGRAMA.<\/p>\n<p>Novembre 2013 \u2013 Desembre 2013 Director Ag\u00e8ncia per a l&#8217;Oli d&#8217;Oliva. Ministerio de Agricultura, Alimentaci\u00f3n y Medio Ambiente. MAGRAMA.<\/p>\n<p>Gener 2012 \u2013 Novembre 2013 Subdirector General d&#8217;Estructura de la Cadena Aliment\u00e0ria. Ministerio de Agricultura, Alimentaci\u00f3n y Medio Ambiente. MAGRAMA.<\/p>\n<p>Setembre 2008 \u2013 Desembre 2011 Subdirector General d&#8217;Estructura de la Cadena Aliment\u00e0ria. Ministerio de Medio Ambiente, y Medio Rural y Marino. MARM.<\/p>\n<p>Desembre 2006 \u2013 Setembre 2008 Subdirector General d&#8217;Ind\u00fastries, Innovaci\u00f3 i Comercialitzaci\u00f3 Agroaliment\u00e0ria. Ministerio de Agricultura, Pesca y Alimentaci\u00f3n.<\/p>\n<p>Juny 2004 \u2013 Desembre 2006 Subdirector General d&#8217;Ind\u00fastries, Comercialitzaci\u00f3 i Distribuci\u00f3 Agroaliment\u00e0ria. Ministerio de Agricultura, Pesca y Alimentaci\u00f3n<\/p>\n<p>Autor de publicacions en diferents revistes nacionals especialitzades sobre temes de distribuci\u00f3 i consum.<\/p>\n<p>Participaci\u00f3 com a ponent en cursos, congressos, jornades, f\u00f2rums i esdeveniments relacionats amb l&#8217; agricultura, l&#8217; alimentaci\u00f3 i la cadena aliment\u00e0ria.<\/p>\n[\/vc_column_text][\/vc_column][\/vc_row]\n","protected":false},"excerpt":{"rendered":"<p>[vc_row type=&#8221;in_container&#8221; full_screen_row_position=&#8221;middle&#8221; scene_position=&#8221;center&#8221; text_color=&#8221;dark&#8221; text_align=&#8221;left&#8221; overlay_strength=&#8221;0.3&#8243; shape_divider_position=&#8221;bottom&#8221; bg_image_animation=&#8221;none&#8221;][vc_column column_padding=&#8221;no-extra-padding&#8221; column_padding_position=&#8221;all&#8221; background_color_opacity=&#8221;1&#8243; background_hover_color_opacity=&#8221;1&#8243; column_link_target=&#8221;_self&#8221; column_shadow=&#8221;none&#8221; column_border_radius=&#8221;none&#8221; width=&#8221;1\/4&#8243; tablet_width_inherit=&#8221;default&#8221; tablet_text_alignment=&#8221;default&#8221; phone_text_alignment=&#8221;default&#8221; column_border_width=&#8221;none&#8221; column_border_style=&#8221;solid&#8221; bg_image_animation=&#8221;none&#8221;][\/vc_column][vc_column column_padding=&#8221;no-extra-padding&#8221; column_padding_position=&#8221;all&#8221; background_color_opacity=&#8221;1&#8243; background_hover_color_opacity=&#8221;1&#8243; column_link_target=&#8221;_self&#8221; column_shadow=&#8221;none&#8221; column_border_radius=&#8221;none&#8221;&#8230;<\/p>\n","protected":false},"author":9192195,"featured_media":0,"parent":16153,"menu_order":0,"comment_status":"closed","ping_status":"closed","template":"","meta":[],"_links":{"self":[{"href":"https:\/\/congresodietamediterranea.com\/ca\/wp-json\/wp\/v2\/pages\/16387\/"}],"collection":[{"href":"https:\/\/congresodietamediterranea.com\/ca\/wp-json\/wp\/v2\/pages\/"}],"about":[{"href":"https:\/\/congresodietamediterranea.com\/ca\/wp-json\/wp\/v2\/types\/page\/"}],"author":[{"embeddable":true,"href":"https:\/\/congresodietamediterranea.com\/ca\/wp-json\/wp\/v2\/users\/9192195\/"}],"replies":[{"embeddable":true,"href":"https:\/\/congresodietamediterranea.com\/ca\/wp-json\/wp\/v2\/comments\/?post=16387"}],"version-history":[{"count":2,"href":"https:\/\/congresodietamediterranea.com\/ca\/wp-json\/wp\/v2\/pages\/16387\/revisions\/"}],"predecessor-version":[{"id":16447,"href":"https:\/\/congresodietamediterranea.com\/ca\/wp-json\/wp\/v2\/pages\/16387\/revisions\/16447\/"}],"up":[{"embeddable":true,"href":"https:\/\/congresodietamediterranea.com\/ca\/wp-json\/wp\/v2\/pages\/16153\/"}],"wp:attachment":[{"href":"https:\/\/congresodietamediterranea.com\/ca\/wp-json\/wp\/v2\/media\/?parent=16387"}],"curies":[{"name":"wp","href":"https:\/\/api.w.org\/{rel}","templated":true}]}}

José Miguel Herrero

[vc_row type=&#8221;in_container&#8221; full_screen_row_position=&#8221;middle&#8221; scene_position=&#8221;center&#8221; text_color=&#8221;dark&#8221; text_align=&#8221;left&#8221; overlay_strength=&#8221;0.3&#8243; shape_divider_position=&#8221;bottom&#8221; bg_image_animation=&#8221;none&#8221;][vc_column column_padding=&#8221;no-extra-padding&#8221; column_padding_position=&#8221;all&#8221; background_color_opacity=&#8221;1&#8243; background_hover_color_opacity=&#8221;1&#8243; column_link_target=&#8221;_self&#8221; column_shadow=&#8221;none&#8221; column_border_radius=&#8221;none&#8221; width=&#8221;1/4&#8243; tablet_width_inherit=&#8221;default&#8221; tablet_text_alignment=&#8221;default&#8221; phone_text_alignment=&#8221;default&#8221; column_border_width=&#8221;none&#8221; column_border_style=&#8221;solid&#8221; bg_image_animation=&#8221;none&#8221;]<div class="img-with-aniamtion-wrap center" data-max-width="100%" data-border-radius="20px"><div class="inner"><img data-shadow="none" data-shadow-direction="middle" class="img-with-animation skip-lazy " data-delay="0" height="1000" width="1000"  data-animation="fade-in" src="https://congresodietamediterranea.com/wp-content/uploads/2024/03/Herrero_Jose-Miguel.png" srcset="https://congresodietamediterranea.com/wp-content/uploads/2024/03/Herrero_Jose-Miguel.png 1000w, https://congresodietamediterranea.com/wp-content/uploads/2024/03/Herrero_Jose-Miguel-300x300.png 300w, https://congresodietamediterranea.com/wp-content/uploads/2024/03/Herrero_Jose-Miguel-150x150.png 150w, https://congresodietamediterranea.com/wp-content/uploads/2024/03/Herrero_Jose-Miguel-768x768.png 768w, https://congresodietamediterranea.com/wp-content/uploads/2024/03/Herrero_Jose-Miguel-100x100.png 100w, https://congresodietamediterranea.com/wp-content/uploads/2024/03/Herrero_Jose-Miguel-140x140.png 140w, https://congresodietamediterranea.com/wp-content/uploads/2024/03/Herrero_Jose-Miguel-500x500.png 500w, https://congresodietamediterranea.com/wp-content/uploads/2024/03/Herrero_Jose-Miguel-350x350.png 350w, https://congresodietamediterranea.com/wp-content/uploads/2024/03/Herrero_Jose-Miguel-800x800.png 800w, https://congresodietamediterranea.com/wp-content/uploads/2024/03/Herrero_Jose-Miguel-375x375.png 375w, https://congresodietamediterranea.com/wp-content/uploads/2024/03/Herrero_Jose-Miguel-600x600.png 600w" sizes="100vw" alt="" /></div></div>[/vc_column][vc_column column_padding=&#8221;no-extra-padding&#8221; column_padding_position=&#8221;all&#8221; background_color_opacity=&#8221;1&#8243; background_hover_color_opacity=&#8221;1&#8243; column_link_target=&#8221;_self&#8221; column_shadow=&#8221;none&#8221; column_border_radius=&#8221;none&#8221; width=&#8221;3/4&#8243; tablet_width_inherit=&#8221;default&#8221; tablet_text_alignment=&#8221;default&#8221; phone_text_alignment=&#8221;default&#8221; column_border_width=&#8221;none&#8221; column_border_style=&#8221;solid&#8221; bg_image_animation=&#8221;none&#8221;][vc_column_text]<strong>Formació acadèmica</strong></p>
<p>1991-98: Enginyer Agrònom. Especialitat en Economia Agrària. Universidad Politécnica de Madrid</p>
<p>&nbsp;</p>
<p>1998-99: Màster en Comerç Exterior (800 hores). Cámara Oficial de Comercio e Industria de Valladolid.</p>
<p>&nbsp;</p>
<p>2002-03: Expert Universitari en &#8220;Anàlisi de dades en investigació social i de mercats&#8221; (250 hores). Universidad Complutense de Madrid</p>
<p>&nbsp;</p>
<p>2009-2010: Curs d&#8217;iniciació a la recerca (postgrau) en Màrqueting. Facultat de Ciències Econòmiques i Empresarials. Universidad Complutense de Madrid..</p>
<p>&nbsp;</p>
<p><strong>Experiència professional</strong></p>
<p>Desembre 2023. Reial Decret 1155/2023, de 19 de desembre, pel qual es disposa el cessament del senyor José Miguel Herrero Velasco com a Director General de la Indústria Alimentària.</p>
<p>Juny 2018 &#8211; Desembre 2023. Director General de la Indústria Alimentària. Ministerio de Agricultura, Pesca y Alimentación.</p>
<p>Gener 2014 – Juny 2018. Director Agència d&#8217; Informació i Control Alimentaris. Ministerio de Agricultura, Alimentación y Medio Ambiente. MAGRAMA.</p>
<p>Novembre 2013 – Desembre 2013 Director Agència per a l&#8217;Oli d&#8217;Oliva. Ministerio de Agricultura, Alimentación y Medio Ambiente. MAGRAMA.</p>
<p>Gener 2012 – Novembre 2013 Subdirector General d&#8217;Estructura de la Cadena Alimentària. Ministerio de Agricultura, Alimentación y Medio Ambiente. MAGRAMA.</p>
<p>Setembre 2008 – Desembre 2011 Subdirector General d&#8217;Estructura de la Cadena Alimentària. Ministerio de Medio Ambiente, y Medio Rural y Marino. MARM.</p>
<p>Desembre 2006 – Setembre 2008 Subdirector General d&#8217;Indústries, Innovació i Comercialització Agroalimentària. Ministerio de Agricultura, Pesca y Alimentación.</p>
<p>Juny 2004 – Desembre 2006 Subdirector General d&#8217;Indústries, Comercialització i Distribució Agroalimentària. Ministerio de Agricultura, Pesca y Alimentación</p>
<p>Autor de publicacions en diferents revistes nacionals especialitzades sobre temes de distribució i consum.</p>
<p>Participació com a ponent en cursos, congressos, jornades, fòrums i esdeveniments relacionats amb l&#8217; agricultura, l&#8217; alimentació i la cadena alimentària.</p>
[/vc_column_text][/vc_column][/vc_row]
