{"id":16393,"date":"2024-02-26T17:42:06","date_gmt":"2024-02-26T17:42:06","guid":{"rendered":"https:\/\/congresodietamediterranea.com\/ponents\/maira-bes-rastrollo\/"},"modified":"2024-03-14T23:22:27","modified_gmt":"2024-03-14T23:22:27","slug":"maira-bes-rastrollo","status":"publish","type":"page","link":"https:\/\/congresodietamediterranea.com\/ca\/ponents\/maira-bes-rastrollo\/","title":{"rendered":"Maira Bes-Rastrollo"},"content":{"rendered":"[vc_row type=&#8221;in_container&#8221; full_screen_row_position=&#8221;middle&#8221; scene_position=&#8221;center&#8221; text_color=&#8221;dark&#8221; text_align=&#8221;left&#8221; overlay_strength=&#8221;0.3&#8243; shape_divider_position=&#8221;bottom&#8221; bg_image_animation=&#8221;none&#8221;][vc_column column_padding=&#8221;no-extra-padding&#8221; column_padding_position=&#8221;all&#8221; background_color_opacity=&#8221;1&#8243; background_hover_color_opacity=&#8221;1&#8243; column_link_target=&#8221;_self&#8221; column_shadow=&#8221;none&#8221; column_border_radius=&#8221;none&#8221; width=&#8221;1\/4&#8243; tablet_width_inherit=&#8221;default&#8221; tablet_text_alignment=&#8221;default&#8221; phone_text_alignment=&#8221;default&#8221; column_border_width=&#8221;none&#8221; column_border_style=&#8221;solid&#8221; bg_image_animation=&#8221;none&#8221;]<div class=\"img-with-aniamtion-wrap center\" data-max-width=\"100%\" data-border-radius=\"20px\"><div class=\"inner\"><img data-shadow=\"none\" data-shadow-direction=\"middle\" class=\"img-with-animation skip-lazy \" data-delay=\"0\" height=\"1000\" width=\"1000\"  data-animation=\"fade-in\" src=\"https:\/\/congresodietamediterranea.com\/wp-content\/uploads\/2024\/03\/Bes-Rastrollo_Maira.png\" srcset=\"https:\/\/congresodietamediterranea.com\/wp-content\/uploads\/2024\/03\/Bes-Rastrollo_Maira.png 1000w, https:\/\/congresodietamediterranea.com\/wp-content\/uploads\/2024\/03\/Bes-Rastrollo_Maira-300x300.png 300w, https:\/\/congresodietamediterranea.com\/wp-content\/uploads\/2024\/03\/Bes-Rastrollo_Maira-150x150.png 150w, https:\/\/congresodietamediterranea.com\/wp-content\/uploads\/2024\/03\/Bes-Rastrollo_Maira-768x768.png 768w, https:\/\/congresodietamediterranea.com\/wp-content\/uploads\/2024\/03\/Bes-Rastrollo_Maira-100x100.png 100w, https:\/\/congresodietamediterranea.com\/wp-content\/uploads\/2024\/03\/Bes-Rastrollo_Maira-140x140.png 140w, https:\/\/congresodietamediterranea.com\/wp-content\/uploads\/2024\/03\/Bes-Rastrollo_Maira-500x500.png 500w, https:\/\/congresodietamediterranea.com\/wp-content\/uploads\/2024\/03\/Bes-Rastrollo_Maira-350x350.png 350w, https:\/\/congresodietamediterranea.com\/wp-content\/uploads\/2024\/03\/Bes-Rastrollo_Maira-800x800.png 800w, https:\/\/congresodietamediterranea.com\/wp-content\/uploads\/2024\/03\/Bes-Rastrollo_Maira-375x375.png 375w, https:\/\/congresodietamediterranea.com\/wp-content\/uploads\/2024\/03\/Bes-Rastrollo_Maira-600x600.png 600w\" sizes=\"100vw\" alt=\"\" \/><\/div><\/div>[\/vc_column][vc_column column_padding=&#8221;no-extra-padding&#8221; column_padding_position=&#8221;all&#8221; background_color_opacity=&#8221;1&#8243; background_hover_color_opacity=&#8221;1&#8243; column_link_target=&#8221;_self&#8221; column_shadow=&#8221;none&#8221; column_border_radius=&#8221;none&#8221; width=&#8221;3\/4&#8243; tablet_width_inherit=&#8221;default&#8221; tablet_text_alignment=&#8221;default&#8221; phone_text_alignment=&#8221;default&#8221; column_border_width=&#8221;none&#8221; column_border_style=&#8221;solid&#8221; bg_image_animation=&#8221;none&#8221;][vc_column_text]Maira Bes-Rastrollo \u00e9s Catedr\u00e0tica de Medicina Preventiva i Salut P\u00fablica en la Universitat de Navarra. \u00c9s investigadora responsable del grup \u201cDieta i estils de vida\u201d de l&#8217;Institut de Recerca Sanit\u00e0ria de Navarra (IdiSNA), membre de CIBERobn i coordinadora del grup de treball en nutrici\u00f3 de la Societat Espanyola d&#8217;Epidemiologia. \u00c9s l&#8217;autora de m\u00e9s de 280 publicacions cient\u00edfiques en el camp de l&#8217;epidemiologia nutricional i la salut p\u00fablica. Ha estat citada m\u00e9s de 14.000 vegades.<\/p>\n<p>&nbsp;<\/p>\n<p>Ha dirigit 13 tesis doctorals que han obtingut la m\u00e0xima qualificaci\u00f3. En l&#8217;actualitat dirigeix a 5 doctorands i ha participat o participa en 23 projectes de recerca nacionals i internacionals, sent la investigadora principal en 14 d&#8217;ells.[\/vc_column_text][\/vc_column][\/vc_row]\n","protected":false},"excerpt":{"rendered":"<p>[vc_row type=&#8221;in_container&#8221; full_screen_row_position=&#8221;middle&#8221; scene_position=&#8221;center&#8221; text_color=&#8221;dark&#8221; text_align=&#8221;left&#8221; overlay_strength=&#8221;0.3&#8243; shape_divider_position=&#8221;bottom&#8221; bg_image_animation=&#8221;none&#8221;][vc_column column_padding=&#8221;no-extra-padding&#8221; column_padding_position=&#8221;all&#8221; background_color_opacity=&#8221;1&#8243; background_hover_color_opacity=&#8221;1&#8243; column_link_target=&#8221;_self&#8221; column_shadow=&#8221;none&#8221; column_border_radius=&#8221;none&#8221; width=&#8221;1\/4&#8243; tablet_width_inherit=&#8221;default&#8221; tablet_text_alignment=&#8221;default&#8221; phone_text_alignment=&#8221;default&#8221; column_border_width=&#8221;none&#8221; column_border_style=&#8221;solid&#8221; bg_image_animation=&#8221;none&#8221;][\/vc_column][vc_column column_padding=&#8221;no-extra-padding&#8221; column_padding_position=&#8221;all&#8221; background_color_opacity=&#8221;1&#8243; background_hover_color_opacity=&#8221;1&#8243; column_link_target=&#8221;_self&#8221; column_shadow=&#8221;none&#8221; column_border_radius=&#8221;none&#8221;&#8230;<\/p>\n","protected":false},"author":9192195,"featured_media":0,"parent":16153,"menu_order":0,"comment_status":"closed","ping_status":"closed","template":"","meta":[],"_links":{"self":[{"href":"https:\/\/congresodietamediterranea.com\/ca\/wp-json\/wp\/v2\/pages\/16393\/"}],"collection":[{"href":"https:\/\/congresodietamediterranea.com\/ca\/wp-json\/wp\/v2\/pages\/"}],"about":[{"href":"https:\/\/congresodietamediterranea.com\/ca\/wp-json\/wp\/v2\/types\/page\/"}],"author":[{"embeddable":true,"href":"https:\/\/congresodietamediterranea.com\/ca\/wp-json\/wp\/v2\/users\/9192195\/"}],"replies":[{"embeddable":true,"href":"https:\/\/congresodietamediterranea.com\/ca\/wp-json\/wp\/v2\/comments\/?post=16393"}],"version-history":[{"count":2,"href":"https:\/\/congresodietamediterranea.com\/ca\/wp-json\/wp\/v2\/pages\/16393\/revisions\/"}],"predecessor-version":[{"id":16462,"href":"https:\/\/congresodietamediterranea.com\/ca\/wp-json\/wp\/v2\/pages\/16393\/revisions\/16462\/"}],"up":[{"embeddable":true,"href":"https:\/\/congresodietamediterranea.com\/ca\/wp-json\/wp\/v2\/pages\/16153\/"}],"wp:attachment":[{"href":"https:\/\/congresodietamediterranea.com\/ca\/wp-json\/wp\/v2\/media\/?parent=16393"}],"curies":[{"name":"wp","href":"https:\/\/api.w.org\/{rel}","templated":true}]}}

[vc_row type=&#8221;in_container&#8221; full_screen_row_position=&#8221;middle&#8221; scene_position=&#8221;center&#8221; text_color=&#8221;dark&#8221; text_align=&#8221;left&#8221; overlay_strength=&#8221;0.3&#8243; shape_divider_position=&#8221;bottom&#8221; bg_image_animation=&#8221;none&#8221;][vc_column column_padding=&#8221;no-extra-padding&#8221; column_padding_position=&#8221;all&#8221; background_color_opacity=&#8221;1&#8243; background_hover_color_opacity=&#8221;1&#8243; column_link_target=&#8221;_self&#8221; column_shadow=&#8221;none&#8221; column_border_radius=&#8221;none&#8221; width=&#8221;1/4&#8243; tablet_width_inherit=&#8221;default&#8221; tablet_text_alignment=&#8221;default&#8221; phone_text_alignment=&#8221;default&#8221; column_border_width=&#8221;none&#8221; column_border_style=&#8221;solid&#8221; bg_image_animation=&#8221;none&#8221;]<div class="img-with-aniamtion-wrap center" data-max-width="100%" data-border-radius="20px"><div class="inner"><img data-shadow="none" data-shadow-direction="middle" class="img-with-animation skip-lazy " data-delay="0" height="1000" width="1000"  data-animation="fade-in" src="https://congresodietamediterranea.com/wp-content/uploads/2024/03/Bes-Rastrollo_Maira.png" srcset="https://congresodietamediterranea.com/wp-content/uploads/2024/03/Bes-Rastrollo_Maira.png 1000w, https://congresodietamediterranea.com/wp-content/uploads/2024/03/Bes-Rastrollo_Maira-300x300.png 300w, https://congresodietamediterranea.com/wp-content/uploads/2024/03/Bes-Rastrollo_Maira-150x150.png 150w, https://congresodietamediterranea.com/wp-content/uploads/2024/03/Bes-Rastrollo_Maira-768x768.png 768w, https://congresodietamediterranea.com/wp-content/uploads/2024/03/Bes-Rastrollo_Maira-100x100.png 100w, https://congresodietamediterranea.com/wp-content/uploads/2024/03/Bes-Rastrollo_Maira-140x140.png 140w, https://congresodietamediterranea.com/wp-content/uploads/2024/03/Bes-Rastrollo_Maira-500x500.png 500w, https://congresodietamediterranea.com/wp-content/uploads/2024/03/Bes-Rastrollo_Maira-350x350.png 350w, https://congresodietamediterranea.com/wp-content/uploads/2024/03/Bes-Rastrollo_Maira-800x800.png 800w, https://congresodietamediterranea.com/wp-content/uploads/2024/03/Bes-Rastrollo_Maira-375x375.png 375w, https://congresodietamediterranea.com/wp-content/uploads/2024/03/Bes-Rastrollo_Maira-600x600.png 600w" sizes="100vw" alt="" /></div></div>[/vc_column][vc_column column_padding=&#8221;no-extra-padding&#8221; column_padding_position=&#8221;all&#8221; background_color_opacity=&#8221;1&#8243; background_hover_color_opacity=&#8221;1&#8243; column_link_target=&#8221;_self&#8221; column_shadow=&#8221;none&#8221; column_border_radius=&#8221;none&#8221; width=&#8221;3/4&#8243; tablet_width_inherit=&#8221;default&#8221; tablet_text_alignment=&#8221;default&#8221; phone_text_alignment=&#8221;default&#8221; column_border_width=&#8221;none&#8221; column_border_style=&#8221;solid&#8221; bg_image_animation=&#8221;none&#8221;][vc_column_text]Maira Bes-Rastrollo és Catedràtica de Medicina Preventiva i Salut Pública en la Universitat de Navarra. És investigadora responsable del grup “Dieta i estils de vida” de l&#8217;Institut de Recerca Sanitària de Navarra (IdiSNA), membre de CIBERobn i coordinadora del grup de treball en nutrició de la Societat Espanyola d&#8217;Epidemiologia. És l&#8217;autora de més de 280 publicacions científiques en el camp de l&#8217;epidemiologia nutricional i la salut pública. Ha estat citada més de 14.000 vegades.</p>
<p>&nbsp;</p>
<p>Ha dirigit 13 tesis doctorals que han obtingut la màxima qualificació. En l&#8217;actualitat dirigeix a 5 doctorands i ha participat o participa en 23 projectes de recerca nacionals i internacionals, sent la investigadora principal en 14 d&#8217;ells.[/vc_column_text][/vc_column][/vc_row]
