{"id":16401,"date":"2024-02-23T12:42:32","date_gmt":"2024-02-23T12:42:32","guid":{"rendered":"https:\/\/congresodietamediterranea.com\/ponents\/raul-zamora\/"},"modified":"2024-03-14T23:23:06","modified_gmt":"2024-03-14T23:23:06","slug":"raul-zamora","status":"publish","type":"page","link":"https:\/\/congresodietamediterranea.com\/ca\/ponents\/raul-zamora\/","title":{"rendered":"Ra\u00fal Zamora"},"content":{"rendered":"[vc_row type=&#8221;in_container&#8221; full_screen_row_position=&#8221;middle&#8221; scene_position=&#8221;center&#8221; text_color=&#8221;dark&#8221; text_align=&#8221;left&#8221; overlay_strength=&#8221;0.3&#8243; shape_divider_position=&#8221;bottom&#8221; bg_image_animation=&#8221;none&#8221;][vc_column column_padding=&#8221;no-extra-padding&#8221; column_padding_position=&#8221;all&#8221; background_color_opacity=&#8221;1&#8243; background_hover_color_opacity=&#8221;1&#8243; column_link_target=&#8221;_self&#8221; column_shadow=&#8221;none&#8221; column_border_radius=&#8221;none&#8221; width=&#8221;1\/4&#8243; tablet_width_inherit=&#8221;default&#8221; tablet_text_alignment=&#8221;default&#8221; phone_text_alignment=&#8221;default&#8221; column_border_width=&#8221;none&#8221; column_border_style=&#8221;solid&#8221; bg_image_animation=&#8221;none&#8221;]<div class=\"img-with-aniamtion-wrap center\" data-max-width=\"100%\" data-border-radius=\"20px\"><div class=\"inner\"><img data-shadow=\"none\" data-shadow-direction=\"middle\" class=\"img-with-animation skip-lazy \" data-delay=\"0\" height=\"1000\" width=\"1000\"  data-animation=\"fade-in\" src=\"https:\/\/congresodietamediterranea.com\/wp-content\/uploads\/2024\/02\/Zamora_Raul.png\" srcset=\"https:\/\/congresodietamediterranea.com\/wp-content\/uploads\/2024\/02\/Zamora_Raul.png 1000w, https:\/\/congresodietamediterranea.com\/wp-content\/uploads\/2024\/02\/Zamora_Raul-300x300.png 300w, https:\/\/congresodietamediterranea.com\/wp-content\/uploads\/2024\/02\/Zamora_Raul-150x150.png 150w, https:\/\/congresodietamediterranea.com\/wp-content\/uploads\/2024\/02\/Zamora_Raul-768x768.png 768w, https:\/\/congresodietamediterranea.com\/wp-content\/uploads\/2024\/02\/Zamora_Raul-100x100.png 100w, https:\/\/congresodietamediterranea.com\/wp-content\/uploads\/2024\/02\/Zamora_Raul-140x140.png 140w, https:\/\/congresodietamediterranea.com\/wp-content\/uploads\/2024\/02\/Zamora_Raul-500x500.png 500w, https:\/\/congresodietamediterranea.com\/wp-content\/uploads\/2024\/02\/Zamora_Raul-350x350.png 350w, https:\/\/congresodietamediterranea.com\/wp-content\/uploads\/2024\/02\/Zamora_Raul-800x800.png 800w, https:\/\/congresodietamediterranea.com\/wp-content\/uploads\/2024\/02\/Zamora_Raul-375x375.png 375w, https:\/\/congresodietamediterranea.com\/wp-content\/uploads\/2024\/02\/Zamora_Raul-600x600.png 600w\" sizes=\"100vw\" alt=\"\" \/><\/div><\/div>[\/vc_column][vc_column column_padding=&#8221;no-extra-padding&#8221; column_padding_position=&#8221;all&#8221; background_color_opacity=&#8221;1&#8243; background_hover_color_opacity=&#8221;1&#8243; column_link_target=&#8221;_self&#8221; column_shadow=&#8221;none&#8221; column_border_radius=&#8221;none&#8221; width=&#8221;3\/4&#8243; tablet_width_inherit=&#8221;default&#8221; tablet_text_alignment=&#8221;default&#8221; phone_text_alignment=&#8221;default&#8221; column_border_width=&#8221;none&#8221; column_border_style=&#8221;solid&#8221; bg_image_animation=&#8221;none&#8221;][vc_column_text]Raul Zamora-Ros, PhD<\/p>\n<p>Unitat de Nutrici\u00f3 i C\u00e0ncer, Institut Catal\u00e0 d&#8217;Oncologia (#ICO) \u2013 Institut de Recerca Biom\u00e8dica de Bellvitge (IDIBELL), Barcelona.<\/p>\n<p>ORCID: orcid.org\/0000-0002-6236-6804<\/p>\n<p>Website: https:\/\/icoepi.net\/staff\/raul-zamora<\/p>\n<p>Raul treballa com a investigador principal i co-Cap de la Unitat Nutrici\u00f3 i C\u00e0ncer en l&#8217;Institut de Recerca biom\u00e8dica de Bellvitge (IDIBELL). Es va graduar en Nutrici\u00f3 Humana i Diet\u00e8tica i en Ci\u00e8ncia i Tecnologia dels Aliments i tamb\u00e9 t\u00e9 un m\u00e0ster en Estad\u00edstica i Epidemiologia. Raul va obtenir el seu Doctorat de la Universitat de Barcelona en 2008. Les seves estades postdoctorals van ser en IDIBELL, International Agency for Research on Cancer (IARC, Li\u00f3) i la Universitat de Cambridge, abans de #reincorporar de nou al IDIBELL en 2016. Les seves l\u00ednies de recerca estan enfocades a estudiar els factors diet\u00e8tics, especialment polifenoles i dietes riques en aquests compostos, i el desenvolupament de malalties cr\u00f2niques. Fins avui, Raul \u00e9s autor de m\u00e9s de 150 articles cient\u00edfics (&gt;6,000 citacions, \u00edndex h: 46) i m\u00e9s de 10 cap\u00edtols de llibre en la seva \u00e0rea[\/vc_column_text][\/vc_column][\/vc_row]\n","protected":false},"excerpt":{"rendered":"<p>[vc_row type=&#8221;in_container&#8221; full_screen_row_position=&#8221;middle&#8221; scene_position=&#8221;center&#8221; text_color=&#8221;dark&#8221; text_align=&#8221;left&#8221; overlay_strength=&#8221;0.3&#8243; shape_divider_position=&#8221;bottom&#8221; bg_image_animation=&#8221;none&#8221;][vc_column column_padding=&#8221;no-extra-padding&#8221; column_padding_position=&#8221;all&#8221; background_color_opacity=&#8221;1&#8243; background_hover_color_opacity=&#8221;1&#8243; column_link_target=&#8221;_self&#8221; column_shadow=&#8221;none&#8221; column_border_radius=&#8221;none&#8221; width=&#8221;1\/4&#8243; tablet_width_inherit=&#8221;default&#8221; tablet_text_alignment=&#8221;default&#8221; phone_text_alignment=&#8221;default&#8221; column_border_width=&#8221;none&#8221; column_border_style=&#8221;solid&#8221; bg_image_animation=&#8221;none&#8221;][\/vc_column][vc_column column_padding=&#8221;no-extra-padding&#8221; column_padding_position=&#8221;all&#8221; background_color_opacity=&#8221;1&#8243; background_hover_color_opacity=&#8221;1&#8243; column_link_target=&#8221;_self&#8221; column_shadow=&#8221;none&#8221; column_border_radius=&#8221;none&#8221;&#8230;<\/p>\n","protected":false},"author":9192195,"featured_media":0,"parent":16153,"menu_order":0,"comment_status":"closed","ping_status":"closed","template":"","meta":[],"_links":{"self":[{"href":"https:\/\/congresodietamediterranea.com\/ca\/wp-json\/wp\/v2\/pages\/16401\/"}],"collection":[{"href":"https:\/\/congresodietamediterranea.com\/ca\/wp-json\/wp\/v2\/pages\/"}],"about":[{"href":"https:\/\/congresodietamediterranea.com\/ca\/wp-json\/wp\/v2\/types\/page\/"}],"author":[{"embeddable":true,"href":"https:\/\/congresodietamediterranea.com\/ca\/wp-json\/wp\/v2\/users\/9192195\/"}],"replies":[{"embeddable":true,"href":"https:\/\/congresodietamediterranea.com\/ca\/wp-json\/wp\/v2\/comments\/?post=16401"}],"version-history":[{"count":1,"href":"https:\/\/congresodietamediterranea.com\/ca\/wp-json\/wp\/v2\/pages\/16401\/revisions\/"}],"predecessor-version":[{"id":16464,"href":"https:\/\/congresodietamediterranea.com\/ca\/wp-json\/wp\/v2\/pages\/16401\/revisions\/16464\/"}],"up":[{"embeddable":true,"href":"https:\/\/congresodietamediterranea.com\/ca\/wp-json\/wp\/v2\/pages\/16153\/"}],"wp:attachment":[{"href":"https:\/\/congresodietamediterranea.com\/ca\/wp-json\/wp\/v2\/media\/?parent=16401"}],"curies":[{"name":"wp","href":"https:\/\/api.w.org\/{rel}","templated":true}]}}

Raúl Zamora

[vc_row type=&#8221;in_container&#8221; full_screen_row_position=&#8221;middle&#8221; scene_position=&#8221;center&#8221; text_color=&#8221;dark&#8221; text_align=&#8221;left&#8221; overlay_strength=&#8221;0.3&#8243; shape_divider_position=&#8221;bottom&#8221; bg_image_animation=&#8221;none&#8221;][vc_column column_padding=&#8221;no-extra-padding&#8221; column_padding_position=&#8221;all&#8221; background_color_opacity=&#8221;1&#8243; background_hover_color_opacity=&#8221;1&#8243; column_link_target=&#8221;_self&#8221; column_shadow=&#8221;none&#8221; column_border_radius=&#8221;none&#8221; width=&#8221;1/4&#8243; tablet_width_inherit=&#8221;default&#8221; tablet_text_alignment=&#8221;default&#8221; phone_text_alignment=&#8221;default&#8221; column_border_width=&#8221;none&#8221; column_border_style=&#8221;solid&#8221; bg_image_animation=&#8221;none&#8221;]<div class="img-with-aniamtion-wrap center" data-max-width="100%" data-border-radius="20px"><div class="inner"><img data-shadow="none" data-shadow-direction="middle" class="img-with-animation skip-lazy " data-delay="0" height="1000" width="1000"  data-animation="fade-in" src="https://congresodietamediterranea.com/wp-content/uploads/2024/02/Zamora_Raul.png" srcset="https://congresodietamediterranea.com/wp-content/uploads/2024/02/Zamora_Raul.png 1000w, https://congresodietamediterranea.com/wp-content/uploads/2024/02/Zamora_Raul-300x300.png 300w, https://congresodietamediterranea.com/wp-content/uploads/2024/02/Zamora_Raul-150x150.png 150w, https://congresodietamediterranea.com/wp-content/uploads/2024/02/Zamora_Raul-768x768.png 768w, https://congresodietamediterranea.com/wp-content/uploads/2024/02/Zamora_Raul-100x100.png 100w, https://congresodietamediterranea.com/wp-content/uploads/2024/02/Zamora_Raul-140x140.png 140w, https://congresodietamediterranea.com/wp-content/uploads/2024/02/Zamora_Raul-500x500.png 500w, https://congresodietamediterranea.com/wp-content/uploads/2024/02/Zamora_Raul-350x350.png 350w, https://congresodietamediterranea.com/wp-content/uploads/2024/02/Zamora_Raul-800x800.png 800w, https://congresodietamediterranea.com/wp-content/uploads/2024/02/Zamora_Raul-375x375.png 375w, https://congresodietamediterranea.com/wp-content/uploads/2024/02/Zamora_Raul-600x600.png 600w" sizes="100vw" alt="" /></div></div>[/vc_column][vc_column column_padding=&#8221;no-extra-padding&#8221; column_padding_position=&#8221;all&#8221; background_color_opacity=&#8221;1&#8243; background_hover_color_opacity=&#8221;1&#8243; column_link_target=&#8221;_self&#8221; column_shadow=&#8221;none&#8221; column_border_radius=&#8221;none&#8221; width=&#8221;3/4&#8243; tablet_width_inherit=&#8221;default&#8221; tablet_text_alignment=&#8221;default&#8221; phone_text_alignment=&#8221;default&#8221; column_border_width=&#8221;none&#8221; column_border_style=&#8221;solid&#8221; bg_image_animation=&#8221;none&#8221;][vc_column_text]Raul Zamora-Ros, PhD</p>
<p>Unitat de Nutrició i Càncer, Institut Català d&#8217;Oncologia (#ICO) – Institut de Recerca Biomèdica de Bellvitge (IDIBELL), Barcelona.</p>
<p>ORCID: orcid.org/0000-0002-6236-6804</p>
<p>Website: https://icoepi.net/staff/raul-zamora</p>
<p>Raul treballa com a investigador principal i co-Cap de la Unitat Nutrició i Càncer en l&#8217;Institut de Recerca biomèdica de Bellvitge (IDIBELL). Es va graduar en Nutrició Humana i Dietètica i en Ciència i Tecnologia dels Aliments i també té un màster en Estadística i Epidemiologia. Raul va obtenir el seu Doctorat de la Universitat de Barcelona en 2008. Les seves estades postdoctorals van ser en IDIBELL, International Agency for Research on Cancer (IARC, Lió) i la Universitat de Cambridge, abans de #reincorporar de nou al IDIBELL en 2016. Les seves línies de recerca estan enfocades a estudiar els factors dietètics, especialment polifenoles i dietes riques en aquests compostos, i el desenvolupament de malalties cròniques. Fins avui, Raul és autor de més de 150 articles científics (&gt;6,000 citacions, índex h: 46) i més de 10 capítols de llibre en la seva àrea[/vc_column_text][/vc_column][/vc_row]
