{"id":16404,"date":"2024-02-23T12:34:46","date_gmt":"2024-02-23T12:34:46","guid":{"rendered":"https:\/\/congresodietamediterranea.com\/ponents\/roberto-volpe\/"},"modified":"2024-03-14T23:22:08","modified_gmt":"2024-03-14T23:22:08","slug":"roberto-volpe","status":"publish","type":"page","link":"https:\/\/congresodietamediterranea.com\/ca\/ponents\/roberto-volpe\/","title":{"rendered":"Roberto Volpe"},"content":{"rendered":"[vc_row type=&#8221;in_container&#8221; full_screen_row_position=&#8221;middle&#8221; scene_position=&#8221;center&#8221; text_color=&#8221;dark&#8221; text_align=&#8221;left&#8221; overlay_strength=&#8221;0.3&#8243; shape_divider_position=&#8221;bottom&#8221; bg_image_animation=&#8221;none&#8221;][vc_column column_padding=&#8221;no-extra-padding&#8221; column_padding_position=&#8221;all&#8221; background_color_opacity=&#8221;1&#8243; background_hover_color_opacity=&#8221;1&#8243; column_link_target=&#8221;_self&#8221; column_shadow=&#8221;none&#8221; column_border_radius=&#8221;none&#8221; width=&#8221;1\/4&#8243; tablet_width_inherit=&#8221;default&#8221; tablet_text_alignment=&#8221;default&#8221; phone_text_alignment=&#8221;default&#8221; column_border_width=&#8221;none&#8221; column_border_style=&#8221;solid&#8221; bg_image_animation=&#8221;none&#8221;]<div class=\"img-with-aniamtion-wrap center\" data-max-width=\"100%\" data-border-radius=\"20px\"><div class=\"inner\"><img data-shadow=\"none\" data-shadow-direction=\"middle\" class=\"img-with-animation skip-lazy \" data-delay=\"0\" height=\"1000\" width=\"1000\"  data-animation=\"fade-in\" src=\"https:\/\/congresodietamediterranea.com\/wp-content\/uploads\/2024\/02\/Volpe_Roberto.png\" srcset=\"https:\/\/congresodietamediterranea.com\/wp-content\/uploads\/2024\/02\/Volpe_Roberto.png 1000w, https:\/\/congresodietamediterranea.com\/wp-content\/uploads\/2024\/02\/Volpe_Roberto-300x300.png 300w, https:\/\/congresodietamediterranea.com\/wp-content\/uploads\/2024\/02\/Volpe_Roberto-150x150.png 150w, https:\/\/congresodietamediterranea.com\/wp-content\/uploads\/2024\/02\/Volpe_Roberto-768x768.png 768w, https:\/\/congresodietamediterranea.com\/wp-content\/uploads\/2024\/02\/Volpe_Roberto-100x100.png 100w, https:\/\/congresodietamediterranea.com\/wp-content\/uploads\/2024\/02\/Volpe_Roberto-140x140.png 140w, https:\/\/congresodietamediterranea.com\/wp-content\/uploads\/2024\/02\/Volpe_Roberto-500x500.png 500w, https:\/\/congresodietamediterranea.com\/wp-content\/uploads\/2024\/02\/Volpe_Roberto-350x350.png 350w, https:\/\/congresodietamediterranea.com\/wp-content\/uploads\/2024\/02\/Volpe_Roberto-800x800.png 800w, https:\/\/congresodietamediterranea.com\/wp-content\/uploads\/2024\/02\/Volpe_Roberto-375x375.png 375w, https:\/\/congresodietamediterranea.com\/wp-content\/uploads\/2024\/02\/Volpe_Roberto-600x600.png 600w\" sizes=\"100vw\" alt=\"\" \/><\/div><\/div>[\/vc_column][vc_column column_padding=&#8221;no-extra-padding&#8221; column_padding_position=&#8221;all&#8221; background_color_opacity=&#8221;1&#8243; background_hover_color_opacity=&#8221;1&#8243; column_link_target=&#8221;_self&#8221; column_shadow=&#8221;none&#8221; column_border_radius=&#8221;none&#8221; width=&#8221;3\/4&#8243; tablet_width_inherit=&#8221;default&#8221; tablet_text_alignment=&#8221;default&#8221; phone_text_alignment=&#8221;default&#8221; column_border_width=&#8221;none&#8221; column_border_style=&#8221;solid&#8221; bg_image_animation=&#8221;none&#8221;][vc_column_text]Doctor en Medicina, especialitzat en Malalties Hep\u00e0tiques i Metab\u00f2liques (AMS), Doctor en Aterosclerosi (Cardiologia Preventiva), investigador del Consell Nacional de Recerca (CNR) de Roma, It\u00e0lia.<\/p>\n<p>Professor de Primers Auxilis a la Universitat La Sapienza de Roma i de Medicina Interna a la Universitat Nostra Signora del Buon Consiglio d&#8217;Elbasan, Alb\u00e0nia.<\/p>\n<p>Responsable de projectes nacionals i internacionals en nutrici\u00f3 i prevenci\u00f3 cardiovascular.<\/p>\n<p>Autor de 2 llibres i de m\u00e9s de 250 publicacions cient\u00edfiques.<\/p>\n<p>Membre de l&#8217;Alian\u00e7a Cardiocerebrovascular del Ministeri de Salut itali\u00e0; membre de REPRISE (registre d&#8217;experts cient\u00edfics creat al Ministeri d&#8217;Educaci\u00f3, Universitat i Investigaci\u00f3 itali\u00e0) per a la divulgaci\u00f3 cient\u00edfica; membre del consell cient\u00edfic i directiu de la Societat Italiana per a la Prevenci\u00f3 Cardiovascular (SIPREC) i representant de la Xarxa Europea del Cor (EHN) de Brussel\u00b7les, B\u00e8lgica; membre del consell cient\u00edfic de la Fundaci\u00f3 Dieta Mediterr\u00e0nia.<\/p>\n<p>Participaci\u00f3 en programes nacionals de r\u00e0dio i televisi\u00f3 que tractaven sobre nutrici\u00f3, hipercolesterol\u00e8mia i prevenci\u00f3 cardiovascular.<\/p>\n<p>Metge als Jocs Ol\u00edmpics de Rio 2016 (al torneig de golf).[\/vc_column_text][\/vc_column][\/vc_row]\n","protected":false},"excerpt":{"rendered":"<p>[vc_row type=&#8221;in_container&#8221; full_screen_row_position=&#8221;middle&#8221; scene_position=&#8221;center&#8221; text_color=&#8221;dark&#8221; text_align=&#8221;left&#8221; overlay_strength=&#8221;0.3&#8243; shape_divider_position=&#8221;bottom&#8221; bg_image_animation=&#8221;none&#8221;][vc_column column_padding=&#8221;no-extra-padding&#8221; column_padding_position=&#8221;all&#8221; background_color_opacity=&#8221;1&#8243; background_hover_color_opacity=&#8221;1&#8243; column_link_target=&#8221;_self&#8221; column_shadow=&#8221;none&#8221; column_border_radius=&#8221;none&#8221; width=&#8221;1\/4&#8243; tablet_width_inherit=&#8221;default&#8221; tablet_text_alignment=&#8221;default&#8221; phone_text_alignment=&#8221;default&#8221; column_border_width=&#8221;none&#8221; column_border_style=&#8221;solid&#8221; bg_image_animation=&#8221;none&#8221;][\/vc_column][vc_column column_padding=&#8221;no-extra-padding&#8221; column_padding_position=&#8221;all&#8221; background_color_opacity=&#8221;1&#8243; background_hover_color_opacity=&#8221;1&#8243; column_link_target=&#8221;_self&#8221; column_shadow=&#8221;none&#8221; column_border_radius=&#8221;none&#8221;&#8230;<\/p>\n","protected":false},"author":9192195,"featured_media":0,"parent":16153,"menu_order":0,"comment_status":"closed","ping_status":"closed","template":"","meta":[],"_links":{"self":[{"href":"https:\/\/congresodietamediterranea.com\/ca\/wp-json\/wp\/v2\/pages\/16404\/"}],"collection":[{"href":"https:\/\/congresodietamediterranea.com\/ca\/wp-json\/wp\/v2\/pages\/"}],"about":[{"href":"https:\/\/congresodietamediterranea.com\/ca\/wp-json\/wp\/v2\/types\/page\/"}],"author":[{"embeddable":true,"href":"https:\/\/congresodietamediterranea.com\/ca\/wp-json\/wp\/v2\/users\/9192195\/"}],"replies":[{"embeddable":true,"href":"https:\/\/congresodietamediterranea.com\/ca\/wp-json\/wp\/v2\/comments\/?post=16404"}],"version-history":[{"count":1,"href":"https:\/\/congresodietamediterranea.com\/ca\/wp-json\/wp\/v2\/pages\/16404\/revisions\/"}],"predecessor-version":[{"id":16460,"href":"https:\/\/congresodietamediterranea.com\/ca\/wp-json\/wp\/v2\/pages\/16404\/revisions\/16460\/"}],"up":[{"embeddable":true,"href":"https:\/\/congresodietamediterranea.com\/ca\/wp-json\/wp\/v2\/pages\/16153\/"}],"wp:attachment":[{"href":"https:\/\/congresodietamediterranea.com\/ca\/wp-json\/wp\/v2\/media\/?parent=16404"}],"curies":[{"name":"wp","href":"https:\/\/api.w.org\/{rel}","templated":true}]}}

[vc_row type=&#8221;in_container&#8221; full_screen_row_position=&#8221;middle&#8221; scene_position=&#8221;center&#8221; text_color=&#8221;dark&#8221; text_align=&#8221;left&#8221; overlay_strength=&#8221;0.3&#8243; shape_divider_position=&#8221;bottom&#8221; bg_image_animation=&#8221;none&#8221;][vc_column column_padding=&#8221;no-extra-padding&#8221; column_padding_position=&#8221;all&#8221; background_color_opacity=&#8221;1&#8243; background_hover_color_opacity=&#8221;1&#8243; column_link_target=&#8221;_self&#8221; column_shadow=&#8221;none&#8221; column_border_radius=&#8221;none&#8221; width=&#8221;1/4&#8243; tablet_width_inherit=&#8221;default&#8221; tablet_text_alignment=&#8221;default&#8221; phone_text_alignment=&#8221;default&#8221; column_border_width=&#8221;none&#8221; column_border_style=&#8221;solid&#8221; bg_image_animation=&#8221;none&#8221;]<div class="img-with-aniamtion-wrap center" data-max-width="100%" data-border-radius="20px"><div class="inner"><img data-shadow="none" data-shadow-direction="middle" class="img-with-animation skip-lazy " data-delay="0" height="1000" width="1000"  data-animation="fade-in" src="https://congresodietamediterranea.com/wp-content/uploads/2024/02/Volpe_Roberto.png" srcset="https://congresodietamediterranea.com/wp-content/uploads/2024/02/Volpe_Roberto.png 1000w, https://congresodietamediterranea.com/wp-content/uploads/2024/02/Volpe_Roberto-300x300.png 300w, https://congresodietamediterranea.com/wp-content/uploads/2024/02/Volpe_Roberto-150x150.png 150w, https://congresodietamediterranea.com/wp-content/uploads/2024/02/Volpe_Roberto-768x768.png 768w, https://congresodietamediterranea.com/wp-content/uploads/2024/02/Volpe_Roberto-100x100.png 100w, https://congresodietamediterranea.com/wp-content/uploads/2024/02/Volpe_Roberto-140x140.png 140w, https://congresodietamediterranea.com/wp-content/uploads/2024/02/Volpe_Roberto-500x500.png 500w, https://congresodietamediterranea.com/wp-content/uploads/2024/02/Volpe_Roberto-350x350.png 350w, https://congresodietamediterranea.com/wp-content/uploads/2024/02/Volpe_Roberto-800x800.png 800w, https://congresodietamediterranea.com/wp-content/uploads/2024/02/Volpe_Roberto-375x375.png 375w, https://congresodietamediterranea.com/wp-content/uploads/2024/02/Volpe_Roberto-600x600.png 600w" sizes="100vw" alt="" /></div></div>[/vc_column][vc_column column_padding=&#8221;no-extra-padding&#8221; column_padding_position=&#8221;all&#8221; background_color_opacity=&#8221;1&#8243; background_hover_color_opacity=&#8221;1&#8243; column_link_target=&#8221;_self&#8221; column_shadow=&#8221;none&#8221; column_border_radius=&#8221;none&#8221; width=&#8221;3/4&#8243; tablet_width_inherit=&#8221;default&#8221; tablet_text_alignment=&#8221;default&#8221; phone_text_alignment=&#8221;default&#8221; column_border_width=&#8221;none&#8221; column_border_style=&#8221;solid&#8221; bg_image_animation=&#8221;none&#8221;][vc_column_text]Doctor en Medicina, especialitzat en Malalties Hepàtiques i Metabòliques (AMS), Doctor en Aterosclerosi (Cardiologia Preventiva), investigador del Consell Nacional de Recerca (CNR) de Roma, Itàlia.</p>
<p>Professor de Primers Auxilis a la Universitat La Sapienza de Roma i de Medicina Interna a la Universitat Nostra Signora del Buon Consiglio d&#8217;Elbasan, Albània.</p>
<p>Responsable de projectes nacionals i internacionals en nutrició i prevenció cardiovascular.</p>
<p>Autor de 2 llibres i de més de 250 publicacions científiques.</p>
<p>Membre de l&#8217;Aliança Cardiocerebrovascular del Ministeri de Salut italià; membre de REPRISE (registre d&#8217;experts científics creat al Ministeri d&#8217;Educació, Universitat i Investigació italià) per a la divulgació científica; membre del consell científic i directiu de la Societat Italiana per a la Prevenció Cardiovascular (SIPREC) i representant de la Xarxa Europea del Cor (EHN) de Brussel·les, Bèlgica; membre del consell científic de la Fundació Dieta Mediterrània.</p>
<p>Participació en programes nacionals de ràdio i televisió que tractaven sobre nutrició, hipercolesterolèmia i prevenció cardiovascular.</p>
<p>Metge als Jocs Olímpics de Rio 2016 (al torneig de golf).[/vc_column_text][/vc_column][/vc_row]
