{"id":16413,"date":"2024-02-23T11:39:35","date_gmt":"2024-02-23T11:39:35","guid":{"rendered":"https:\/\/congresodietamediterranea.com\/ponents\/stefanos-n-kales\/"},"modified":"2024-03-14T22:55:42","modified_gmt":"2024-03-14T22:55:42","slug":"stefanos-n-kales","status":"publish","type":"page","link":"https:\/\/congresodietamediterranea.com\/ca\/ponents\/stefanos-n-kales\/","title":{"rendered":"Stefanos N. Kales"},"content":{"rendered":"[vc_row type=&#8221;in_container&#8221; full_screen_row_position=&#8221;middle&#8221; scene_position=&#8221;center&#8221; text_color=&#8221;dark&#8221; text_align=&#8221;left&#8221; overlay_strength=&#8221;0.3&#8243; shape_divider_position=&#8221;bottom&#8221; bg_image_animation=&#8221;none&#8221;][vc_column column_padding=&#8221;no-extra-padding&#8221; column_padding_position=&#8221;all&#8221; background_color_opacity=&#8221;1&#8243; background_hover_color_opacity=&#8221;1&#8243; column_link_target=&#8221;_self&#8221; column_shadow=&#8221;none&#8221; column_border_radius=&#8221;none&#8221; width=&#8221;1\/4&#8243; tablet_width_inherit=&#8221;default&#8221; tablet_text_alignment=&#8221;default&#8221; phone_text_alignment=&#8221;default&#8221; column_border_width=&#8221;none&#8221; column_border_style=&#8221;solid&#8221; bg_image_animation=&#8221;none&#8221;]<div class=\"img-with-aniamtion-wrap center\" data-max-width=\"100%\" data-border-radius=\"20px\"><div class=\"inner\"><img data-shadow=\"none\" data-shadow-direction=\"middle\" class=\"img-with-animation skip-lazy \" data-delay=\"0\" height=\"1000\" width=\"1000\"  data-animation=\"fade-in\" src=\"https:\/\/congresodietamediterranea.com\/wp-content\/uploads\/2024\/02\/Kales_Stefanos-N.png\" srcset=\"https:\/\/congresodietamediterranea.com\/wp-content\/uploads\/2024\/02\/Kales_Stefanos-N.png 1000w, https:\/\/congresodietamediterranea.com\/wp-content\/uploads\/2024\/02\/Kales_Stefanos-N-300x300.png 300w, https:\/\/congresodietamediterranea.com\/wp-content\/uploads\/2024\/02\/Kales_Stefanos-N-150x150.png 150w, https:\/\/congresodietamediterranea.com\/wp-content\/uploads\/2024\/02\/Kales_Stefanos-N-768x768.png 768w, https:\/\/congresodietamediterranea.com\/wp-content\/uploads\/2024\/02\/Kales_Stefanos-N-100x100.png 100w, https:\/\/congresodietamediterranea.com\/wp-content\/uploads\/2024\/02\/Kales_Stefanos-N-140x140.png 140w, https:\/\/congresodietamediterranea.com\/wp-content\/uploads\/2024\/02\/Kales_Stefanos-N-500x500.png 500w, https:\/\/congresodietamediterranea.com\/wp-content\/uploads\/2024\/02\/Kales_Stefanos-N-350x350.png 350w, https:\/\/congresodietamediterranea.com\/wp-content\/uploads\/2024\/02\/Kales_Stefanos-N-800x800.png 800w, https:\/\/congresodietamediterranea.com\/wp-content\/uploads\/2024\/02\/Kales_Stefanos-N-375x375.png 375w, https:\/\/congresodietamediterranea.com\/wp-content\/uploads\/2024\/02\/Kales_Stefanos-N-600x600.png 600w\" sizes=\"100vw\" alt=\"\" \/><\/div><\/div>[\/vc_column][vc_column column_padding=&#8221;no-extra-padding&#8221; column_padding_position=&#8221;all&#8221; background_color_opacity=&#8221;1&#8243; background_hover_color_opacity=&#8221;1&#8243; column_link_target=&#8221;_self&#8221; column_shadow=&#8221;none&#8221; column_border_radius=&#8221;none&#8221; width=&#8221;3\/4&#8243; tablet_width_inherit=&#8221;default&#8221; tablet_text_alignment=&#8221;default&#8221; phone_text_alignment=&#8221;default&#8221; column_border_width=&#8221;none&#8221; column_border_style=&#8221;solid&#8221; bg_image_animation=&#8221;none&#8221;][vc_column_text]<strong>Stefanos N. Kales MD, MPH, FACP, FACOEM<\/strong><\/p>\n<p>El Dr. Kales \u00e9s professor de medicina en la Facultat de Medicina de Harvard i professor i director de la Resid\u00e8ncia de Medicina Ocupacional a Harvard Chan School of Public Health (HSPH). Tamb\u00e9 \u00e9s Cap de Medicina Ocupacional i Director M\u00e8dic de Salut dels Empleats a Cambridge Health Alliance; un sistema hospitalari afiliat a Harvard. Va organitzar i va ser amfitri\u00f3 de la innovadora Confer\u00e8ncia de la Dieta Mediterr\u00e0nia de Harvard de 2014, i va ser President Cient\u00edfic de la hist\u00f2rica Confer\u00e8ncia de Dieta Mediterr\u00e0nia i Salut de 2017 a Gr\u00e8cia. En 2019, el Dr. Kales va rebre finan\u00e7ament competitiu de l&#8217;Institut Radcliffe d&#8217;Estudis Avan\u00e7ats de Harvard per a organitzar i acollir el Seminari Exploratori al qual nom\u00e9s es pot accedir per invitaci\u00f3: \u00abDieta Mediterr\u00e0nia: promoci\u00f3 i difusi\u00f3 d&#8217;una alimentaci\u00f3 saludable\u00bb. \u00c9s el fundador del Centre Hel\u00b7l\u00e8nic per a l&#8217;Excel\u00b7l\u00e8ncia en Salut i Benestar, i va ser l&#8217;organitzador cient\u00edfic de la confer\u00e8ncia d&#8217;estil de vida cretenca de 2022.<\/p>\n<p>&nbsp;<\/p>\n<p>El Dr. Kales ha participat en una \u00e0mplia gamma d&#8217;activitats de recerca, assessorament i ensenyament sobre medicina i salut p\u00fablica en els cinc continents, la qual cosa ha donat lloc a m\u00e9s de 225 publicacions i a un ampli reconeixement a nivell nacional i internacional. \u00c9s membre dels consells editorials de diverses revistes biom\u00e8diques i \u00e9s membre del claustre del Programa d&#8217;Epidemiologia Cardiovascular de Harvard i de la Divisi\u00f3 de Medicina del Somni de la Facultat de Medicina de Harvard. El Dr. Kales, ha rebut nombrosos honors, incl\u00f2s el Premi Kehoe 2013 a l&#8217;Excel\u00b7l\u00e8ncia en Educaci\u00f3 i Recerca i el Premi Harriet Hardy 2014 per les seves destacades contribucions cient\u00edfiques en el sector. Tamb\u00e9 ha rebut honors de l&#8217;Associaci\u00f3 Internacional de Caps de Bombers i va ser incl\u00f2s en l&#8217;Ordre de l&#8217;Emperador Don Pere II pel Cos Federal de Bombers Militars del Brasil. Tamb\u00e9 ha rebut diversos milions de d\u00f2lars en fons federals competitius dels EUA, incl\u00f2s un ambici\u00f3s assaig d&#8217;intervenci\u00f3 de Dieta Mediterr\u00e0nia (\u00abFeeding America\u2019s Bravest: Survival Mediterranean Style\u00bb) entre bombers del Mitj\u00e0 Oest estatunidenses que va ser guardonat amb la Medalla de Plata 2017 per a la Recerca en Salut per la Societat Internacional Oleocanthal, i una altra subvenci\u00f3 recent per a crear una aplicaci\u00f3 per a tel\u00e8fons intel\u00b7ligents d&#8217;estil de vida saludable.<\/p>\n<p>&nbsp;<\/p>\n<p>El Dr. Kales va cr\u00e9ixer envoltat de menjars tradicionals grecs preparats per la seva benvolguda \u00e0via en la cuina familiar i va ampliar aquestes experi\u00e8ncies formatives a trav\u00e9s d&#8217;extensos viatges per Gr\u00e8cia, Xipre, Espanya i It\u00e0lia. Com a educador de salut, cerca predicar amb l&#8217;exemple; seguir una Dieta Mediterr\u00e0nia, mantenint una bona forma f\u00edsica i una bona higiene del somni. Basat en la seva formaci\u00f3 combinada en medicina i salut p\u00fablica, la seva recerca i pr\u00e0ctica cl\u00ednica, est\u00e0 conven\u00e7ut que les mesures d&#8217;estil de vida com la nutrici\u00f3 Mediterr\u00e0nia s\u00f3n el mitj\u00e0 m\u00e9s accessible, efica\u00e7 i valu\u00f3s per a la prevenci\u00f3 i el control de les malalties cr\u00f2niques. L&#8217;objectiu final del Dr. Kales \u00e9s utilitzar enfocaments innovadors per a difondre l&#8217;alimentaci\u00f3 Mediterr\u00e0nia saludable en escoles, llocs de treball i hospitals. El Dr. Kales recentment va ser coautor del \u00abLlibre de text de medicina de l&#8217;estil de vida\u00bb, de l&#8217;editorial Wiley &amp; Sons, que emfatitza l&#8217;oli d&#8217;oliva i l&#8217;estil de vida mediterrani com l&#8217;est\u00e0ndard d&#8217;or per a una vida saludable. Al maig de 2022, va participar com a ponent convidat en el simposi de l&#8217;Acad\u00e8mia Pontif\u00edcia de les Ci\u00e8ncies: \u00abL&#8217;Art i la Ci\u00e8ncia de l&#8217;Oli d&#8217;Oliva\u00bb al Vatic\u00e0. Tamb\u00e9 va coorganitzar i va dirigir una confer\u00e8ncia a Xipre sobre estil de vida per a la prevenci\u00f3 de la dem\u00e8ncia sota els auspicis de la Fundaci\u00f3 A.G. Leventis. Tamb\u00e9 va ser convidat recentment a participar com a assessor expert de l&#8217;Organitzaci\u00f3 Nacional de Salut P\u00fablica de Gr\u00e8cia (EODY). \u00c9s el president i organitzador cient\u00edfic de les confer\u00e8ncies d&#8217;estil de vida cretenca de 2022 i 2023.[\/vc_column_text][\/vc_column][\/vc_row]\n","protected":false},"excerpt":{"rendered":"<p>[vc_row type=&#8221;in_container&#8221; full_screen_row_position=&#8221;middle&#8221; scene_position=&#8221;center&#8221; text_color=&#8221;dark&#8221; text_align=&#8221;left&#8221; overlay_strength=&#8221;0.3&#8243; shape_divider_position=&#8221;bottom&#8221; bg_image_animation=&#8221;none&#8221;][vc_column column_padding=&#8221;no-extra-padding&#8221; column_padding_position=&#8221;all&#8221; background_color_opacity=&#8221;1&#8243; background_hover_color_opacity=&#8221;1&#8243; column_link_target=&#8221;_self&#8221; column_shadow=&#8221;none&#8221; column_border_radius=&#8221;none&#8221; width=&#8221;1\/4&#8243; tablet_width_inherit=&#8221;default&#8221; tablet_text_alignment=&#8221;default&#8221; phone_text_alignment=&#8221;default&#8221; column_border_width=&#8221;none&#8221; column_border_style=&#8221;solid&#8221; bg_image_animation=&#8221;none&#8221;][\/vc_column][vc_column column_padding=&#8221;no-extra-padding&#8221; column_padding_position=&#8221;all&#8221; background_color_opacity=&#8221;1&#8243; background_hover_color_opacity=&#8221;1&#8243; column_link_target=&#8221;_self&#8221; column_shadow=&#8221;none&#8221; column_border_radius=&#8221;none&#8221;&#8230;<\/p>\n","protected":false},"author":9192195,"featured_media":0,"parent":16153,"menu_order":0,"comment_status":"closed","ping_status":"closed","template":"","meta":[],"_links":{"self":[{"href":"https:\/\/congresodietamediterranea.com\/ca\/wp-json\/wp\/v2\/pages\/16413\/"}],"collection":[{"href":"https:\/\/congresodietamediterranea.com\/ca\/wp-json\/wp\/v2\/pages\/"}],"about":[{"href":"https:\/\/congresodietamediterranea.com\/ca\/wp-json\/wp\/v2\/types\/page\/"}],"author":[{"embeddable":true,"href":"https:\/\/congresodietamediterranea.com\/ca\/wp-json\/wp\/v2\/users\/9192195\/"}],"replies":[{"embeddable":true,"href":"https:\/\/congresodietamediterranea.com\/ca\/wp-json\/wp\/v2\/comments\/?post=16413"}],"version-history":[{"count":1,"href":"https:\/\/congresodietamediterranea.com\/ca\/wp-json\/wp\/v2\/pages\/16413\/revisions\/"}],"predecessor-version":[{"id":16441,"href":"https:\/\/congresodietamediterranea.com\/ca\/wp-json\/wp\/v2\/pages\/16413\/revisions\/16441\/"}],"up":[{"embeddable":true,"href":"https:\/\/congresodietamediterranea.com\/ca\/wp-json\/wp\/v2\/pages\/16153\/"}],"wp:attachment":[{"href":"https:\/\/congresodietamediterranea.com\/ca\/wp-json\/wp\/v2\/media\/?parent=16413"}],"curies":[{"name":"wp","href":"https:\/\/api.w.org\/{rel}","templated":true}]}}

[vc_row type=&#8221;in_container&#8221; full_screen_row_position=&#8221;middle&#8221; scene_position=&#8221;center&#8221; text_color=&#8221;dark&#8221; text_align=&#8221;left&#8221; overlay_strength=&#8221;0.3&#8243; shape_divider_position=&#8221;bottom&#8221; bg_image_animation=&#8221;none&#8221;][vc_column column_padding=&#8221;no-extra-padding&#8221; column_padding_position=&#8221;all&#8221; background_color_opacity=&#8221;1&#8243; background_hover_color_opacity=&#8221;1&#8243; column_link_target=&#8221;_self&#8221; column_shadow=&#8221;none&#8221; column_border_radius=&#8221;none&#8221; width=&#8221;1/4&#8243; tablet_width_inherit=&#8221;default&#8221; tablet_text_alignment=&#8221;default&#8221; phone_text_alignment=&#8221;default&#8221; column_border_width=&#8221;none&#8221; column_border_style=&#8221;solid&#8221; bg_image_animation=&#8221;none&#8221;]<div class="img-with-aniamtion-wrap center" data-max-width="100%" data-border-radius="20px"><div class="inner"><img data-shadow="none" data-shadow-direction="middle" class="img-with-animation skip-lazy " data-delay="0" height="1000" width="1000"  data-animation="fade-in" src="https://congresodietamediterranea.com/wp-content/uploads/2024/02/Kales_Stefanos-N.png" srcset="https://congresodietamediterranea.com/wp-content/uploads/2024/02/Kales_Stefanos-N.png 1000w, https://congresodietamediterranea.com/wp-content/uploads/2024/02/Kales_Stefanos-N-300x300.png 300w, https://congresodietamediterranea.com/wp-content/uploads/2024/02/Kales_Stefanos-N-150x150.png 150w, https://congresodietamediterranea.com/wp-content/uploads/2024/02/Kales_Stefanos-N-768x768.png 768w, https://congresodietamediterranea.com/wp-content/uploads/2024/02/Kales_Stefanos-N-100x100.png 100w, https://congresodietamediterranea.com/wp-content/uploads/2024/02/Kales_Stefanos-N-140x140.png 140w, https://congresodietamediterranea.com/wp-content/uploads/2024/02/Kales_Stefanos-N-500x500.png 500w, https://congresodietamediterranea.com/wp-content/uploads/2024/02/Kales_Stefanos-N-350x350.png 350w, https://congresodietamediterranea.com/wp-content/uploads/2024/02/Kales_Stefanos-N-800x800.png 800w, https://congresodietamediterranea.com/wp-content/uploads/2024/02/Kales_Stefanos-N-375x375.png 375w, https://congresodietamediterranea.com/wp-content/uploads/2024/02/Kales_Stefanos-N-600x600.png 600w" sizes="100vw" alt="" /></div></div>[/vc_column][vc_column column_padding=&#8221;no-extra-padding&#8221; column_padding_position=&#8221;all&#8221; background_color_opacity=&#8221;1&#8243; background_hover_color_opacity=&#8221;1&#8243; column_link_target=&#8221;_self&#8221; column_shadow=&#8221;none&#8221; column_border_radius=&#8221;none&#8221; width=&#8221;3/4&#8243; tablet_width_inherit=&#8221;default&#8221; tablet_text_alignment=&#8221;default&#8221; phone_text_alignment=&#8221;default&#8221; column_border_width=&#8221;none&#8221; column_border_style=&#8221;solid&#8221; bg_image_animation=&#8221;none&#8221;][vc_column_text]<strong>Stefanos N. Kales MD, MPH, FACP, FACOEM</strong></p>
<p>El Dr. Kales és professor de medicina en la Facultat de Medicina de Harvard i professor i director de la Residència de Medicina Ocupacional a Harvard Chan School of Public Health (HSPH). També és Cap de Medicina Ocupacional i Director Mèdic de Salut dels Empleats a Cambridge Health Alliance; un sistema hospitalari afiliat a Harvard. Va organitzar i va ser amfitrió de la innovadora Conferència de la Dieta Mediterrània de Harvard de 2014, i va ser President Científic de la històrica Conferència de Dieta Mediterrània i Salut de 2017 a Grècia. En 2019, el Dr. Kales va rebre finançament competitiu de l&#8217;Institut Radcliffe d&#8217;Estudis Avançats de Harvard per a organitzar i acollir el Seminari Exploratori al qual només es pot accedir per invitació: «Dieta Mediterrània: promoció i difusió d&#8217;una alimentació saludable». És el fundador del Centre Hel·lènic per a l&#8217;Excel·lència en Salut i Benestar, i va ser l&#8217;organitzador científic de la conferència d&#8217;estil de vida cretenca de 2022.</p>
<p>&nbsp;</p>
<p>El Dr. Kales ha participat en una àmplia gamma d&#8217;activitats de recerca, assessorament i ensenyament sobre medicina i salut pública en els cinc continents, la qual cosa ha donat lloc a més de 225 publicacions i a un ampli reconeixement a nivell nacional i internacional. És membre dels consells editorials de diverses revistes biomèdiques i és membre del claustre del Programa d&#8217;Epidemiologia Cardiovascular de Harvard i de la Divisió de Medicina del Somni de la Facultat de Medicina de Harvard. El Dr. Kales, ha rebut nombrosos honors, inclòs el Premi Kehoe 2013 a l&#8217;Excel·lència en Educació i Recerca i el Premi Harriet Hardy 2014 per les seves destacades contribucions científiques en el sector. També ha rebut honors de l&#8217;Associació Internacional de Caps de Bombers i va ser inclòs en l&#8217;Ordre de l&#8217;Emperador Don Pere II pel Cos Federal de Bombers Militars del Brasil. També ha rebut diversos milions de dòlars en fons federals competitius dels EUA, inclòs un ambiciós assaig d&#8217;intervenció de Dieta Mediterrània («Feeding America’s Bravest: Survival Mediterranean Style») entre bombers del Mitjà Oest estatunidenses que va ser guardonat amb la Medalla de Plata 2017 per a la Recerca en Salut per la Societat Internacional Oleocanthal, i una altra subvenció recent per a crear una aplicació per a telèfons intel·ligents d&#8217;estil de vida saludable.</p>
<p>&nbsp;</p>
<p>El Dr. Kales va créixer envoltat de menjars tradicionals grecs preparats per la seva benvolguda àvia en la cuina familiar i va ampliar aquestes experiències formatives a través d&#8217;extensos viatges per Grècia, Xipre, Espanya i Itàlia. Com a educador de salut, cerca predicar amb l&#8217;exemple; seguir una Dieta Mediterrània, mantenint una bona forma física i una bona higiene del somni. Basat en la seva formació combinada en medicina i salut pública, la seva recerca i pràctica clínica, està convençut que les mesures d&#8217;estil de vida com la nutrició Mediterrània són el mitjà més accessible, eficaç i valuós per a la prevenció i el control de les malalties cròniques. L&#8217;objectiu final del Dr. Kales és utilitzar enfocaments innovadors per a difondre l&#8217;alimentació Mediterrània saludable en escoles, llocs de treball i hospitals. El Dr. Kales recentment va ser coautor del «Llibre de text de medicina de l&#8217;estil de vida», de l&#8217;editorial Wiley &amp; Sons, que emfatitza l&#8217;oli d&#8217;oliva i l&#8217;estil de vida mediterrani com l&#8217;estàndard d&#8217;or per a una vida saludable. Al maig de 2022, va participar com a ponent convidat en el simposi de l&#8217;Acadèmia Pontifícia de les Ciències: «L&#8217;Art i la Ciència de l&#8217;Oli d&#8217;Oliva» al Vaticà. També va coorganitzar i va dirigir una conferència a Xipre sobre estil de vida per a la prevenció de la demència sota els auspicis de la Fundació A.G. Leventis. També va ser convidat recentment a participar com a assessor expert de l&#8217;Organització Nacional de Salut Pública de Grècia (EODY). És el president i organitzador científic de les conferències d&#8217;estil de vida cretenca de 2022 i 2023.[/vc_column_text][/vc_column][/vc_row]
