{"id":16415,"date":"2024-02-27T12:19:26","date_gmt":"2024-02-27T12:19:26","guid":{"rendered":"https:\/\/congresodietamediterranea.com\/ponents\/valentini-konstantinidou\/"},"modified":"2024-03-14T23:22:48","modified_gmt":"2024-03-14T23:22:48","slug":"valentini-konstantinidou","status":"publish","type":"page","link":"https:\/\/congresodietamediterranea.com\/ca\/ponents\/valentini-konstantinidou\/","title":{"rendered":"Valentini Konstantinidou"},"content":{"rendered":"[vc_row type=&#8221;in_container&#8221; full_screen_row_position=&#8221;middle&#8221; scene_position=&#8221;center&#8221; text_color=&#8221;dark&#8221; text_align=&#8221;left&#8221; overlay_strength=&#8221;0.3&#8243; shape_divider_position=&#8221;bottom&#8221; bg_image_animation=&#8221;none&#8221;][vc_column column_padding=&#8221;no-extra-padding&#8221; column_padding_position=&#8221;all&#8221; background_color_opacity=&#8221;1&#8243; background_hover_color_opacity=&#8221;1&#8243; column_link_target=&#8221;_self&#8221; column_shadow=&#8221;none&#8221; column_border_radius=&#8221;none&#8221; width=&#8221;1\/4&#8243; tablet_width_inherit=&#8221;default&#8221; tablet_text_alignment=&#8221;default&#8221; phone_text_alignment=&#8221;default&#8221; column_border_width=&#8221;none&#8221; column_border_style=&#8221;solid&#8221; bg_image_animation=&#8221;none&#8221;]<div class=\"img-with-aniamtion-wrap center\" data-max-width=\"100%\" data-border-radius=\"20px\"><div class=\"inner\"><img data-shadow=\"none\" data-shadow-direction=\"middle\" class=\"img-with-animation skip-lazy \" data-delay=\"0\" height=\"1000\" width=\"1000\"  data-animation=\"fade-in\" src=\"https:\/\/congresodietamediterranea.com\/wp-content\/uploads\/2024\/03\/Konstantinidou_Valentini.png\" srcset=\"https:\/\/congresodietamediterranea.com\/wp-content\/uploads\/2024\/03\/Konstantinidou_Valentini.png 1000w, https:\/\/congresodietamediterranea.com\/wp-content\/uploads\/2024\/03\/Konstantinidou_Valentini-300x300.png 300w, https:\/\/congresodietamediterranea.com\/wp-content\/uploads\/2024\/03\/Konstantinidou_Valentini-150x150.png 150w, https:\/\/congresodietamediterranea.com\/wp-content\/uploads\/2024\/03\/Konstantinidou_Valentini-768x768.png 768w, https:\/\/congresodietamediterranea.com\/wp-content\/uploads\/2024\/03\/Konstantinidou_Valentini-100x100.png 100w, https:\/\/congresodietamediterranea.com\/wp-content\/uploads\/2024\/03\/Konstantinidou_Valentini-140x140.png 140w, https:\/\/congresodietamediterranea.com\/wp-content\/uploads\/2024\/03\/Konstantinidou_Valentini-500x500.png 500w, https:\/\/congresodietamediterranea.com\/wp-content\/uploads\/2024\/03\/Konstantinidou_Valentini-350x350.png 350w, https:\/\/congresodietamediterranea.com\/wp-content\/uploads\/2024\/03\/Konstantinidou_Valentini-800x800.png 800w, https:\/\/congresodietamediterranea.com\/wp-content\/uploads\/2024\/03\/Konstantinidou_Valentini-375x375.png 375w, https:\/\/congresodietamediterranea.com\/wp-content\/uploads\/2024\/03\/Konstantinidou_Valentini-600x600.png 600w\" sizes=\"100vw\" alt=\"\" \/><\/div><\/div>[\/vc_column][vc_column column_padding=&#8221;no-extra-padding&#8221; column_padding_position=&#8221;all&#8221; background_color_opacity=&#8221;1&#8243; background_hover_color_opacity=&#8221;1&#8243; column_link_target=&#8221;_self&#8221; column_shadow=&#8221;none&#8221; column_border_radius=&#8221;none&#8221; width=&#8221;3\/4&#8243; tablet_width_inherit=&#8221;default&#8221; tablet_text_alignment=&#8221;default&#8221; phone_text_alignment=&#8221;default&#8221; column_border_width=&#8221;none&#8221; column_border_style=&#8221;solid&#8221; bg_image_animation=&#8221;none&#8221;][vc_column_text]La Dr. Valentini Konstantinidou, \u00e9s dietista-nutricionista registrada, tecn\u00f2loga d&#8217;aliments i investigadora en el camp de la gen\u00f2mica nutricional. Doctora en Biomedicina per la Universitat Pompeu Fabra, ha publicat nombrosos articles cient\u00edfics i material de divulgaci\u00f3 per a la comunicaci\u00f3 cient\u00edfica en espanyol, grec i angl\u00e8s. Tamb\u00e9 \u00e9s professora col\u00b7laboradora de la Universitat Oberta de Catalunya (UOC). La seva investigaci\u00f3 se centra en la Dieta Mediterr\u00e0nia i els efectes de l&#8217;oli d&#8217;oliva verge a la salut humana.<\/p>\n<p>Tamb\u00e9 \u00e9s la fundadora de DNANUTRICOACH\u00ae a Barcelona i a Atenes, una empresa emergent que tradueix amb precisi\u00f3 el coneixement nutrigen\u00e8tic en recomanacions nutricionals tangibles per a la promoci\u00f3 de la salut i la longevitat. Ajuda les persones i les empreses no nom\u00e9s a viure m\u00e9s temps, sin\u00f3 tamb\u00e9 a millorar-ne la nutrici\u00f3 i el comportament alimentari.[\/vc_column_text][\/vc_column][\/vc_row]\n","protected":false},"excerpt":{"rendered":"<p>[vc_row type=&#8221;in_container&#8221; full_screen_row_position=&#8221;middle&#8221; scene_position=&#8221;center&#8221; text_color=&#8221;dark&#8221; text_align=&#8221;left&#8221; overlay_strength=&#8221;0.3&#8243; shape_divider_position=&#8221;bottom&#8221; bg_image_animation=&#8221;none&#8221;][vc_column column_padding=&#8221;no-extra-padding&#8221; column_padding_position=&#8221;all&#8221; background_color_opacity=&#8221;1&#8243; background_hover_color_opacity=&#8221;1&#8243; column_link_target=&#8221;_self&#8221; column_shadow=&#8221;none&#8221; column_border_radius=&#8221;none&#8221; width=&#8221;1\/4&#8243; tablet_width_inherit=&#8221;default&#8221; tablet_text_alignment=&#8221;default&#8221; phone_text_alignment=&#8221;default&#8221; column_border_width=&#8221;none&#8221; column_border_style=&#8221;solid&#8221; bg_image_animation=&#8221;none&#8221;][\/vc_column][vc_column column_padding=&#8221;no-extra-padding&#8221; column_padding_position=&#8221;all&#8221; background_color_opacity=&#8221;1&#8243; background_hover_color_opacity=&#8221;1&#8243; column_link_target=&#8221;_self&#8221; column_shadow=&#8221;none&#8221; column_border_radius=&#8221;none&#8221;&#8230;<\/p>\n","protected":false},"author":9192195,"featured_media":0,"parent":16153,"menu_order":0,"comment_status":"closed","ping_status":"closed","template":"","meta":[],"_links":{"self":[{"href":"https:\/\/congresodietamediterranea.com\/ca\/wp-json\/wp\/v2\/pages\/16415\/"}],"collection":[{"href":"https:\/\/congresodietamediterranea.com\/ca\/wp-json\/wp\/v2\/pages\/"}],"about":[{"href":"https:\/\/congresodietamediterranea.com\/ca\/wp-json\/wp\/v2\/types\/page\/"}],"author":[{"embeddable":true,"href":"https:\/\/congresodietamediterranea.com\/ca\/wp-json\/wp\/v2\/users\/9192195\/"}],"replies":[{"embeddable":true,"href":"https:\/\/congresodietamediterranea.com\/ca\/wp-json\/wp\/v2\/comments\/?post=16415"}],"version-history":[{"count":1,"href":"https:\/\/congresodietamediterranea.com\/ca\/wp-json\/wp\/v2\/pages\/16415\/revisions\/"}],"predecessor-version":[{"id":16463,"href":"https:\/\/congresodietamediterranea.com\/ca\/wp-json\/wp\/v2\/pages\/16415\/revisions\/16463\/"}],"up":[{"embeddable":true,"href":"https:\/\/congresodietamediterranea.com\/ca\/wp-json\/wp\/v2\/pages\/16153\/"}],"wp:attachment":[{"href":"https:\/\/congresodietamediterranea.com\/ca\/wp-json\/wp\/v2\/media\/?parent=16415"}],"curies":[{"name":"wp","href":"https:\/\/api.w.org\/{rel}","templated":true}]}}

[vc_row type=&#8221;in_container&#8221; full_screen_row_position=&#8221;middle&#8221; scene_position=&#8221;center&#8221; text_color=&#8221;dark&#8221; text_align=&#8221;left&#8221; overlay_strength=&#8221;0.3&#8243; shape_divider_position=&#8221;bottom&#8221; bg_image_animation=&#8221;none&#8221;][vc_column column_padding=&#8221;no-extra-padding&#8221; column_padding_position=&#8221;all&#8221; background_color_opacity=&#8221;1&#8243; background_hover_color_opacity=&#8221;1&#8243; column_link_target=&#8221;_self&#8221; column_shadow=&#8221;none&#8221; column_border_radius=&#8221;none&#8221; width=&#8221;1/4&#8243; tablet_width_inherit=&#8221;default&#8221; tablet_text_alignment=&#8221;default&#8221; phone_text_alignment=&#8221;default&#8221; column_border_width=&#8221;none&#8221; column_border_style=&#8221;solid&#8221; bg_image_animation=&#8221;none&#8221;]<div class="img-with-aniamtion-wrap center" data-max-width="100%" data-border-radius="20px"><div class="inner"><img data-shadow="none" data-shadow-direction="middle" class="img-with-animation skip-lazy " data-delay="0" height="1000" width="1000"  data-animation="fade-in" src="https://congresodietamediterranea.com/wp-content/uploads/2024/03/Konstantinidou_Valentini.png" srcset="https://congresodietamediterranea.com/wp-content/uploads/2024/03/Konstantinidou_Valentini.png 1000w, https://congresodietamediterranea.com/wp-content/uploads/2024/03/Konstantinidou_Valentini-300x300.png 300w, https://congresodietamediterranea.com/wp-content/uploads/2024/03/Konstantinidou_Valentini-150x150.png 150w, https://congresodietamediterranea.com/wp-content/uploads/2024/03/Konstantinidou_Valentini-768x768.png 768w, https://congresodietamediterranea.com/wp-content/uploads/2024/03/Konstantinidou_Valentini-100x100.png 100w, https://congresodietamediterranea.com/wp-content/uploads/2024/03/Konstantinidou_Valentini-140x140.png 140w, https://congresodietamediterranea.com/wp-content/uploads/2024/03/Konstantinidou_Valentini-500x500.png 500w, https://congresodietamediterranea.com/wp-content/uploads/2024/03/Konstantinidou_Valentini-350x350.png 350w, https://congresodietamediterranea.com/wp-content/uploads/2024/03/Konstantinidou_Valentini-800x800.png 800w, https://congresodietamediterranea.com/wp-content/uploads/2024/03/Konstantinidou_Valentini-375x375.png 375w, https://congresodietamediterranea.com/wp-content/uploads/2024/03/Konstantinidou_Valentini-600x600.png 600w" sizes="100vw" alt="" /></div></div>[/vc_column][vc_column column_padding=&#8221;no-extra-padding&#8221; column_padding_position=&#8221;all&#8221; background_color_opacity=&#8221;1&#8243; background_hover_color_opacity=&#8221;1&#8243; column_link_target=&#8221;_self&#8221; column_shadow=&#8221;none&#8221; column_border_radius=&#8221;none&#8221; width=&#8221;3/4&#8243; tablet_width_inherit=&#8221;default&#8221; tablet_text_alignment=&#8221;default&#8221; phone_text_alignment=&#8221;default&#8221; column_border_width=&#8221;none&#8221; column_border_style=&#8221;solid&#8221; bg_image_animation=&#8221;none&#8221;][vc_column_text]La Dr. Valentini Konstantinidou, és dietista-nutricionista registrada, tecnòloga d&#8217;aliments i investigadora en el camp de la genòmica nutricional. Doctora en Biomedicina per la Universitat Pompeu Fabra, ha publicat nombrosos articles científics i material de divulgació per a la comunicació científica en espanyol, grec i anglès. També és professora col·laboradora de la Universitat Oberta de Catalunya (UOC). La seva investigació se centra en la Dieta Mediterrània i els efectes de l&#8217;oli d&#8217;oliva verge a la salut humana.</p>
<p>També és la fundadora de DNANUTRICOACH® a Barcelona i a Atenes, una empresa emergent que tradueix amb precisió el coneixement nutrigenètic en recomanacions nutricionals tangibles per a la promoció de la salut i la longevitat. Ajuda les persones i les empreses no només a viure més temps, sinó també a millorar-ne la nutrició i el comportament alimentari.[/vc_column_text][/vc_column][/vc_row]
