{"id":16575,"date":"2024-03-18T11:33:13","date_gmt":"2024-03-18T11:33:13","guid":{"rendered":"https:\/\/congresodietamediterranea.com\/ponents\/rais-esteve\/"},"modified":"2024-03-18T11:56:41","modified_gmt":"2024-03-18T11:56:41","slug":"rais-esteve","status":"publish","type":"page","link":"https:\/\/congresodietamediterranea.com\/ca\/ponents\/rais-esteve\/","title":{"rendered":"Rais Esteve"},"content":{"rendered":"[vc_row type=&#8221;in_container&#8221; full_screen_row_position=&#8221;middle&#8221; scene_position=&#8221;center&#8221; text_color=&#8221;dark&#8221; text_align=&#8221;left&#8221; overlay_strength=&#8221;0.3&#8243; shape_divider_position=&#8221;bottom&#8221; bg_image_animation=&#8221;none&#8221;][vc_column column_padding=&#8221;no-extra-padding&#8221; column_padding_position=&#8221;all&#8221; background_color_opacity=&#8221;1&#8243; background_hover_color_opacity=&#8221;1&#8243; column_link_target=&#8221;_self&#8221; column_shadow=&#8221;none&#8221; column_border_radius=&#8221;none&#8221; width=&#8221;1\/4&#8243; tablet_width_inherit=&#8221;default&#8221; tablet_text_alignment=&#8221;default&#8221; phone_text_alignment=&#8221;default&#8221; column_border_width=&#8221;none&#8221; column_border_style=&#8221;solid&#8221; bg_image_animation=&#8221;none&#8221;]<div class=\"img-with-aniamtion-wrap center\" data-max-width=\"100%\" data-border-radius=\"20px\"><div class=\"inner\"><img data-shadow=\"none\" data-shadow-direction=\"middle\" class=\"img-with-animation skip-lazy \" data-delay=\"0\" height=\"1000\" width=\"1000\"  data-animation=\"fade-in\" src=\"https:\/\/congresodietamediterranea.com\/wp-content\/uploads\/2024\/03\/Esteve_Rais.png\" srcset=\"https:\/\/congresodietamediterranea.com\/wp-content\/uploads\/2024\/03\/Esteve_Rais.png 1000w, https:\/\/congresodietamediterranea.com\/wp-content\/uploads\/2024\/03\/Esteve_Rais-300x300.png 300w, https:\/\/congresodietamediterranea.com\/wp-content\/uploads\/2024\/03\/Esteve_Rais-150x150.png 150w, https:\/\/congresodietamediterranea.com\/wp-content\/uploads\/2024\/03\/Esteve_Rais-768x768.png 768w, https:\/\/congresodietamediterranea.com\/wp-content\/uploads\/2024\/03\/Esteve_Rais-100x100.png 100w, https:\/\/congresodietamediterranea.com\/wp-content\/uploads\/2024\/03\/Esteve_Rais-140x140.png 140w, https:\/\/congresodietamediterranea.com\/wp-content\/uploads\/2024\/03\/Esteve_Rais-500x500.png 500w, https:\/\/congresodietamediterranea.com\/wp-content\/uploads\/2024\/03\/Esteve_Rais-350x350.png 350w, https:\/\/congresodietamediterranea.com\/wp-content\/uploads\/2024\/03\/Esteve_Rais-800x800.png 800w, https:\/\/congresodietamediterranea.com\/wp-content\/uploads\/2024\/03\/Esteve_Rais-375x375.png 375w, https:\/\/congresodietamediterranea.com\/wp-content\/uploads\/2024\/03\/Esteve_Rais-600x600.png 600w\" sizes=\"100vw\" alt=\"\" \/><\/div><\/div>[\/vc_column][vc_column column_padding=&#8221;no-extra-padding&#8221; column_padding_position=&#8221;all&#8221; background_color_opacity=&#8221;1&#8243; background_hover_color_opacity=&#8221;1&#8243; column_link_target=&#8221;_self&#8221; column_shadow=&#8221;none&#8221; column_border_radius=&#8221;none&#8221; width=&#8221;3\/4&#8243; tablet_width_inherit=&#8221;default&#8221; tablet_text_alignment=&#8221;default&#8221; phone_text_alignment=&#8221;default&#8221; column_border_width=&#8221;none&#8221; column_border_style=&#8221;solid&#8221; bg_image_animation=&#8221;none&#8221;][vc_column_text]Actualment, Xef d&#8217;I+D en 100%Chef, redactora en 7Can\u00edbals, consultora culin\u00e0ria en negocis gastron\u00f2mics i assessora de creativitat en restaurants d&#8217;autor.<\/p>\n<p>Pastissera i cuinera amb m\u00e9s de 10 anys d&#8217;experi\u00e8ncia en el sector, ha sigut part del nucli dur de grans cases (Hotel Mercer 5*GL, Dani Garc\u00eda Restaurant ***, ARCO by Paco P\u00e9rez, Restaurant Gaudir ***), tant a Espanya com a l&#8217;estranger.<\/p>\n<p>Apassionada del menjar, Rais viu la gastronomia com a forma de vida, amb la ferma creen\u00e7a que cada bocat pot ser la llavor d&#8217;un gran canvi.[\/vc_column_text][\/vc_column][\/vc_row]\n","protected":false},"excerpt":{"rendered":"<p>[vc_row type=&#8221;in_container&#8221; full_screen_row_position=&#8221;middle&#8221; scene_position=&#8221;center&#8221; text_color=&#8221;dark&#8221; text_align=&#8221;left&#8221; overlay_strength=&#8221;0.3&#8243; shape_divider_position=&#8221;bottom&#8221; bg_image_animation=&#8221;none&#8221;][vc_column column_padding=&#8221;no-extra-padding&#8221; column_padding_position=&#8221;all&#8221; background_color_opacity=&#8221;1&#8243; background_hover_color_opacity=&#8221;1&#8243; column_link_target=&#8221;_self&#8221; column_shadow=&#8221;none&#8221; column_border_radius=&#8221;none&#8221; width=&#8221;1\/4&#8243; tablet_width_inherit=&#8221;default&#8221; tablet_text_alignment=&#8221;default&#8221; phone_text_alignment=&#8221;default&#8221; column_border_width=&#8221;none&#8221; column_border_style=&#8221;solid&#8221; bg_image_animation=&#8221;none&#8221;][\/vc_column][vc_column column_padding=&#8221;no-extra-padding&#8221; column_padding_position=&#8221;all&#8221; background_color_opacity=&#8221;1&#8243; background_hover_color_opacity=&#8221;1&#8243; column_link_target=&#8221;_self&#8221; column_shadow=&#8221;none&#8221; column_border_radius=&#8221;none&#8221;&#8230;<\/p>\n","protected":false},"author":9192195,"featured_media":0,"parent":16153,"menu_order":0,"comment_status":"closed","ping_status":"closed","template":"","meta":[],"_links":{"self":[{"href":"https:\/\/congresodietamediterranea.com\/ca\/wp-json\/wp\/v2\/pages\/16575\/"}],"collection":[{"href":"https:\/\/congresodietamediterranea.com\/ca\/wp-json\/wp\/v2\/pages\/"}],"about":[{"href":"https:\/\/congresodietamediterranea.com\/ca\/wp-json\/wp\/v2\/types\/page\/"}],"author":[{"embeddable":true,"href":"https:\/\/congresodietamediterranea.com\/ca\/wp-json\/wp\/v2\/users\/9192195\/"}],"replies":[{"embeddable":true,"href":"https:\/\/congresodietamediterranea.com\/ca\/wp-json\/wp\/v2\/comments\/?post=16575"}],"version-history":[{"count":2,"href":"https:\/\/congresodietamediterranea.com\/ca\/wp-json\/wp\/v2\/pages\/16575\/revisions\/"}],"predecessor-version":[{"id":16584,"href":"https:\/\/congresodietamediterranea.com\/ca\/wp-json\/wp\/v2\/pages\/16575\/revisions\/16584\/"}],"up":[{"embeddable":true,"href":"https:\/\/congresodietamediterranea.com\/ca\/wp-json\/wp\/v2\/pages\/16153\/"}],"wp:attachment":[{"href":"https:\/\/congresodietamediterranea.com\/ca\/wp-json\/wp\/v2\/media\/?parent=16575"}],"curies":[{"name":"wp","href":"https:\/\/api.w.org\/{rel}","templated":true}]}}

[vc_row type=&#8221;in_container&#8221; full_screen_row_position=&#8221;middle&#8221; scene_position=&#8221;center&#8221; text_color=&#8221;dark&#8221; text_align=&#8221;left&#8221; overlay_strength=&#8221;0.3&#8243; shape_divider_position=&#8221;bottom&#8221; bg_image_animation=&#8221;none&#8221;][vc_column column_padding=&#8221;no-extra-padding&#8221; column_padding_position=&#8221;all&#8221; background_color_opacity=&#8221;1&#8243; background_hover_color_opacity=&#8221;1&#8243; column_link_target=&#8221;_self&#8221; column_shadow=&#8221;none&#8221; column_border_radius=&#8221;none&#8221; width=&#8221;1/4&#8243; tablet_width_inherit=&#8221;default&#8221; tablet_text_alignment=&#8221;default&#8221; phone_text_alignment=&#8221;default&#8221; column_border_width=&#8221;none&#8221; column_border_style=&#8221;solid&#8221; bg_image_animation=&#8221;none&#8221;]<div class="img-with-aniamtion-wrap center" data-max-width="100%" data-border-radius="20px"><div class="inner"><img data-shadow="none" data-shadow-direction="middle" class="img-with-animation skip-lazy " data-delay="0" height="1000" width="1000"  data-animation="fade-in" src="https://congresodietamediterranea.com/wp-content/uploads/2024/03/Esteve_Rais.png" srcset="https://congresodietamediterranea.com/wp-content/uploads/2024/03/Esteve_Rais.png 1000w, https://congresodietamediterranea.com/wp-content/uploads/2024/03/Esteve_Rais-300x300.png 300w, https://congresodietamediterranea.com/wp-content/uploads/2024/03/Esteve_Rais-150x150.png 150w, https://congresodietamediterranea.com/wp-content/uploads/2024/03/Esteve_Rais-768x768.png 768w, https://congresodietamediterranea.com/wp-content/uploads/2024/03/Esteve_Rais-100x100.png 100w, https://congresodietamediterranea.com/wp-content/uploads/2024/03/Esteve_Rais-140x140.png 140w, https://congresodietamediterranea.com/wp-content/uploads/2024/03/Esteve_Rais-500x500.png 500w, https://congresodietamediterranea.com/wp-content/uploads/2024/03/Esteve_Rais-350x350.png 350w, https://congresodietamediterranea.com/wp-content/uploads/2024/03/Esteve_Rais-800x800.png 800w, https://congresodietamediterranea.com/wp-content/uploads/2024/03/Esteve_Rais-375x375.png 375w, https://congresodietamediterranea.com/wp-content/uploads/2024/03/Esteve_Rais-600x600.png 600w" sizes="100vw" alt="" /></div></div>[/vc_column][vc_column column_padding=&#8221;no-extra-padding&#8221; column_padding_position=&#8221;all&#8221; background_color_opacity=&#8221;1&#8243; background_hover_color_opacity=&#8221;1&#8243; column_link_target=&#8221;_self&#8221; column_shadow=&#8221;none&#8221; column_border_radius=&#8221;none&#8221; width=&#8221;3/4&#8243; tablet_width_inherit=&#8221;default&#8221; tablet_text_alignment=&#8221;default&#8221; phone_text_alignment=&#8221;default&#8221; column_border_width=&#8221;none&#8221; column_border_style=&#8221;solid&#8221; bg_image_animation=&#8221;none&#8221;][vc_column_text]Actualment, Xef d&#8217;I+D en 100%Chef, redactora en 7Caníbals, consultora culinària en negocis gastronòmics i assessora de creativitat en restaurants d&#8217;autor.</p>
<p>Pastissera i cuinera amb més de 10 anys d&#8217;experiència en el sector, ha sigut part del nucli dur de grans cases (Hotel Mercer 5*GL, Dani García Restaurant ***, ARCO by Paco Pérez, Restaurant Gaudir ***), tant a Espanya com a l&#8217;estranger.</p>
<p>Apassionada del menjar, Rais viu la gastronomia com a forma de vida, amb la ferma creença que cada bocat pot ser la llavor d&#8217;un gran canvi.[/vc_column_text][/vc_column][/vc_row]
