{"id":16373,"date":"2024-03-14T19:51:13","date_gmt":"2024-03-14T19:51:13","guid":{"rendered":"https:\/\/congresodietamediterranea.com\/speakers\/enric-herce\/"},"modified":"2024-03-14T23:51:09","modified_gmt":"2024-03-14T23:51:09","slug":"enric-herce","status":"publish","type":"page","link":"https:\/\/congresodietamediterranea.com\/en\/speakers\/enric-herce\/","title":{"rendered":"Enric Herce"},"content":{"rendered":"[vc_row type=&#8221;in_container&#8221; full_screen_row_position=&#8221;middle&#8221; scene_position=&#8221;center&#8221; text_color=&#8221;dark&#8221; text_align=&#8221;left&#8221; overlay_strength=&#8221;0.3&#8243; shape_divider_position=&#8221;bottom&#8221; bg_image_animation=&#8221;none&#8221;][vc_column column_padding=&#8221;no-extra-padding&#8221; column_padding_position=&#8221;all&#8221; background_color_opacity=&#8221;1&#8243; background_hover_color_opacity=&#8221;1&#8243; column_link_target=&#8221;_self&#8221; column_shadow=&#8221;none&#8221; column_border_radius=&#8221;none&#8221; width=&#8221;1\/4&#8243; tablet_width_inherit=&#8221;default&#8221; tablet_text_alignment=&#8221;default&#8221; phone_text_alignment=&#8221;default&#8221; column_border_width=&#8221;none&#8221; column_border_style=&#8221;solid&#8221; bg_image_animation=&#8221;none&#8221;]<div class=\"img-with-aniamtion-wrap center\" data-max-width=\"100%\" data-border-radius=\"20px\"><div class=\"inner\"><img data-shadow=\"none\" data-shadow-direction=\"middle\" class=\"img-with-animation skip-lazy \" data-delay=\"0\" height=\"1000\" width=\"1000\"  data-animation=\"fade-in\" src=\"https:\/\/congresodietamediterranea.com\/wp-content\/uploads\/2024\/03\/Herce_Enric.png\" srcset=\"https:\/\/congresodietamediterranea.com\/wp-content\/uploads\/2024\/03\/Herce_Enric.png 1000w, https:\/\/congresodietamediterranea.com\/wp-content\/uploads\/2024\/03\/Herce_Enric-300x300.png 300w, https:\/\/congresodietamediterranea.com\/wp-content\/uploads\/2024\/03\/Herce_Enric-150x150.png 150w, https:\/\/congresodietamediterranea.com\/wp-content\/uploads\/2024\/03\/Herce_Enric-768x768.png 768w, https:\/\/congresodietamediterranea.com\/wp-content\/uploads\/2024\/03\/Herce_Enric-100x100.png 100w, https:\/\/congresodietamediterranea.com\/wp-content\/uploads\/2024\/03\/Herce_Enric-140x140.png 140w, https:\/\/congresodietamediterranea.com\/wp-content\/uploads\/2024\/03\/Herce_Enric-500x500.png 500w, https:\/\/congresodietamediterranea.com\/wp-content\/uploads\/2024\/03\/Herce_Enric-350x350.png 350w, https:\/\/congresodietamediterranea.com\/wp-content\/uploads\/2024\/03\/Herce_Enric-800x800.png 800w, https:\/\/congresodietamediterranea.com\/wp-content\/uploads\/2024\/03\/Herce_Enric-375x375.png 375w, https:\/\/congresodietamediterranea.com\/wp-content\/uploads\/2024\/03\/Herce_Enric-600x600.png 600w\" sizes=\"100vw\" alt=\"\" \/><\/div><\/div>[\/vc_column][vc_column column_padding=&#8221;no-extra-padding&#8221; column_padding_position=&#8221;all&#8221; background_color_opacity=&#8221;1&#8243; background_hover_color_opacity=&#8221;1&#8243; column_link_target=&#8221;_self&#8221; column_shadow=&#8221;none&#8221; column_border_radius=&#8221;none&#8221; width=&#8221;3\/4&#8243; tablet_width_inherit=&#8221;default&#8221; tablet_text_alignment=&#8221;default&#8221; phone_text_alignment=&#8221;default&#8221; column_border_width=&#8221;none&#8221; column_border_style=&#8221;solid&#8221; bg_image_animation=&#8221;none&#8221;][vc_column_text]Enric Herce, through a culinary career spanning almost fifty years, has stood out for the promotion of Girona and Empord\u00e0 cuisine, contributing with his unique and multifaceted vision. He has published influential works such as &#8220;Girona, cuina a cuina&#8221;, awarded at the Gourmand World Cookbook Awards. His commitment to culinary culture has led him to explore Mediterranean gastronomic narratives in recent works such as &#8221; L\u2019Odissea culin\u00e0ria&#8221; and &#8220;Delici\u00f3s Mar, receptes i hist\u00f2ries del Mediterrani\u201d.[\/vc_column_text][\/vc_column][\/vc_row]\n","protected":false},"excerpt":{"rendered":"<p>[vc_row type=&#8221;in_container&#8221; full_screen_row_position=&#8221;middle&#8221; scene_position=&#8221;center&#8221; text_color=&#8221;dark&#8221; text_align=&#8221;left&#8221; overlay_strength=&#8221;0.3&#8243; shape_divider_position=&#8221;bottom&#8221; bg_image_animation=&#8221;none&#8221;][vc_column column_padding=&#8221;no-extra-padding&#8221; column_padding_position=&#8221;all&#8221; background_color_opacity=&#8221;1&#8243; background_hover_color_opacity=&#8221;1&#8243; column_link_target=&#8221;_self&#8221; column_shadow=&#8221;none&#8221; column_border_radius=&#8221;none&#8221; width=&#8221;1\/4&#8243; tablet_width_inherit=&#8221;default&#8221; tablet_text_alignment=&#8221;default&#8221; phone_text_alignment=&#8221;default&#8221; column_border_width=&#8221;none&#8221; column_border_style=&#8221;solid&#8221; bg_image_animation=&#8221;none&#8221;][\/vc_column][vc_column column_padding=&#8221;no-extra-padding&#8221; column_padding_position=&#8221;all&#8221; background_color_opacity=&#8221;1&#8243; background_hover_color_opacity=&#8221;1&#8243; column_link_target=&#8221;_self&#8221; column_shadow=&#8221;none&#8221; column_border_radius=&#8221;none&#8221;&#8230;<\/p>\n","protected":false},"author":9192195,"featured_media":0,"parent":15376,"menu_order":0,"comment_status":"closed","ping_status":"closed","template":"","meta":[],"_links":{"self":[{"href":"https:\/\/congresodietamediterranea.com\/en\/wp-json\/wp\/v2\/pages\/16373\/"}],"collection":[{"href":"https:\/\/congresodietamediterranea.com\/en\/wp-json\/wp\/v2\/pages\/"}],"about":[{"href":"https:\/\/congresodietamediterranea.com\/en\/wp-json\/wp\/v2\/types\/page\/"}],"author":[{"embeddable":true,"href":"https:\/\/congresodietamediterranea.com\/en\/wp-json\/wp\/v2\/users\/9192195\/"}],"replies":[{"embeddable":true,"href":"https:\/\/congresodietamediterranea.com\/en\/wp-json\/wp\/v2\/comments\/?post=16373"}],"version-history":[{"count":1,"href":"https:\/\/congresodietamediterranea.com\/en\/wp-json\/wp\/v2\/pages\/16373\/revisions\/"}],"predecessor-version":[{"id":16476,"href":"https:\/\/congresodietamediterranea.com\/en\/wp-json\/wp\/v2\/pages\/16373\/revisions\/16476\/"}],"up":[{"embeddable":true,"href":"https:\/\/congresodietamediterranea.com\/en\/wp-json\/wp\/v2\/pages\/15376\/"}],"wp:attachment":[{"href":"https:\/\/congresodietamediterranea.com\/en\/wp-json\/wp\/v2\/media\/?parent=16373"}],"curies":[{"name":"wp","href":"https:\/\/api.w.org\/{rel}","templated":true}]}}

[vc_row type=&#8221;in_container&#8221; full_screen_row_position=&#8221;middle&#8221; scene_position=&#8221;center&#8221; text_color=&#8221;dark&#8221; text_align=&#8221;left&#8221; overlay_strength=&#8221;0.3&#8243; shape_divider_position=&#8221;bottom&#8221; bg_image_animation=&#8221;none&#8221;][vc_column column_padding=&#8221;no-extra-padding&#8221; column_padding_position=&#8221;all&#8221; background_color_opacity=&#8221;1&#8243; background_hover_color_opacity=&#8221;1&#8243; column_link_target=&#8221;_self&#8221; column_shadow=&#8221;none&#8221; column_border_radius=&#8221;none&#8221; width=&#8221;1/4&#8243; tablet_width_inherit=&#8221;default&#8221; tablet_text_alignment=&#8221;default&#8221; phone_text_alignment=&#8221;default&#8221; column_border_width=&#8221;none&#8221; column_border_style=&#8221;solid&#8221; bg_image_animation=&#8221;none&#8221;]<div class="img-with-aniamtion-wrap center" data-max-width="100%" data-border-radius="20px"><div class="inner"><img data-shadow="none" data-shadow-direction="middle" class="img-with-animation skip-lazy " data-delay="0" height="1000" width="1000"  data-animation="fade-in" src="https://congresodietamediterranea.com/wp-content/uploads/2024/03/Herce_Enric.png" srcset="https://congresodietamediterranea.com/wp-content/uploads/2024/03/Herce_Enric.png 1000w, https://congresodietamediterranea.com/wp-content/uploads/2024/03/Herce_Enric-300x300.png 300w, https://congresodietamediterranea.com/wp-content/uploads/2024/03/Herce_Enric-150x150.png 150w, https://congresodietamediterranea.com/wp-content/uploads/2024/03/Herce_Enric-768x768.png 768w, https://congresodietamediterranea.com/wp-content/uploads/2024/03/Herce_Enric-100x100.png 100w, https://congresodietamediterranea.com/wp-content/uploads/2024/03/Herce_Enric-140x140.png 140w, https://congresodietamediterranea.com/wp-content/uploads/2024/03/Herce_Enric-500x500.png 500w, https://congresodietamediterranea.com/wp-content/uploads/2024/03/Herce_Enric-350x350.png 350w, https://congresodietamediterranea.com/wp-content/uploads/2024/03/Herce_Enric-800x800.png 800w, https://congresodietamediterranea.com/wp-content/uploads/2024/03/Herce_Enric-375x375.png 375w, https://congresodietamediterranea.com/wp-content/uploads/2024/03/Herce_Enric-600x600.png 600w" sizes="100vw" alt="" /></div></div>[/vc_column][vc_column column_padding=&#8221;no-extra-padding&#8221; column_padding_position=&#8221;all&#8221; background_color_opacity=&#8221;1&#8243; background_hover_color_opacity=&#8221;1&#8243; column_link_target=&#8221;_self&#8221; column_shadow=&#8221;none&#8221; column_border_radius=&#8221;none&#8221; width=&#8221;3/4&#8243; tablet_width_inherit=&#8221;default&#8221; tablet_text_alignment=&#8221;default&#8221; phone_text_alignment=&#8221;default&#8221; column_border_width=&#8221;none&#8221; column_border_style=&#8221;solid&#8221; bg_image_animation=&#8221;none&#8221;][vc_column_text]Enric Herce, through a culinary career spanning almost fifty years, has stood out for the promotion of Girona and Empordà cuisine, contributing with his unique and multifaceted vision. He has published influential works such as &#8220;Girona, cuina a cuina&#8221;, awarded at the Gourmand World Cookbook Awards. His commitment to culinary culture has led him to explore Mediterranean gastronomic narratives in recent works such as &#8221; L’Odissea culinària&#8221; and &#8220;Deliciós Mar, receptes i històries del Mediterrani”.[/vc_column_text][/vc_column][/vc_row]
