{"id":16390,"date":"2024-02-27T12:19:39","date_gmt":"2024-02-27T12:19:39","guid":{"rendered":"https:\/\/congresodietamediterranea.com\/speakers\/josep-corbella\/"},"modified":"2024-03-15T00:13:30","modified_gmt":"2024-03-15T00:13:30","slug":"josep-corbella","status":"publish","type":"page","link":"https:\/\/congresodietamediterranea.com\/en\/speakers\/josep-corbella\/","title":{"rendered":"Josep Corbella"},"content":{"rendered":"[vc_row type=&#8221;in_container&#8221; full_screen_row_position=&#8221;middle&#8221; scene_position=&#8221;center&#8221; text_color=&#8221;dark&#8221; text_align=&#8221;left&#8221; overlay_strength=&#8221;0.3&#8243; shape_divider_position=&#8221;bottom&#8221; bg_image_animation=&#8221;none&#8221;][vc_column column_padding=&#8221;no-extra-padding&#8221; column_padding_position=&#8221;all&#8221; background_color_opacity=&#8221;1&#8243; background_hover_color_opacity=&#8221;1&#8243; column_link_target=&#8221;_self&#8221; column_shadow=&#8221;none&#8221; column_border_radius=&#8221;none&#8221; width=&#8221;1\/4&#8243; tablet_width_inherit=&#8221;default&#8221; tablet_text_alignment=&#8221;default&#8221; phone_text_alignment=&#8221;default&#8221; column_border_width=&#8221;none&#8221; column_border_style=&#8221;solid&#8221; bg_image_animation=&#8221;none&#8221;]<div class=\"img-with-aniamtion-wrap center\" data-max-width=\"100%\" data-border-radius=\"20px\"><div class=\"inner\"><img data-shadow=\"none\" data-shadow-direction=\"middle\" class=\"img-with-animation skip-lazy \" data-delay=\"0\" height=\"1000\" width=\"1000\"  data-animation=\"fade-in\" src=\"https:\/\/congresodietamediterranea.com\/wp-content\/uploads\/2024\/02\/Corbella_Josep.png\" srcset=\"https:\/\/congresodietamediterranea.com\/wp-content\/uploads\/2024\/02\/Corbella_Josep.png 1000w, https:\/\/congresodietamediterranea.com\/wp-content\/uploads\/2024\/02\/Corbella_Josep-300x300.png 300w, https:\/\/congresodietamediterranea.com\/wp-content\/uploads\/2024\/02\/Corbella_Josep-150x150.png 150w, https:\/\/congresodietamediterranea.com\/wp-content\/uploads\/2024\/02\/Corbella_Josep-768x768.png 768w, https:\/\/congresodietamediterranea.com\/wp-content\/uploads\/2024\/02\/Corbella_Josep-100x100.png 100w, https:\/\/congresodietamediterranea.com\/wp-content\/uploads\/2024\/02\/Corbella_Josep-140x140.png 140w, https:\/\/congresodietamediterranea.com\/wp-content\/uploads\/2024\/02\/Corbella_Josep-500x500.png 500w, https:\/\/congresodietamediterranea.com\/wp-content\/uploads\/2024\/02\/Corbella_Josep-350x350.png 350w, https:\/\/congresodietamediterranea.com\/wp-content\/uploads\/2024\/02\/Corbella_Josep-800x800.png 800w, https:\/\/congresodietamediterranea.com\/wp-content\/uploads\/2024\/02\/Corbella_Josep-375x375.png 375w, https:\/\/congresodietamediterranea.com\/wp-content\/uploads\/2024\/02\/Corbella_Josep-600x600.png 600w\" sizes=\"100vw\" alt=\"\" \/><\/div><\/div>[\/vc_column][vc_column column_padding=&#8221;no-extra-padding&#8221; column_padding_position=&#8221;all&#8221; background_color_opacity=&#8221;1&#8243; background_hover_color_opacity=&#8221;1&#8243; column_link_target=&#8221;_self&#8221; column_shadow=&#8221;none&#8221; column_border_radius=&#8221;none&#8221; width=&#8221;3\/4&#8243; tablet_width_inherit=&#8221;default&#8221; tablet_text_alignment=&#8221;default&#8221; phone_text_alignment=&#8221;default&#8221; column_border_width=&#8221;none&#8221; column_border_style=&#8221;solid&#8221; bg_image_animation=&#8221;none&#8221;][vc_column_text]Josep Corbella Domenech (Barcelona, 1966)<\/p>\n<p>https:\/\/www.lavanguardia.com\/autores\/josep-corbella.html<\/p>\n<p>Academic background<\/p>\n<p>1989-Degree in Information Sciences (specialising in Journalism), Autonomous University of Barcelona.<\/p>\n<p>Written press<\/p>\n<p>1986-1988. &#8220;Carrer Gran Editor of the Culture section<\/p>\n<p>1988-1990. Diario de Barcelona&#8221; Newspaper Contributor to the Opinion section<\/p>\n<p>1988-1990. Editor of the Society section<\/p>\n<p>1989-1990. Coordinator of the weekly Medicine section.<\/p>\n<p>Since 1990. &#8220;La Vanguardia<\/p>\n<p>1990-1992. Editor of the supplement &#8220;Medicine and Quality of Life&#8221;.<\/p>\n<p>1992-2007. Editor of the Science and Medicine section in the Society section.<\/p>\n<p>2007-2008. Editor of Societat<\/p>\n<p>Since 2008. Editor of Science and Medicine with the category of editor-in-chief.<\/p>\n<p>Since 2010. Coordinator of the &#8220;Avantguarda de la Ci\u00e8ncia&#8221; award.<\/p>\n<p>Since 2012. Coordinator of the scientific information channel Big Vang.<\/p>\n<p>Director of the 64-page special supplement &#8220;Beyond the Moon&#8221;.<\/p>\n<p>Radio<\/p>\n<p>Since 2001. RAC1<\/p>\n<p>2001-2007. Contributor to &#8220;El m\u00f3n a RAC1&#8221;.<\/p>\n<p>Since 2012. Coordinator of a weekly science section in &#8220;Versi\u00f3 RAC1&#8221;.<\/p>\n<p>2004-2005. Punt Radi<\/p>\n<p>Collaborator in a weekly science talk show on &#8220;Campoy al punt&#8221;.<\/p>\n<p>Television<\/p>\n<p>From 2020. La Sexta<\/p>\n<p>Collaborator of &#8220;Roent&#8221; to analyse the cholera pandemic and subsequent scientific news.<\/p>\n<p>From 2020. TV3<\/p>\n<p>Collaborator of &#8220;Tot \u00e9s mou&#8221; to analyse the cholera pandemic and follow the scientific news.<\/p>\n<p>Books<\/p>\n<p>Sapiens. El largo camino de los hom\u00ednidos hasta la inteligencia (Edicions 62, written with Eudald Carbonell, Salvador Moy\u00e0 and Robert Sala). Translated into Spanish (Ed. Pen\u00ednsula. Sapiens. El largo camino de los hom\u00ednidos hacia la inteligencia).<\/p>\n<p>La ciencia de la salud (Ed. Planeta, co-written with Valent\u00edn Fuster). Translated into Catalan (Planeta. La ciencia de la salud), English (Ed. Harper. The Heart Manual), Italian (Ed. Tea. La vostra salute la meva sta a cuore), Roman (Ed. Corint, Invata sa traiesti sanatos) and Chinese (Ed.l Booklife de Taiwan).<\/p>\n<p>La cuina de la salut (Ed. Planeta, co-written with Ferran Adri\u00e0 and Valent\u00edn Fuster). Translated into Catalan (Ed. Planeta. La cuina de la salut), Italian (Sperling &amp; Kupfer. La buona cucina della salute) and Portuguese (Senac. A cozinha d\u00f3na sa\u00fade).<\/p>\n<p>La ci\u00e8ncia de la llarga vida (Ed. Planeta, co-written with Valent\u00edn Fuster). Translated into Catalan (Ed. Planeta. The Science of a Long Life) and English (Ed. Hearts of Our Children. The Science of a Long Life).<\/p>\n<p>La meravellosa hist\u00f2ria del teu cos (Ed. Columna). Translated into Spanish (Ed. C\u00fapula. La meravellosa hist\u00f2ria del teu cos)<\/p>\n<p>The arrival of Pere Mir (Ed. Cellex)<\/p>\n<p>2022.Baselga, el metge que volia canviar el m\u00f3n (Ed. Navona)<\/p>\n<p>Selection of five events covered as a special envoy<\/p>\n<p>First United Nations Climate Change Conference (Berlin, Germany)<\/p>\n<p>Launch of the first Ariane 5 rocket at the Guiana Space Centre (French Guiana)<\/p>\n<p>International AIDS Conference, where combined therapies to chronic the disease were presented (Vancouver, Canada)<\/p>\n<p>Launch of the Discovery STS-95 mission with Pedro Duque at the Kennedy Space Center (Florida, USA)<\/p>\n<p>Launch of Pedro Duque&#8217;s Cervantes mission at the International Space Station (Baikonur, Kazakhstan)<\/p>\n<p>Orbit insertion manoeuvre of the Cassini spacecraft into Saturn from #NASA&#8217;s Lightning Propulsion Laboratory (California, USA)<\/p>\n<p>Inauguration of the LHC particle accelerator at CERN (Geneva, Switzerland)<\/p>\n<p>Coverage of the first decisions on the H1N1 pandemic at World Health Organization headquarters (Geneva, Switzerland)<\/p>\n<p>Congress of the American Society of Clinical Oncology (F\u00c0STIC), where immunotherapies that have improved the prognosis of melanoma and other solid tumours were presented (Chicago, USA)<\/p>\n<p>Launch of the European Space Agency&#8217;s ExoMars mission and landing of the Schiaparelli probe in Mart at the European Space Operations Centre (Darmstadt, Germany).<\/p>\n<p>Outstanding awards<\/p>\n<p>Journalism award from the Spanish Society of Medical Oncology for the article &#8220;Carlos Cord\u00f3n: &#8216;els meus dos combats contra el c\u00e0ncer&#8217; &#8221; (Magazine de La Vanguardia, 10\/12\/2006)<\/p>\n<p>Award from the ADANA Foundation for &#8220;the work of La Vanguardia in improving the quality of life of people with ADHD&#8221;.<\/p>\n<p>National Gastronomy Award from the Royal Academy of Gastronomy in the category of &#8220;Best publication&#8221; for the book La cuina de la salut (shared with Valent\u00edn Fuster and Ferran Adri\u00e0).<\/p>\n<p>National Research Award from the Generalitat de Catalunya in the category of &#8220;Scientific Communication&#8221; to La Vanguardia<\/p>\n<p>Mathematics and Society Award from the Institut d&#8217;Estudis Catalans for &#8220;El cervell matem\u00e0tic&#8221; (a series of 42 articles published in the summer of 2011).<\/p>\n<p>Concha Garc\u00eda Campoy Science Journalism Award in the Lifetime Achievement category, awarded by the Television Academy.<\/p>\n<p>Panther Award from the Arca de No\u00e9 Association for &#8220;the public service provided as an information professional during the COVID-19 pandemic&#8221;.<\/p>\n<p>Other<\/p>\n<p>Speaker at the National Congress for the Media in Lithuania, organised by the World Health Organisation and the Lithuanian Ministry of Health.<\/p>\n<p>December 2002. Fellow of the German Marshall Fund<\/p>\n<p>2007 Director of the exhibition &#8220;Navigators of the 21st Century&#8221;, organised by the Barcelona City Council and the European Space Agency at the Barcelona Maritime Museum.<\/p>\n<p>2021-2022. Member of the Scientific Advisory Committee of Covid-19 of the Generalitat de Catalunya.[\/vc_column_text][\/vc_column][\/vc_row]\n","protected":false},"excerpt":{"rendered":"<p>[vc_row type=&#8221;in_container&#8221; full_screen_row_position=&#8221;middle&#8221; scene_position=&#8221;center&#8221; text_color=&#8221;dark&#8221; text_align=&#8221;left&#8221; overlay_strength=&#8221;0.3&#8243; shape_divider_position=&#8221;bottom&#8221; bg_image_animation=&#8221;none&#8221;][vc_column column_padding=&#8221;no-extra-padding&#8221; column_padding_position=&#8221;all&#8221; background_color_opacity=&#8221;1&#8243; background_hover_color_opacity=&#8221;1&#8243; column_link_target=&#8221;_self&#8221; column_shadow=&#8221;none&#8221; column_border_radius=&#8221;none&#8221; width=&#8221;1\/4&#8243; tablet_width_inherit=&#8221;default&#8221; tablet_text_alignment=&#8221;default&#8221; phone_text_alignment=&#8221;default&#8221; column_border_width=&#8221;none&#8221; column_border_style=&#8221;solid&#8221; bg_image_animation=&#8221;none&#8221;][\/vc_column][vc_column column_padding=&#8221;no-extra-padding&#8221; column_padding_position=&#8221;all&#8221; background_color_opacity=&#8221;1&#8243; background_hover_color_opacity=&#8221;1&#8243; column_link_target=&#8221;_self&#8221; column_shadow=&#8221;none&#8221; column_border_radius=&#8221;none&#8221;&#8230;<\/p>\n","protected":false},"author":9192195,"featured_media":0,"parent":15376,"menu_order":0,"comment_status":"closed","ping_status":"closed","template":"","meta":[],"_links":{"self":[{"href":"https:\/\/congresodietamediterranea.com\/en\/wp-json\/wp\/v2\/pages\/16390\/"}],"collection":[{"href":"https:\/\/congresodietamediterranea.com\/en\/wp-json\/wp\/v2\/pages\/"}],"about":[{"href":"https:\/\/congresodietamediterranea.com\/en\/wp-json\/wp\/v2\/types\/page\/"}],"author":[{"embeddable":true,"href":"https:\/\/congresodietamediterranea.com\/en\/wp-json\/wp\/v2\/users\/9192195\/"}],"replies":[{"embeddable":true,"href":"https:\/\/congresodietamediterranea.com\/en\/wp-json\/wp\/v2\/comments\/?post=16390"}],"version-history":[{"count":2,"href":"https:\/\/congresodietamediterranea.com\/en\/wp-json\/wp\/v2\/pages\/16390\/revisions\/"}],"predecessor-version":[{"id":16491,"href":"https:\/\/congresodietamediterranea.com\/en\/wp-json\/wp\/v2\/pages\/16390\/revisions\/16491\/"}],"up":[{"embeddable":true,"href":"https:\/\/congresodietamediterranea.com\/en\/wp-json\/wp\/v2\/pages\/15376\/"}],"wp:attachment":[{"href":"https:\/\/congresodietamediterranea.com\/en\/wp-json\/wp\/v2\/media\/?parent=16390"}],"curies":[{"name":"wp","href":"https:\/\/api.w.org\/{rel}","templated":true}]}}

[vc_row type=&#8221;in_container&#8221; full_screen_row_position=&#8221;middle&#8221; scene_position=&#8221;center&#8221; text_color=&#8221;dark&#8221; text_align=&#8221;left&#8221; overlay_strength=&#8221;0.3&#8243; shape_divider_position=&#8221;bottom&#8221; bg_image_animation=&#8221;none&#8221;][vc_column column_padding=&#8221;no-extra-padding&#8221; column_padding_position=&#8221;all&#8221; background_color_opacity=&#8221;1&#8243; background_hover_color_opacity=&#8221;1&#8243; column_link_target=&#8221;_self&#8221; column_shadow=&#8221;none&#8221; column_border_radius=&#8221;none&#8221; width=&#8221;1/4&#8243; tablet_width_inherit=&#8221;default&#8221; tablet_text_alignment=&#8221;default&#8221; phone_text_alignment=&#8221;default&#8221; column_border_width=&#8221;none&#8221; column_border_style=&#8221;solid&#8221; bg_image_animation=&#8221;none&#8221;]<div class="img-with-aniamtion-wrap center" data-max-width="100%" data-border-radius="20px"><div class="inner"><img data-shadow="none" data-shadow-direction="middle" class="img-with-animation skip-lazy " data-delay="0" height="1000" width="1000"  data-animation="fade-in" src="https://congresodietamediterranea.com/wp-content/uploads/2024/02/Corbella_Josep.png" srcset="https://congresodietamediterranea.com/wp-content/uploads/2024/02/Corbella_Josep.png 1000w, https://congresodietamediterranea.com/wp-content/uploads/2024/02/Corbella_Josep-300x300.png 300w, https://congresodietamediterranea.com/wp-content/uploads/2024/02/Corbella_Josep-150x150.png 150w, https://congresodietamediterranea.com/wp-content/uploads/2024/02/Corbella_Josep-768x768.png 768w, https://congresodietamediterranea.com/wp-content/uploads/2024/02/Corbella_Josep-100x100.png 100w, https://congresodietamediterranea.com/wp-content/uploads/2024/02/Corbella_Josep-140x140.png 140w, https://congresodietamediterranea.com/wp-content/uploads/2024/02/Corbella_Josep-500x500.png 500w, https://congresodietamediterranea.com/wp-content/uploads/2024/02/Corbella_Josep-350x350.png 350w, https://congresodietamediterranea.com/wp-content/uploads/2024/02/Corbella_Josep-800x800.png 800w, https://congresodietamediterranea.com/wp-content/uploads/2024/02/Corbella_Josep-375x375.png 375w, https://congresodietamediterranea.com/wp-content/uploads/2024/02/Corbella_Josep-600x600.png 600w" sizes="100vw" alt="" /></div></div>[/vc_column][vc_column column_padding=&#8221;no-extra-padding&#8221; column_padding_position=&#8221;all&#8221; background_color_opacity=&#8221;1&#8243; background_hover_color_opacity=&#8221;1&#8243; column_link_target=&#8221;_self&#8221; column_shadow=&#8221;none&#8221; column_border_radius=&#8221;none&#8221; width=&#8221;3/4&#8243; tablet_width_inherit=&#8221;default&#8221; tablet_text_alignment=&#8221;default&#8221; phone_text_alignment=&#8221;default&#8221; column_border_width=&#8221;none&#8221; column_border_style=&#8221;solid&#8221; bg_image_animation=&#8221;none&#8221;][vc_column_text]Josep Corbella Domenech (Barcelona, 1966)</p>
<p>https://www.lavanguardia.com/autores/josep-corbella.html</p>
<p>Academic background</p>
<p>1989-Degree in Information Sciences (specialising in Journalism), Autonomous University of Barcelona.</p>
<p>Written press</p>
<p>1986-1988. &#8220;Carrer Gran Editor of the Culture section</p>
<p>1988-1990. Diario de Barcelona&#8221; Newspaper Contributor to the Opinion section</p>
<p>1988-1990. Editor of the Society section</p>
<p>1989-1990. Coordinator of the weekly Medicine section.</p>
<p>Since 1990. &#8220;La Vanguardia</p>
<p>1990-1992. Editor of the supplement &#8220;Medicine and Quality of Life&#8221;.</p>
<p>1992-2007. Editor of the Science and Medicine section in the Society section.</p>
<p>2007-2008. Editor of Societat</p>
<p>Since 2008. Editor of Science and Medicine with the category of editor-in-chief.</p>
<p>Since 2010. Coordinator of the &#8220;Avantguarda de la Ciència&#8221; award.</p>
<p>Since 2012. Coordinator of the scientific information channel Big Vang.</p>
<p>Director of the 64-page special supplement &#8220;Beyond the Moon&#8221;.</p>
<p>Radio</p>
<p>Since 2001. RAC1</p>
<p>2001-2007. Contributor to &#8220;El món a RAC1&#8221;.</p>
<p>Since 2012. Coordinator of a weekly science section in &#8220;Versió RAC1&#8221;.</p>
<p>2004-2005. Punt Radi</p>
<p>Collaborator in a weekly science talk show on &#8220;Campoy al punt&#8221;.</p>
<p>Television</p>
<p>From 2020. La Sexta</p>
<p>Collaborator of &#8220;Roent&#8221; to analyse the cholera pandemic and subsequent scientific news.</p>
<p>From 2020. TV3</p>
<p>Collaborator of &#8220;Tot és mou&#8221; to analyse the cholera pandemic and follow the scientific news.</p>
<p>Books</p>
<p>Sapiens. El largo camino de los homínidos hasta la inteligencia (Edicions 62, written with Eudald Carbonell, Salvador Moyà and Robert Sala). Translated into Spanish (Ed. Península. Sapiens. El largo camino de los homínidos hacia la inteligencia).</p>
<p>La ciencia de la salud (Ed. Planeta, co-written with Valentín Fuster). Translated into Catalan (Planeta. La ciencia de la salud), English (Ed. Harper. The Heart Manual), Italian (Ed. Tea. La vostra salute la meva sta a cuore), Roman (Ed. Corint, Invata sa traiesti sanatos) and Chinese (Ed.l Booklife de Taiwan).</p>
<p>La cuina de la salut (Ed. Planeta, co-written with Ferran Adrià and Valentín Fuster). Translated into Catalan (Ed. Planeta. La cuina de la salut), Italian (Sperling &amp; Kupfer. La buona cucina della salute) and Portuguese (Senac. A cozinha dóna saúde).</p>
<p>La ciència de la llarga vida (Ed. Planeta, co-written with Valentín Fuster). Translated into Catalan (Ed. Planeta. The Science of a Long Life) and English (Ed. Hearts of Our Children. The Science of a Long Life).</p>
<p>La meravellosa història del teu cos (Ed. Columna). Translated into Spanish (Ed. Cúpula. La meravellosa història del teu cos)</p>
<p>The arrival of Pere Mir (Ed. Cellex)</p>
<p>2022.Baselga, el metge que volia canviar el món (Ed. Navona)</p>
<p>Selection of five events covered as a special envoy</p>
<p>First United Nations Climate Change Conference (Berlin, Germany)</p>
<p>Launch of the first Ariane 5 rocket at the Guiana Space Centre (French Guiana)</p>
<p>International AIDS Conference, where combined therapies to chronic the disease were presented (Vancouver, Canada)</p>
<p>Launch of the Discovery STS-95 mission with Pedro Duque at the Kennedy Space Center (Florida, USA)</p>
<p>Launch of Pedro Duque&#8217;s Cervantes mission at the International Space Station (Baikonur, Kazakhstan)</p>
<p>Orbit insertion manoeuvre of the Cassini spacecraft into Saturn from #NASA&#8217;s Lightning Propulsion Laboratory (California, USA)</p>
<p>Inauguration of the LHC particle accelerator at CERN (Geneva, Switzerland)</p>
<p>Coverage of the first decisions on the H1N1 pandemic at World Health Organization headquarters (Geneva, Switzerland)</p>
<p>Congress of the American Society of Clinical Oncology (FÀSTIC), where immunotherapies that have improved the prognosis of melanoma and other solid tumours were presented (Chicago, USA)</p>
<p>Launch of the European Space Agency&#8217;s ExoMars mission and landing of the Schiaparelli probe in Mart at the European Space Operations Centre (Darmstadt, Germany).</p>
<p>Outstanding awards</p>
<p>Journalism award from the Spanish Society of Medical Oncology for the article &#8220;Carlos Cordón: &#8216;els meus dos combats contra el càncer&#8217; &#8221; (Magazine de La Vanguardia, 10/12/2006)</p>
<p>Award from the ADANA Foundation for &#8220;the work of La Vanguardia in improving the quality of life of people with ADHD&#8221;.</p>
<p>National Gastronomy Award from the Royal Academy of Gastronomy in the category of &#8220;Best publication&#8221; for the book La cuina de la salut (shared with Valentín Fuster and Ferran Adrià).</p>
<p>National Research Award from the Generalitat de Catalunya in the category of &#8220;Scientific Communication&#8221; to La Vanguardia</p>
<p>Mathematics and Society Award from the Institut d&#8217;Estudis Catalans for &#8220;El cervell matemàtic&#8221; (a series of 42 articles published in the summer of 2011).</p>
<p>Concha García Campoy Science Journalism Award in the Lifetime Achievement category, awarded by the Television Academy.</p>
<p>Panther Award from the Arca de Noé Association for &#8220;the public service provided as an information professional during the COVID-19 pandemic&#8221;.</p>
<p>Other</p>
<p>Speaker at the National Congress for the Media in Lithuania, organised by the World Health Organisation and the Lithuanian Ministry of Health.</p>
<p>December 2002. Fellow of the German Marshall Fund</p>
<p>2007 Director of the exhibition &#8220;Navigators of the 21st Century&#8221;, organised by the Barcelona City Council and the European Space Agency at the Barcelona Maritime Museum.</p>
<p>2021-2022. Member of the Scientific Advisory Committee of Covid-19 of the Generalitat de Catalunya.[/vc_column_text][/vc_column][/vc_row]
